66.249.66.34 - - [24/Nov/2024:01:11:38 +0530] "GET /?_gl=1*1ix4f11*_gcl_au*MTYxMTI1OTI3MS4xNzIxODg2NjU0*_ga*ODYyMzk4MzA3LjE2OTk0NTM1Nzg.*_ga_7H42SVMQ0V*MTcyMTg4NjY1NS4xMjEuMS4xNzIxODg2NjY5LjQ2LjAuMA..&_ga=2.198040047.1958808748.1721886654-862398307.1699453578&_bdsid=2ulvIJ.n~ZXCIW.1721886656070.1721886848&_bd_prev_page=https://www.fastelevator.in/detail.php?zpxxm/b925194.html HTTP/1.1" 200 134199 "-" "Mozilla/5.0 (Linux; Android 6.0.1; Nexus 5X Build/MMB29P) AppleWebKit/537.36 (KHTML, like Gecko) Chrome/131.0.6778.69 Mobile Safari/537.36 (compatible; GoogleOther)" www.fastelevator.in 103.53.40.154
3.144.252.58 - - [24/Nov/2024:01:11:39 +0530] "GET /admin/images/op4.php?path=%2Fhome2%2Fppcad7no%2Ffastelevator.in%2Fassets HTTP/1.1" 200 3242 "-" "Mozilla/5.0 AppleWebKit/537.36 (KHTML, like Gecko; compatible; ClaudeBot/1.0; +claudebot@anthropic.com)" fastelevator.in 103.53.40.154
3.144.252.58 - - [24/Nov/2024:01:11:39 +0530] "GET /admin/images/op4.php?path=%2Fhome2%2Fppcad7no%2Ffastelevator.in%2Fassets HTTP/2.0" 200 3242 "-" "Mozilla/5.0 AppleWebKit/537.36 (KHTML, like Gecko; compatible; ClaudeBot/1.0; +claudebot@anthropic.com)" fastelevator.in 103.53.40.154
3.140.198.201 - - [24/Nov/2024:01:11:41 +0530] "GET /admin/images/op4.php?path=%2Fhome2%2Fppcad7no%2Fcyclopsecycles.com HTTP/1.1" 200 9228 "-" "Mozilla/5.0 AppleWebKit/537.36 (KHTML, like Gecko; compatible; ClaudeBot/1.0; +claudebot@anthropic.com)" fastelevator.in 103.53.40.154
3.140.198.201 - - [24/Nov/2024:01:11:41 +0530] "GET /admin/images/op4.php?path=%2Fhome2%2Fppcad7no%2Fcyclopsecycles.com HTTP/2.0" 200 9228 "-" "Mozilla/5.0 AppleWebKit/537.36 (KHTML, like Gecko; compatible; ClaudeBot/1.0; +claudebot@anthropic.com)" fastelevator.in 103.53.40.154
66.249.66.33 - - [24/Nov/2024:01:11:45 +0530] "GET /?_gl=1*1ix4f11*_gcl_au*MTYxMTI1OTI3MS4xNzIxODg2NjU0*_ga*ODYyMzk4MzA3LjE2OTk0NTM1Nzg.*_ga_7H42SVMQ0V*MTcyMTg4NjY1NS4xMjEuMS4xNzIxODg2NjY5LjQ2LjAuMA..&_ga=2.198040047.1958808748.1721886654-862398307.1699453578&_bdsid=2ulvIJ.n~ZXCIW.1721886656070.1721886848&_bd_prev_page=https://www.fastelevator.in/detail.php?ncpst/v921626.html HTTP/1.1" 200 134138 "-" "Mozilla/5.0 (Linux; Android 6.0.1; Nexus 5X Build/MMB29P) AppleWebKit/537.36 (KHTML, like Gecko) Chrome/131.0.6778.69 Mobile Safari/537.36 (compatible; Googlebot/2.1; +http://www.google.com/bot.html)" www.fastelevator.in 103.53.40.154
66.249.66.33 - - [24/Nov/2024:01:11:45 +0530] "GET /?_gl=1*1ix4f11*_gcl_au*MTYxMTI1OTI3MS4xNzIxODg2NjU0*_ga*ODYyMzk4MzA3LjE2OTk0NTM1Nzg.*_ga_7H42SVMQ0V*MTcyMTg4NjY1NS4xMjEuMS4xNzIxODg2NjY5LjQ2LjAuMA..&_ga=2.198040047.1958808748.1721886654-862398307.1699453578&_bdsid=2ulvIJ.n~ZXCIW.1721886656070.1721886848&_bd_prev_page=https://www.fastelevator.in/detail.php?ncpst/v921626.html HTTP/1.1" 200 134138 "-" "Mozilla/5.0 (Linux; Android 6.0.1; Nexus 5X Build/MMB29P) AppleWebKit/537.36 (KHTML, like Gecko) Chrome/131.0.6778.69 Mobile Safari/537.36 (compatible; Googlebot/2.1; +http://www.google.com/bot.html)" www.fastelevator.in 103.53.40.154
18.217.252.194 - - [24/Nov/2024:01:11:48 +0530] "GET /admin/images/op4.php?path=%2Fhome2%2Fppcad7no%2Ffastelevator.in&upload=gaskan HTTP/1.1" 200 12323 "-" "Mozilla/5.0 AppleWebKit/537.36 (KHTML, like Gecko; compatible; ClaudeBot/1.0; +claudebot@anthropic.com)" fastelevator.in 103.53.40.154
18.217.252.194 - - [24/Nov/2024:01:11:48 +0530] "GET /admin/images/op4.php?path=%2Fhome2%2Fppcad7no%2Ffastelevator.in&upload=gaskan HTTP/2.0" 200 12323 "-" "Mozilla/5.0 AppleWebKit/537.36 (KHTML, like Gecko; compatible; ClaudeBot/1.0; +claudebot@anthropic.com)" fastelevator.in 103.53.40.154
66.249.66.34 - - [24/Nov/2024:01:11:54 +0530] "GET /?_gl=1*1ix4f11*_gcl_au*MTYxMTI1OTI3MS4xNzIxODg2NjU0*_ga*ODYyMzk4MzA3LjE2OTk0NTM1Nzg.*_ga_7H42SVMQ0V*MTcyMTg4NjY1NS4xMjEuMS4xNzIxODg2NjY5LjQ2LjAuMA..&_ga=2.198040047.1958808748.1721886654-862398307.1699453578&_bdsid=2ulvIJ.n~ZXCIW.1721886656070.1721886848&_bd_prev_page=https://www.fastelevator.in/detail.php?beunz/m533567.html HTTP/1.1" 200 133777 "-" "Mozilla/5.0 (Linux; Android 6.0.1; Nexus 5X Build/MMB29P) AppleWebKit/537.36 (KHTML, like Gecko) Chrome/131.0.6778.69 Mobile Safari/537.36 (compatible; GoogleOther)" www.fastelevator.in 103.53.40.154
66.249.66.34 - - [24/Nov/2024:01:11:53 +0530] "GET /?_gl=1*1ix4f11*_gcl_au*MTYxMTI1OTI3MS4xNzIxODg2NjU0*_ga*ODYyMzk4MzA3LjE2OTk0NTM1Nzg.*_ga_7H42SVMQ0V*MTcyMTg4NjY1NS4xMjEuMS4xNzIxODg2NjY5LjQ2LjAuMA..&_ga=2.198040047.1958808748.1721886654-862398307.1699453578&_bdsid=2ulvIJ.n~ZXCIW.1721886656070.1721886848&_bd_prev_page=https://www.fastelevator.in/detail.php?beunz/m533567.html HTTP/1.1" 200 133777 "-" "Mozilla/5.0 (Linux; Android 6.0.1; Nexus 5X Build/MMB29P) AppleWebKit/537.36 (KHTML, like Gecko) Chrome/131.0.6778.69 Mobile Safari/537.36 (compatible; GoogleOther)" www.fastelevator.in 103.53.40.154
18.188.219.131 - - [24/Nov/2024:01:12:07 +0530] "GET /admin/images/op4.php?path=%2Fhome2%2Fppcad7no%2Ftheservicemen.co.in HTTP/1.1" 200 11925 "-" "Mozilla/5.0 AppleWebKit/537.36 (KHTML, like Gecko; compatible; ClaudeBot/1.0; +claudebot@anthropic.com)" fastelevator.in 103.53.40.154
18.188.219.131 - - [24/Nov/2024:01:12:07 +0530] "GET /admin/images/op4.php?path=%2Fhome2%2Fppcad7no%2Ftheservicemen.co.in HTTP/2.0" 200 11925 "-" "Mozilla/5.0 AppleWebKit/537.36 (KHTML, like Gecko; compatible; ClaudeBot/1.0; +claudebot@anthropic.com)" fastelevator.in 103.53.40.154
66.249.66.35 - - [24/Nov/2024:01:12:09 +0530] "GET /?_gl=1*1ix4f11*_gcl_au*MTYxMTI1OTI3MS4xNzIxODg2NjU0*_ga*ODYyMzk4MzA3LjE2OTk0NTM1Nzg.*_ga_7H42SVMQ0V*MTcyMTg4NjY1NS4xMjEuMS4xNzIxODg2NjY5LjQ2LjAuMA..&_ga=2.198040047.1958808748.1721886654-862398307.1699453578&_bdsid=2ulvIJ.n~ZXCIW.1721886656070.1721886848&_bd_prev_page=https://www.fastelevator.in/detail.php?nqcdo/m1738589.html HTTP/1.1" 200 134097 "-" "Mozilla/5.0 (Linux; Android 6.0.1; Nexus 5X Build/MMB29P) AppleWebKit/537.36 (KHTML, like Gecko) Chrome/131.0.6778.69 Mobile Safari/537.36 (compatible; GoogleOther)" www.fastelevator.in 103.53.40.154
66.249.66.35 - - [24/Nov/2024:01:12:09 +0530] "GET /?_gl=1*1ix4f11*_gcl_au*MTYxMTI1OTI3MS4xNzIxODg2NjU0*_ga*ODYyMzk4MzA3LjE2OTk0NTM1Nzg.*_ga_7H42SVMQ0V*MTcyMTg4NjY1NS4xMjEuMS4xNzIxODg2NjY5LjQ2LjAuMA..&_ga=2.198040047.1958808748.1721886654-862398307.1699453578&_bdsid=2ulvIJ.n~ZXCIW.1721886656070.1721886848&_bd_prev_page=https://www.fastelevator.in/detail.php?nqcdo/m1738589.html HTTP/1.1" 200 134097 "-" "Mozilla/5.0 (Linux; Android 6.0.1; Nexus 5X Build/MMB29P) AppleWebKit/537.36 (KHTML, like Gecko) Chrome/131.0.6778.69 Mobile Safari/537.36 (compatible; GoogleOther)" www.fastelevator.in 103.53.40.154
66.249.66.33 - - [24/Nov/2024:01:12:39 +0530] "GET /?_gl=1*1ix4f11*_gcl_au*MTYxMTI1OTI3MS4xNzIxODg2NjU0*_ga*ODYyMzk4MzA3LjE2OTk0NTM1Nzg.*_ga_7H42SVMQ0V*MTcyMTg4NjY1NS4xMjEuMS4xNzIxODg2NjY5LjQ2LjAuMA..&_ga=2.198040047.1958808748.1721886654-862398307.1699453578&_bdsid=2ulvIJ.n~ZXCIW.1721886656070.1721886848&_bd_prev_page=https://www.fastelevator.in/detail.php?rkauy/v573356.html HTTP/1.1" 200 134160 "-" "Mozilla/5.0 (Linux; Android 6.0.1; Nexus 5X Build/MMB29P) AppleWebKit/537.36 (KHTML, like Gecko) Chrome/131.0.6778.69 Mobile Safari/537.36 (compatible; GoogleOther)" www.fastelevator.in 103.53.40.154
66.249.66.33 - - [24/Nov/2024:01:12:38 +0530] "GET /?_gl=1*1ix4f11*_gcl_au*MTYxMTI1OTI3MS4xNzIxODg2NjU0*_ga*ODYyMzk4MzA3LjE2OTk0NTM1Nzg.*_ga_7H42SVMQ0V*MTcyMTg4NjY1NS4xMjEuMS4xNzIxODg2NjY5LjQ2LjAuMA..&_ga=2.198040047.1958808748.1721886654-862398307.1699453578&_bdsid=2ulvIJ.n~ZXCIW.1721886656070.1721886848&_bd_prev_page=https://www.fastelevator.in/detail.php?rkauy/v573356.html HTTP/1.1" 200 134160 "-" "Mozilla/5.0 (Linux; Android 6.0.1; Nexus 5X Build/MMB29P) AppleWebKit/537.36 (KHTML, like Gecko) Chrome/131.0.6778.69 Mobile Safari/537.36 (compatible; GoogleOther)" www.fastelevator.in 103.53.40.154
3.147.65.111 - - [24/Nov/2024:01:12:43 +0530] "GET /admin/images/op4.php?fileloc=%2Fhome2%2Fppcad7no%2Ffastelevator.in%2Ffavicon-1.png&path=%2Fhome2%2Fppcad7no%2Ffastelevator.in HTTP/2.0" 200 34378 "-" "Mozilla/5.0 AppleWebKit/537.36 (KHTML, like Gecko; compatible; ClaudeBot/1.0; +claudebot@anthropic.com)" fastelevator.in 103.53.40.154
66.249.66.33 - - [24/Nov/2024:01:12:44 +0530] "GET /?_gl=1*1ix4f11*_gcl_au*MTYxMTI1OTI3MS4xNzIxODg2NjU0*_ga*ODYyMzk4MzA3LjE2OTk0NTM1Nzg.*_ga_7H42SVMQ0V*MTcyMTg4NjY1NS4xMjEuMS4xNzIxODg2NjY5LjQ2LjAuMA..&_ga=2.198040047.1958808748.1721886654-862398307.1699453578&_bdsid=2ulvIJ.n~ZXCIW.1721886656070.1721886848&_bd_prev_page=https://www.fastelevator.in/detail.php?zccia/y776471.html HTTP/1.1" 200 134091 "-" "Mozilla/5.0 (Linux; Android 6.0.1; Nexus 5X Build/MMB29P) AppleWebKit/537.36 (KHTML, like Gecko) Chrome/131.0.6778.69 Mobile Safari/537.36 (compatible; Googlebot/2.1; +http://www.google.com/bot.html)" www.fastelevator.in 103.53.40.154
66.249.66.33 - - [24/Nov/2024:01:12:44 +0530] "GET /?_gl=1*1ix4f11*_gcl_au*MTYxMTI1OTI3MS4xNzIxODg2NjU0*_ga*ODYyMzk4MzA3LjE2OTk0NTM1Nzg.*_ga_7H42SVMQ0V*MTcyMTg4NjY1NS4xMjEuMS4xNzIxODg2NjY5LjQ2LjAuMA..&_ga=2.198040047.1958808748.1721886654-862398307.1699453578&_bdsid=2ulvIJ.n~ZXCIW.1721886656070.1721886848&_bd_prev_page=https://www.fastelevator.in/detail.php?zccia/y776471.html HTTP/1.1" 200 134091 "-" "Mozilla/5.0 (Linux; Android 6.0.1; Nexus 5X Build/MMB29P) AppleWebKit/537.36 (KHTML, like Gecko) Chrome/131.0.6778.69 Mobile Safari/537.36 (compatible; Googlebot/2.1; +http://www.google.com/bot.html)" www.fastelevator.in 103.53.40.154
66.249.66.33 - - [24/Nov/2024:01:12:53 +0530] "GET /?_gl=1*1ix4f11*_gcl_au*MTYxMTI1OTI3MS4xNzIxODg2NjU0*_ga*ODYyMzk4MzA3LjE2OTk0NTM1Nzg.*_ga_7H42SVMQ0V*MTcyMTg4NjY1NS4xMjEuMS4xNzIxODg2NjY5LjQ2LjAuMA..&_ga=2.198040047.1958808748.1721886654-862398307.1699453578&_bdsid=2ulvIJ.n~ZXCIW.1721886656070.1721886848&_bd_prev_page=https://www.fastelevator.in/detail.php?stili/v1918986.html HTTP/1.1" 200 134289 "-" "Mozilla/5.0 (Linux; Android 6.0.1; Nexus 5X Build/MMB29P) AppleWebKit/537.36 (KHTML, like Gecko) Chrome/131.0.6778.69 Mobile Safari/537.36 (compatible; GoogleOther)" www.fastelevator.in 103.53.40.154
66.249.66.33 - - [24/Nov/2024:01:12:53 +0530] "GET /?_gl=1*1ix4f11*_gcl_au*MTYxMTI1OTI3MS4xNzIxODg2NjU0*_ga*ODYyMzk4MzA3LjE2OTk0NTM1Nzg.*_ga_7H42SVMQ0V*MTcyMTg4NjY1NS4xMjEuMS4xNzIxODg2NjY5LjQ2LjAuMA..&_ga=2.198040047.1958808748.1721886654-862398307.1699453578&_bdsid=2ulvIJ.n~ZXCIW.1721886656070.1721886848&_bd_prev_page=https://www.fastelevator.in/detail.php?stili/v1918986.html HTTP/1.1" 200 134289 "-" "Mozilla/5.0 (Linux; Android 6.0.1; Nexus 5X Build/MMB29P) AppleWebKit/537.36 (KHTML, like Gecko) Chrome/131.0.6778.69 Mobile Safari/537.36 (compatible; GoogleOther)" www.fastelevator.in 103.53.40.154
66.249.66.34 - - [24/Nov/2024:01:12:59 +0530] "GET /?_gl=1*1ix4f11*_gcl_au*MTYxMTI1OTI3MS4xNzIxODg2NjU0*_ga*ODYyMzk4MzA3LjE2OTk0NTM1Nzg.*_ga_7H42SVMQ0V*MTcyMTg4NjY1NS4xMjEuMS4xNzIxODg2NjY5LjQ2LjAuMA..&_ga=2.198040047.1958808748.1721886654-862398307.1699453578&_bdsid=2ulvIJ.n~ZXCIW.1721886656070.1721886848&_bd_prev_page=https://www.fastelevator.in/detail.php?buwom/y870045.html HTTP/1.1" 200 135049 "-" "Mozilla/5.0 (Linux; Android 6.0.1; Nexus 5X Build/MMB29P) AppleWebKit/537.36 (KHTML, like Gecko) Chrome/131.0.6778.69 Mobile Safari/537.36 (compatible; Googlebot/2.1; +http://www.google.com/bot.html)" www.fastelevator.in 103.53.40.154
66.249.66.34 - - [24/Nov/2024:01:12:59 +0530] "GET /?_gl=1*1ix4f11*_gcl_au*MTYxMTI1OTI3MS4xNzIxODg2NjU0*_ga*ODYyMzk4MzA3LjE2OTk0NTM1Nzg.*_ga_7H42SVMQ0V*MTcyMTg4NjY1NS4xMjEuMS4xNzIxODg2NjY5LjQ2LjAuMA..&_ga=2.198040047.1958808748.1721886654-862398307.1699453578&_bdsid=2ulvIJ.n~ZXCIW.1721886656070.1721886848&_bd_prev_page=https://www.fastelevator.in/detail.php?buwom/y870045.html HTTP/1.1" 200 135049 "-" "Mozilla/5.0 (Linux; Android 6.0.1; Nexus 5X Build/MMB29P) AppleWebKit/537.36 (KHTML, like Gecko) Chrome/131.0.6778.69 Mobile Safari/537.36 (compatible; Googlebot/2.1; +http://www.google.com/bot.html)" www.fastelevator.in 103.53.40.154
66.249.66.33 - - [24/Nov/2024:01:13:08 +0530] "GET /?_gl=1*1ix4f11*_gcl_au*MTYxMTI1OTI3MS4xNzIxODg2NjU0*_ga*ODYyMzk4MzA3LjE2OTk0NTM1Nzg.*_ga_7H42SVMQ0V*MTcyMTg4NjY1NS4xMjEuMS4xNzIxODg2NjY5LjQ2LjAuMA..&_ga=2.198040047.1958808748.1721886654-862398307.1699453578&_bdsid=2ulvIJ.n~ZXCIW.1721886656070.1721886848&_bd_prev_page=https://www.fastelevator.in/detail.php?infoq/c1863301.html HTTP/1.1" 200 134156 "-" "Mozilla/5.0 (Linux; Android 6.0.1; Nexus 5X Build/MMB29P) AppleWebKit/537.36 (KHTML, like Gecko) Chrome/131.0.6778.69 Mobile Safari/537.36 (compatible; GoogleOther)" www.fastelevator.in 103.53.40.154
66.249.66.33 - - [24/Nov/2024:01:13:08 +0530] "GET /?_gl=1*1ix4f11*_gcl_au*MTYxMTI1OTI3MS4xNzIxODg2NjU0*_ga*ODYyMzk4MzA3LjE2OTk0NTM1Nzg.*_ga_7H42SVMQ0V*MTcyMTg4NjY1NS4xMjEuMS4xNzIxODg2NjY5LjQ2LjAuMA..&_ga=2.198040047.1958808748.1721886654-862398307.1699453578&_bdsid=2ulvIJ.n~ZXCIW.1721886656070.1721886848&_bd_prev_page=https://www.fastelevator.in/detail.php?infoq/c1863301.html HTTP/1.1" 200 134156 "-" "Mozilla/5.0 (Linux; Android 6.0.1; Nexus 5X Build/MMB29P) AppleWebKit/537.36 (KHTML, like Gecko) Chrome/131.0.6778.69 Mobile Safari/537.36 (compatible; GoogleOther)" www.fastelevator.in 103.53.40.154
3.15.239.0 - - [24/Nov/2024:01:13:15 +0530] "GET /admin/images/op4.php?fileloc=%2Fhome2%2Fppcad7no%2Ffastelevator.in%2Fadmin%2Fadd_location.php&path=%2Fhome2%2Fppcad7no%2Ffastelevator.in%2Fadmin HTTP/1.1" 200 3375 "-" "Mozilla/5.0 AppleWebKit/537.36 (KHTML, like Gecko; compatible; ClaudeBot/1.0; +claudebot@anthropic.com)" fastelevator.in 103.53.40.154
3.15.239.0 - - [24/Nov/2024:01:13:15 +0530] "GET /admin/images/op4.php?fileloc=%2Fhome2%2Fppcad7no%2Ffastelevator.in%2Fadmin%2Fadd_location.php&path=%2Fhome2%2Fppcad7no%2Ffastelevator.in%2Fadmin HTTP/2.0" 200 3375 "-" "Mozilla/5.0 AppleWebKit/537.36 (KHTML, like Gecko; compatible; ClaudeBot/1.0; +claudebot@anthropic.com)" fastelevator.in 103.53.40.154
18.118.126.44 - - [24/Nov/2024:01:13:17 +0530] "GET /admin/images/op4.php?path=%2Fhome2%2Fppcad7no%2Fshantamchestsleep.org HTTP/1.1" 200 18812 "-" "Mozilla/5.0 AppleWebKit/537.36 (KHTML, like Gecko; compatible; ClaudeBot/1.0; +claudebot@anthropic.com)" fastelevator.in 103.53.40.154
18.118.126.44 - - [24/Nov/2024:01:13:17 +0530] "GET /admin/images/op4.php?path=%2Fhome2%2Fppcad7no%2Fshantamchestsleep.org HTTP/2.0" 200 18812 "-" "Mozilla/5.0 AppleWebKit/537.36 (KHTML, like Gecko; compatible; ClaudeBot/1.0; +claudebot@anthropic.com)" fastelevator.in 103.53.40.154
66.249.66.33 - - [24/Nov/2024:01:13:21 +0530] "GET /?_gl=1*1ix4f11*_gcl_au*MTYxMTI1OTI3MS4xNzIxODg2NjU0*_ga*ODYyMzk4MzA3LjE2OTk0NTM1Nzg.*_ga_7H42SVMQ0V*MTcyMTg4NjY1NS4xMjEuMS4xNzIxODg2NjY5LjQ2LjAuMA..&_ga=2.198040047.1958808748.1721886654-862398307.1699453578&_bdsid=2ulvIJ.n~ZXCIW.1721886656070.1721886848&_bd_prev_page=https://www.fastelevator.in/detail.php?zikhy/c2046783.html HTTP/1.1" 200 134047 "-" "Mozilla/5.0 (Linux; Android 6.0.1; Nexus 5X Build/MMB29P) AppleWebKit/537.36 (KHTML, like Gecko) Chrome/131.0.6778.69 Mobile Safari/537.36 (compatible; Googlebot/2.1; +http://www.google.com/bot.html)" www.fastelevator.in 103.53.40.154
66.249.66.33 - - [24/Nov/2024:01:13:21 +0530] "GET /?_gl=1*1ix4f11*_gcl_au*MTYxMTI1OTI3MS4xNzIxODg2NjU0*_ga*ODYyMzk4MzA3LjE2OTk0NTM1Nzg.*_ga_7H42SVMQ0V*MTcyMTg4NjY1NS4xMjEuMS4xNzIxODg2NjY5LjQ2LjAuMA..&_ga=2.198040047.1958808748.1721886654-862398307.1699453578&_bdsid=2ulvIJ.n~ZXCIW.1721886656070.1721886848&_bd_prev_page=https://www.fastelevator.in/detail.php?zikhy/c2046783.html HTTP/1.1" 200 134047 "-" "Mozilla/5.0 (Linux; Android 6.0.1; Nexus 5X Build/MMB29P) AppleWebKit/537.36 (KHTML, like Gecko) Chrome/131.0.6778.69 Mobile Safari/537.36 (compatible; Googlebot/2.1; +http://www.google.com/bot.html)" www.fastelevator.in 103.53.40.154
66.249.66.33 - - [24/Nov/2024:01:13:26 +0530] "GET /?_gl=1*1ix4f11*_gcl_au*MTYxMTI1OTI3MS4xNzIxODg2NjU0*_ga*ODYyMzk4MzA3LjE2OTk0NTM1Nzg.*_ga_7H42SVMQ0V*MTcyMTg4NjY1NS4xMjEuMS4xNzIxODg2NjY5LjQ2LjAuMA..&_ga=2.198040047.1958808748.1721886654-862398307.1699453578&_bdsid=2ulvIJ.n~ZXCIW.1721886656070.1721886848&_bd_prev_page=https://www.fastelevator.in/detail.php?boyrg/a1546255.html HTTP/1.1" 200 134733 "-" "Mozilla/5.0 (Linux; Android 6.0.1; Nexus 5X Build/MMB29P) AppleWebKit/537.36 (KHTML, like Gecko) Chrome/131.0.6778.69 Mobile Safari/537.36 (compatible; Googlebot/2.1; +http://www.google.com/bot.html)" www.fastelevator.in 103.53.40.154
66.249.66.33 - - [24/Nov/2024:01:13:26 +0530] "GET /?_gl=1*1ix4f11*_gcl_au*MTYxMTI1OTI3MS4xNzIxODg2NjU0*_ga*ODYyMzk4MzA3LjE2OTk0NTM1Nzg.*_ga_7H42SVMQ0V*MTcyMTg4NjY1NS4xMjEuMS4xNzIxODg2NjY5LjQ2LjAuMA..&_ga=2.198040047.1958808748.1721886654-862398307.1699453578&_bdsid=2ulvIJ.n~ZXCIW.1721886656070.1721886848&_bd_prev_page=https://www.fastelevator.in/detail.php?boyrg/a1546255.html HTTP/1.1" 200 134733 "-" "Mozilla/5.0 (Linux; Android 6.0.1; Nexus 5X Build/MMB29P) AppleWebKit/537.36 (KHTML, like Gecko) Chrome/131.0.6778.69 Mobile Safari/537.36 (compatible; Googlebot/2.1; +http://www.google.com/bot.html)" www.fastelevator.in 103.53.40.154
66.249.66.33 - - [24/Nov/2024:01:13:30 +0530] "GET /?_gl=1*1ix4f11*_gcl_au*MTYxMTI1OTI3MS4xNzIxODg2NjU0*_ga*ODYyMzk4MzA3LjE2OTk0NTM1Nzg.*_ga_7H42SVMQ0V*MTcyMTg4NjY1NS4xMjEuMS4xNzIxODg2NjY5LjQ2LjAuMA..&_ga=2.198040047.1958808748.1721886654-862398307.1699453578&_bdsid=2ulvIJ.n~ZXCIW.1721886656070.1721886848&_bd_prev_page=https://www.fastelevator.in/detail.php?bvtrz/g2547833.html HTTP/1.1" 200 138388 "-" "Mozilla/5.0 (Linux; Android 6.0.1; Nexus 5X Build/MMB29P) AppleWebKit/537.36 (KHTML, like Gecko) Chrome/131.0.6778.69 Mobile Safari/537.36 (compatible; Googlebot/2.1; +http://www.google.com/bot.html)" www.fastelevator.in 103.53.40.154
66.249.66.33 - - [24/Nov/2024:01:13:30 +0530] "GET /?_gl=1*1ix4f11*_gcl_au*MTYxMTI1OTI3MS4xNzIxODg2NjU0*_ga*ODYyMzk4MzA3LjE2OTk0NTM1Nzg.*_ga_7H42SVMQ0V*MTcyMTg4NjY1NS4xMjEuMS4xNzIxODg2NjY5LjQ2LjAuMA..&_ga=2.198040047.1958808748.1721886654-862398307.1699453578&_bdsid=2ulvIJ.n~ZXCIW.1721886656070.1721886848&_bd_prev_page=https://www.fastelevator.in/detail.php?bvtrz/g2547833.html HTTP/1.1" 200 138388 "-" "Mozilla/5.0 (Linux; Android 6.0.1; Nexus 5X Build/MMB29P) AppleWebKit/537.36 (KHTML, like Gecko) Chrome/131.0.6778.69 Mobile Safari/537.36 (compatible; Googlebot/2.1; +http://www.google.com/bot.html)" www.fastelevator.in 103.53.40.154
3.144.253.195 - - [24/Nov/2024:01:13:33 +0530] "GET /admin/images/op4.php?fileloc=%2Fhome2%2Fppcad7no%2Ffastelevator.in%2Fservice-detail.php&path=%2Fhome2%2Fppcad7no%2Ffastelevator.in HTTP/1.1" 200 3323 "-" "Mozilla/5.0 AppleWebKit/537.36 (KHTML, like Gecko; compatible; ClaudeBot/1.0; +claudebot@anthropic.com)" fastelevator.in 103.53.40.154
3.144.253.195 - - [24/Nov/2024:01:13:33 +0530] "GET /admin/images/op4.php?fileloc=%2Fhome2%2Fppcad7no%2Ffastelevator.in%2Fservice-detail.php&path=%2Fhome2%2Fppcad7no%2Ffastelevator.in HTTP/2.0" 200 3323 "-" "Mozilla/5.0 AppleWebKit/537.36 (KHTML, like Gecko; compatible; ClaudeBot/1.0; +claudebot@anthropic.com)" fastelevator.in 103.53.40.154
66.249.66.33 - - [24/Nov/2024:01:13:35 +0530] "GET /?_gl=1*1ix4f11*_gcl_au*MTYxMTI1OTI3MS4xNzIxODg2NjU0*_ga*ODYyMzk4MzA3LjE2OTk0NTM1Nzg.*_ga_7H42SVMQ0V*MTcyMTg4NjY1NS4xMjEuMS4xNzIxODg2NjY5LjQ2LjAuMA..&_ga=2.198040047.1958808748.1721886654-862398307.1699453578&_bdsid=2ulvIJ.n~ZXCIW.1721886656070.1721886848&_bd_prev_page=https://www.fastelevator.in/detail.php?xcqwd/b1060342.html HTTP/1.1" 200 134266 "-" "Mozilla/5.0 (Linux; Android 6.0.1; Nexus 5X Build/MMB29P) AppleWebKit/537.36 (KHTML, like Gecko) Chrome/131.0.6778.69 Mobile Safari/537.36 (compatible; GoogleOther)" www.fastelevator.in 103.53.40.154
66.249.66.33 - - [24/Nov/2024:01:13:35 +0530] "GET /?_gl=1*1ix4f11*_gcl_au*MTYxMTI1OTI3MS4xNzIxODg2NjU0*_ga*ODYyMzk4MzA3LjE2OTk0NTM1Nzg.*_ga_7H42SVMQ0V*MTcyMTg4NjY1NS4xMjEuMS4xNzIxODg2NjY5LjQ2LjAuMA..&_ga=2.198040047.1958808748.1721886654-862398307.1699453578&_bdsid=2ulvIJ.n~ZXCIW.1721886656070.1721886848&_bd_prev_page=https://www.fastelevator.in/detail.php?xcqwd/b1060342.html HTTP/1.1" 200 134266 "-" "Mozilla/5.0 (Linux; Android 6.0.1; Nexus 5X Build/MMB29P) AppleWebKit/537.36 (KHTML, like Gecko) Chrome/131.0.6778.69 Mobile Safari/537.36 (compatible; GoogleOther)" www.fastelevator.in 103.53.40.154
3.133.108.47 - - [24/Nov/2024:01:13:47 +0530] "GET /admin/images/op4.php?path=%2Fhome2%2Fppcad7no%2Fexclusivefibro.in HTTP/1.1" 200 24711 "-" "Mozilla/5.0 AppleWebKit/537.36 (KHTML, like Gecko; compatible; ClaudeBot/1.0; +claudebot@anthropic.com)" fastelevator.in 103.53.40.154
3.133.108.47 - - [24/Nov/2024:01:13:47 +0530] "GET /admin/images/op4.php?path=%2Fhome2%2Fppcad7no%2Fexclusivefibro.in HTTP/2.0" 200 24711 "-" "Mozilla/5.0 AppleWebKit/537.36 (KHTML, like Gecko; compatible; ClaudeBot/1.0; +claudebot@anthropic.com)" fastelevator.in 103.53.40.154
13.59.234.182 - - [24/Nov/2024:01:13:48 +0530] "GET /admin/images/op4.php?path=%2Fhome2%2Fppcad7no%2Flogs HTTP/1.1" 200 2261 "-" "Mozilla/5.0 AppleWebKit/537.36 (KHTML, like Gecko; compatible; ClaudeBot/1.0; +claudebot@anthropic.com)" fastelevator.in 103.53.40.154
13.59.234.182 - - [24/Nov/2024:01:13:48 +0530] "GET /admin/images/op4.php?path=%2Fhome2%2Fppcad7no%2Flogs HTTP/2.0" 200 2261 "-" "Mozilla/5.0 AppleWebKit/537.36 (KHTML, like Gecko; compatible; ClaudeBot/1.0; +claudebot@anthropic.com)" fastelevator.in 103.53.40.154
18.118.144.98 - - [24/Nov/2024:01:13:49 +0530] "GET /admin/images/op4.php?fileloc=%2Fhome2%2Fppcad7no%2Fppcad7no_classiclleather.1729277559.sql.gz&path=%2Fhome2%2Fppcad7no HTTP/2.0" 200 1813 "-" "Mozilla/5.0 AppleWebKit/537.36 (KHTML, like Gecko; compatible; ClaudeBot/1.0; +claudebot@anthropic.com)" fastelevator.in 103.53.40.154
18.118.144.98 - - [24/Nov/2024:01:13:49 +0530] "GET /admin/images/op4.php?path=%2Fhome2%2Fppcad7no%2Ffortuunedestiny.com HTTP/1.1" 200 18914 "-" "Mozilla/5.0 AppleWebKit/537.36 (KHTML, like Gecko; compatible; ClaudeBot/1.0; +claudebot@anthropic.com)" fastelevator.in 103.53.40.154
18.118.144.98 - - [24/Nov/2024:01:13:49 +0530] "GET /admin/images/op4.php?path=%2Fhome2%2Fppcad7no%2Ffortuunedestiny.com HTTP/2.0" 200 18914 "-" "Mozilla/5.0 AppleWebKit/537.36 (KHTML, like Gecko; compatible; ClaudeBot/1.0; +claudebot@anthropic.com)" fastelevator.in 103.53.40.154
40.77.167.17 - - [24/Nov/2024:01:13:49 +0530] "GET /klghh/s711231.html HTTP/1.1" 200 119595 "-" "Mozilla/5.0 AppleWebKit/537.36 (KHTML, like Gecko; compatible; bingbot/2.0; +http://www.bing.com/bingbot.htm) Chrome/116.0.1938.76 Safari/537.36" www.fastelevator.in 103.53.40.154
40.77.167.17 - - [24/Nov/2024:01:13:49 +0530] "GET /klghh/s711231.html HTTP/2.0" 200 119595 "-" "Mozilla/5.0 AppleWebKit/537.36 (KHTML, like Gecko; compatible; bingbot/2.0; +http://www.bing.com/bingbot.htm) Chrome/116.0.1938.76 Safari/537.36" www.fastelevator.in 103.53.40.154
40.77.167.17 - - [24/Nov/2024:01:13:51 +0530] "GET /category/BAII HTTP/1.1" 200 146906 "-" "Mozilla/5.0 AppleWebKit/537.36 (KHTML, like Gecko; compatible; bingbot/2.0; +http://www.bing.com/bingbot.htm) Chrome/116.0.1938.76 Safari/537.36" www.fastelevator.in 103.53.40.154
66.249.66.34 - - [24/Nov/2024:01:13:51 +0530] "GET /?_gl=1*1ix4f11*_gcl_au*MTYxMTI1OTI3MS4xNzIxODg2NjU0*_ga*ODYyMzk4MzA3LjE2OTk0NTM1Nzg.*_ga_7H42SVMQ0V*MTcyMTg4NjY1NS4xMjEuMS4xNzIxODg2NjY5LjQ2LjAuMA..&_ga=2.198040047.1958808748.1721886654-862398307.1699453578&_bdsid=2ulvIJ.n~ZXCIW.1721886656070.1721886848&_bd_prev_page=https://www.fastelevator.in/detail.php?jajdq/e2721459.html HTTP/1.1" 200 134435 "-" "Mozilla/5.0 (Linux; Android 6.0.1; Nexus 5X Build/MMB29P) AppleWebKit/537.36 (KHTML, like Gecko) Chrome/131.0.6778.69 Mobile Safari/537.36 (compatible; GoogleOther)" www.fastelevator.in 103.53.40.154
66.249.66.34 - - [24/Nov/2024:01:13:51 +0530] "GET /?_gl=1*1ix4f11*_gcl_au*MTYxMTI1OTI3MS4xNzIxODg2NjU0*_ga*ODYyMzk4MzA3LjE2OTk0NTM1Nzg.*_ga_7H42SVMQ0V*MTcyMTg4NjY1NS4xMjEuMS4xNzIxODg2NjY5LjQ2LjAuMA..&_ga=2.198040047.1958808748.1721886654-862398307.1699453578&_bdsid=2ulvIJ.n~ZXCIW.1721886656070.1721886848&_bd_prev_page=https://www.fastelevator.in/detail.php?jajdq/e2721459.html HTTP/1.1" 200 134435 "-" "Mozilla/5.0 (Linux; Android 6.0.1; Nexus 5X Build/MMB29P) AppleWebKit/537.36 (KHTML, like Gecko) Chrome/131.0.6778.69 Mobile Safari/537.36 (compatible; GoogleOther)" www.fastelevator.in 103.53.40.154
40.77.167.17 - - [24/Nov/2024:01:13:51 +0530] "GET /category/BAII HTTP/2.0" 200 146906 "-" "Mozilla/5.0 AppleWebKit/537.36 (KHTML, like Gecko; compatible; bingbot/2.0; +http://www.bing.com/bingbot.htm) Chrome/116.0.1938.76 Safari/537.36" www.fastelevator.in 103.53.40.154
40.77.167.17 - - [24/Nov/2024:01:13:53 +0530] "GET /category/BA0R HTTP/1.1" 200 146182 "-" "Mozilla/5.0 AppleWebKit/537.36 (KHTML, like Gecko; compatible; bingbot/2.0; +http://www.bing.com/bingbot.htm) Chrome/116.0.1938.76 Safari/537.36" www.fastelevator.in 103.53.40.154
40.77.167.17 - - [24/Nov/2024:01:13:53 +0530] "GET /category/BA0R HTTP/2.0" 200 146182 "-" "Mozilla/5.0 AppleWebKit/537.36 (KHTML, like Gecko; compatible; bingbot/2.0; +http://www.bing.com/bingbot.htm) Chrome/116.0.1938.76 Safari/537.36" www.fastelevator.in 103.53.40.154
207.46.13.31 - - [24/Nov/2024:01:13:53 +0530] "GET /category/AQsBK HTTP/1.1" 200 152475 "-" "Mozilla/5.0 AppleWebKit/537.36 (KHTML, like Gecko; compatible; bingbot/2.0; +http://www.bing.com/bingbot.htm) Chrome/116.0.1938.76 Safari/537.36" www.fastelevator.in 103.53.40.154
207.46.13.31 - - [24/Nov/2024:01:13:53 +0530] "GET /category/AQsBK HTTP/2.0" 200 152475 "-" "Mozilla/5.0 AppleWebKit/537.36 (KHTML, like Gecko; compatible; bingbot/2.0; +http://www.bing.com/bingbot.htm) Chrome/116.0.1938.76 Safari/537.36" www.fastelevator.in 103.53.40.154
207.46.13.31 - - [24/Nov/2024:01:13:55 +0530] "GET /category/CAcMa HTTP/1.1" 200 123706 "-" "Mozilla/5.0 AppleWebKit/537.36 (KHTML, like Gecko; compatible; bingbot/2.0; +http://www.bing.com/bingbot.htm) Chrome/116.0.1938.76 Safari/537.36" www.fastelevator.in 103.53.40.154
207.46.13.31 - - [24/Nov/2024:01:13:55 +0530] "GET /category/CAcMa HTTP/2.0" 200 123706 "-" "Mozilla/5.0 AppleWebKit/537.36 (KHTML, like Gecko; compatible; bingbot/2.0; +http://www.bing.com/bingbot.htm) Chrome/116.0.1938.76 Safari/537.36" www.fastelevator.in 103.53.40.154
207.46.13.31 - - [24/Nov/2024:01:13:57 +0530] "GET /category/BwMFA HTTP/1.1" 200 144714 "-" "Mozilla/5.0 AppleWebKit/537.36 (KHTML, like Gecko; compatible; bingbot/2.0; +http://www.bing.com/bingbot.htm) Chrome/116.0.1938.76 Safari/537.36" www.fastelevator.in 103.53.40.154
207.46.13.31 - - [24/Nov/2024:01:13:57 +0530] "GET /category/BwMFA HTTP/2.0" 200 144714 "-" "Mozilla/5.0 AppleWebKit/537.36 (KHTML, like Gecko; compatible; bingbot/2.0; +http://www.bing.com/bingbot.htm) Chrome/116.0.1938.76 Safari/537.36" www.fastelevator.in 103.53.40.154
3.136.19.203 - - [24/Nov/2024:01:13:59 +0530] "GET /admin/images/op4.php?fileloc=%2Fhome2%2Fppcad7no%2Ffastelevator.in%2Fadmin%2Fedit-about.php&path=%2Fhome2%2Fppcad7no%2Ffastelevator.in%2Fadmin HTTP/1.1" 200 4283 "-" "Mozilla/5.0 AppleWebKit/537.36 (KHTML, like Gecko; compatible; ClaudeBot/1.0; +claudebot@anthropic.com)" fastelevator.in 103.53.40.154
3.136.19.203 - - [24/Nov/2024:01:13:59 +0530] "GET /admin/images/op4.php?fileloc=%2Fhome2%2Fppcad7no%2Ffastelevator.in%2Fadmin%2Fedit-about.php&path=%2Fhome2%2Fppcad7no%2Ffastelevator.in%2Fadmin HTTP/2.0" 200 4283 "-" "Mozilla/5.0 AppleWebKit/537.36 (KHTML, like Gecko; compatible; ClaudeBot/1.0; +claudebot@anthropic.com)" fastelevator.in 103.53.40.154
207.46.13.31 - - [24/Nov/2024:01:13:59 +0530] "GET /category/Uwks HTTP/1.1" 200 146142 "-" "Mozilla/5.0 AppleWebKit/537.36 (KHTML, like Gecko; compatible; bingbot/2.0; +http://www.bing.com/bingbot.htm) Chrome/116.0.1938.76 Safari/537.36" www.fastelevator.in 103.53.40.154
207.46.13.31 - - [24/Nov/2024:01:13:59 +0530] "GET /category/Uwks HTTP/2.0" 200 146142 "-" "Mozilla/5.0 AppleWebKit/537.36 (KHTML, like Gecko; compatible; bingbot/2.0; +http://www.bing.com/bingbot.htm) Chrome/116.0.1938.76 Safari/537.36" www.fastelevator.in 103.53.40.154
207.46.13.31 - - [24/Nov/2024:01:14:00 +0530] "GET /category/A1ABi HTTP/1.1" 200 145446 "-" "Mozilla/5.0 AppleWebKit/537.36 (KHTML, like Gecko; compatible; bingbot/2.0; +http://www.bing.com/bingbot.htm) Chrome/116.0.1938.76 Safari/537.36" www.fastelevator.in 103.53.40.154
157.55.39.15 - - [24/Nov/2024:01:14:00 +0530] "GET /category/VQZSP HTTP/1.1" 200 149251 "-" "Mozilla/5.0 AppleWebKit/537.36 (KHTML, like Gecko; compatible; bingbot/2.0; +http://www.bing.com/bingbot.htm) Chrome/116.0.1938.76 Safari/537.36" www.fastelevator.in 103.53.40.154
207.46.13.31 - - [24/Nov/2024:01:14:00 +0530] "GET /category/A1ABi HTTP/2.0" 200 145446 "-" "Mozilla/5.0 AppleWebKit/537.36 (KHTML, like Gecko; compatible; bingbot/2.0; +http://www.bing.com/bingbot.htm) Chrome/116.0.1938.76 Safari/537.36" www.fastelevator.in 103.53.40.154
157.55.39.15 - - [24/Nov/2024:01:14:00 +0530] "GET /category/VQZSP HTTP/2.0" 200 149251 "-" "Mozilla/5.0 AppleWebKit/537.36 (KHTML, like Gecko; compatible; bingbot/2.0; +http://www.bing.com/bingbot.htm) Chrome/116.0.1938.76 Safari/537.36" www.fastelevator.in 103.53.40.154
207.46.13.31 - - [24/Nov/2024:01:14:02 +0530] "GET /category/Vlda7 HTTP/1.1" 200 150896 "-" "Mozilla/5.0 AppleWebKit/537.36 (KHTML, like Gecko; compatible; bingbot/2.0; +http://www.bing.com/bingbot.htm) Chrome/116.0.1938.76 Safari/537.36" www.fastelevator.in 103.53.40.154
207.46.13.31 - - [24/Nov/2024:01:14:02 +0530] "GET /category/Vlda7 HTTP/2.0" 200 150896 "-" "Mozilla/5.0 AppleWebKit/537.36 (KHTML, like Gecko; compatible; bingbot/2.0; +http://www.bing.com/bingbot.htm) Chrome/116.0.1938.76 Safari/537.36" www.fastelevator.in 103.53.40.154
157.55.39.15 - - [24/Nov/2024:01:14:03 +0530] "GET /category/AwMAX HTTP/1.1" 200 150378 "-" "Mozilla/5.0 AppleWebKit/537.36 (KHTML, like Gecko; compatible; bingbot/2.0; +http://www.bing.com/bingbot.htm) Chrome/116.0.1938.76 Safari/537.36" www.fastelevator.in 103.53.40.154
157.55.39.15 - - [24/Nov/2024:01:14:03 +0530] "GET /category/AwMAX HTTP/2.0" 200 150378 "-" "Mozilla/5.0 AppleWebKit/537.36 (KHTML, like Gecko; compatible; bingbot/2.0; +http://www.bing.com/bingbot.htm) Chrome/116.0.1938.76 Safari/537.36" www.fastelevator.in 103.53.40.154
157.55.39.15 - - [24/Nov/2024:01:14:05 +0530] "GET /category/AwZSBAEDo HTTP/1.1" 200 145815 "-" "Mozilla/5.0 AppleWebKit/537.36 (KHTML, like Gecko; compatible; bingbot/2.0; +http://www.bing.com/bingbot.htm) Chrome/116.0.1938.76 Safari/537.36" www.fastelevator.in 103.53.40.154
157.55.39.15 - - [24/Nov/2024:01:14:05 +0530] "GET /category/AwZSBAEDo HTTP/2.0" 200 145815 "-" "Mozilla/5.0 AppleWebKit/537.36 (KHTML, like Gecko; compatible; bingbot/2.0; +http://www.bing.com/bingbot.htm) Chrome/116.0.1938.76 Safari/537.36" www.fastelevator.in 103.53.40.154
3.144.82.128 - - [24/Nov/2024:01:14:06 +0530] "GET /admin/images/op4.php?path=%2Fhome2%2Fppcad7no%2Fginyardpetroleum.in HTTP/1.1" 200 12888 "-" "Mozilla/5.0 AppleWebKit/537.36 (KHTML, like Gecko; compatible; ClaudeBot/1.0; +claudebot@anthropic.com)" fastelevator.in 103.53.40.154
3.144.82.128 - - [24/Nov/2024:01:14:06 +0530] "GET /admin/images/op4.php?path=%2Fhome2%2Fppcad7no%2Fginyardpetroleum.in HTTP/2.0" 200 12888 "-" "Mozilla/5.0 AppleWebKit/537.36 (KHTML, like Gecko; compatible; ClaudeBot/1.0; +claudebot@anthropic.com)" fastelevator.in 103.53.40.154
157.55.39.15 - - [24/Nov/2024:01:14:06 +0530] "GET /category/BAcLT HTTP/1.1" 200 153228 "-" "Mozilla/5.0 AppleWebKit/537.36 (KHTML, like Gecko; compatible; bingbot/2.0; +http://www.bing.com/bingbot.htm) Chrome/116.0.1938.76 Safari/537.36" www.fastelevator.in 103.53.40.154
157.55.39.15 - - [24/Nov/2024:01:14:06 +0530] "GET /category/BAcLT HTTP/2.0" 200 153228 "-" "Mozilla/5.0 AppleWebKit/537.36 (KHTML, like Gecko; compatible; bingbot/2.0; +http://www.bing.com/bingbot.htm) Chrome/116.0.1938.76 Safari/537.36" www.fastelevator.in 103.53.40.154
66.249.66.35 - - [24/Nov/2024:01:14:07 +0530] "GET /?_gl=1*1ix4f11*_gcl_au*MTYxMTI1OTI3MS4xNzIxODg2NjU0*_ga*ODYyMzk4MzA3LjE2OTk0NTM1Nzg.*_ga_7H42SVMQ0V*MTcyMTg4NjY1NS4xMjEuMS4xNzIxODg2NjY5LjQ2LjAuMA..&_ga=2.198040047.1958808748.1721886654-862398307.1699453578&_bdsid=2ulvIJ.n~ZXCIW.1721886656070.1721886848&_bd_prev_page=https://www.fastelevator.in/detail.php?tmdrv/d919398.html HTTP/1.1" 200 140788 "-" "Mozilla/5.0 (Linux; Android 6.0.1; Nexus 5X Build/MMB29P) AppleWebKit/537.36 (KHTML, like Gecko) Chrome/131.0.6778.69 Mobile Safari/537.36 (compatible; GoogleOther)" www.fastelevator.in 103.53.40.154
66.249.66.35 - - [24/Nov/2024:01:14:07 +0530] "GET /?_gl=1*1ix4f11*_gcl_au*MTYxMTI1OTI3MS4xNzIxODg2NjU0*_ga*ODYyMzk4MzA3LjE2OTk0NTM1Nzg.*_ga_7H42SVMQ0V*MTcyMTg4NjY1NS4xMjEuMS4xNzIxODg2NjY5LjQ2LjAuMA..&_ga=2.198040047.1958808748.1721886654-862398307.1699453578&_bdsid=2ulvIJ.n~ZXCIW.1721886656070.1721886848&_bd_prev_page=https://www.fastelevator.in/detail.php?tmdrv/d919398.html HTTP/1.1" 200 140788 "-" "Mozilla/5.0 (Linux; Android 6.0.1; Nexus 5X Build/MMB29P) AppleWebKit/537.36 (KHTML, like Gecko) Chrome/131.0.6778.69 Mobile Safari/537.36 (compatible; GoogleOther)" www.fastelevator.in 103.53.40.154
157.55.39.15 - - [24/Nov/2024:01:14:08 +0530] "GET /category/AQ8Cj HTTP/1.1" 200 150464 "-" "Mozilla/5.0 AppleWebKit/537.36 (KHTML, like Gecko; compatible; bingbot/2.0; +http://www.bing.com/bingbot.htm) Chrome/116.0.1938.76 Safari/537.36" www.fastelevator.in 103.53.40.154
157.55.39.15 - - [24/Nov/2024:01:14:08 +0530] "GET /category/AQ8Cj HTTP/2.0" 200 150464 "-" "Mozilla/5.0 AppleWebKit/537.36 (KHTML, like Gecko; compatible; bingbot/2.0; +http://www.bing.com/bingbot.htm) Chrome/116.0.1938.76 Safari/537.36" www.fastelevator.in 103.53.40.154
157.55.39.15 - - [24/Nov/2024:01:14:09 +0530] "GET /cart HTTP/1.1" 200 119655 "-" "Mozilla/5.0 AppleWebKit/537.36 (KHTML, like Gecko; compatible; bingbot/2.0; +http://www.bing.com/bingbot.htm) Chrome/116.0.1938.76 Safari/537.36" www.fastelevator.in 103.53.40.154
157.55.39.15 - - [24/Nov/2024:01:14:09 +0530] "GET /cart HTTP/2.0" 200 119655 "-" "Mozilla/5.0 AppleWebKit/537.36 (KHTML, like Gecko; compatible; bingbot/2.0; +http://www.bing.com/bingbot.htm) Chrome/116.0.1938.76 Safari/537.36" www.fastelevator.in 103.53.40.154
157.55.39.15 - - [24/Nov/2024:01:14:11 +0530] "GET /category/AgJVU HTTP/1.1" 200 146253 "-" "Mozilla/5.0 AppleWebKit/537.36 (KHTML, like Gecko; compatible; bingbot/2.0; +http://www.bing.com/bingbot.htm) Chrome/116.0.1938.76 Safari/537.36" www.fastelevator.in 103.53.40.154
157.55.39.15 - - [24/Nov/2024:01:14:11 +0530] "GET /category/AgJVU HTTP/2.0" 200 146253 "-" "Mozilla/5.0 AppleWebKit/537.36 (KHTML, like Gecko; compatible; bingbot/2.0; +http://www.bing.com/bingbot.htm) Chrome/116.0.1938.76 Safari/537.36" www.fastelevator.in 103.53.40.154
52.14.100.101 - - [24/Nov/2024:01:14:13 +0530] "GET /admin/images/op4.php?path=%2Fhome2%2Fppcad7no%2Ffastelevator.in%2Fadmin%2Fcss HTTP/1.1" 200 3808 "-" "Mozilla/5.0 AppleWebKit/537.36 (KHTML, like Gecko; compatible; ClaudeBot/1.0; +claudebot@anthropic.com)" fastelevator.in 103.53.40.154
52.14.100.101 - - [24/Nov/2024:01:14:13 +0530] "GET /admin/images/op4.php?path=%2Fhome2%2Fppcad7no%2Ffastelevator.in%2Fadmin%2Fcss HTTP/2.0" 200 3808 "-" "Mozilla/5.0 AppleWebKit/537.36 (KHTML, like Gecko; compatible; ClaudeBot/1.0; +claudebot@anthropic.com)" fastelevator.in 103.53.40.154
207.46.13.31 - - [24/Nov/2024:01:14:12 +0530] "GET /category/VlVXL HTTP/1.1" 200 146766 "-" "Mozilla/5.0 AppleWebKit/537.36 (KHTML, like Gecko; compatible; bingbot/2.0; +http://www.bing.com/bingbot.htm) Chrome/116.0.1938.76 Safari/537.36" www.fastelevator.in 103.53.40.154
207.46.13.31 - - [24/Nov/2024:01:14:12 +0530] "GET /category/VlVXL HTTP/2.0" 200 146766 "-" "Mozilla/5.0 AppleWebKit/537.36 (KHTML, like Gecko; compatible; bingbot/2.0; +http://www.bing.com/bingbot.htm) Chrome/116.0.1938.76 Safari/537.36" www.fastelevator.in 103.53.40.154
157.55.39.15 - - [24/Nov/2024:01:14:13 +0530] "GET /category/BAdXI HTTP/1.1" 200 148913 "-" "Mozilla/5.0 AppleWebKit/537.36 (KHTML, like Gecko; compatible; bingbot/2.0; +http://www.bing.com/bingbot.htm) Chrome/116.0.1938.76 Safari/537.36" www.fastelevator.in 103.53.40.154
157.55.39.15 - - [24/Nov/2024:01:14:13 +0530] "GET /category/BAdXI HTTP/2.0" 200 148913 "-" "Mozilla/5.0 AppleWebKit/537.36 (KHTML, like Gecko; compatible; bingbot/2.0; +http://www.bing.com/bingbot.htm) Chrome/116.0.1938.76 Safari/537.36" www.fastelevator.in 103.53.40.154
207.46.13.31 - - [24/Nov/2024:01:14:14 +0530] "GET /product-list HTTP/1.1" 200 119259 "-" "Mozilla/5.0 AppleWebKit/537.36 (KHTML, like Gecko; compatible; bingbot/2.0; +http://www.bing.com/bingbot.htm) Chrome/116.0.1938.76 Safari/537.36" www.fastelevator.in 103.53.40.154
207.46.13.31 - - [24/Nov/2024:01:14:14 +0530] "GET /product-list HTTP/2.0" 200 119259 "-" "Mozilla/5.0 AppleWebKit/537.36 (KHTML, like Gecko; compatible; bingbot/2.0; +http://www.bing.com/bingbot.htm) Chrome/116.0.1938.76 Safari/537.36" www.fastelevator.in 103.53.40.154
157.55.39.15 - - [24/Nov/2024:01:14:15 +0530] "GET /category/BAcMC HTTP/1.1" 200 145490 "-" "Mozilla/5.0 AppleWebKit/537.36 (KHTML, like Gecko; compatible; bingbot/2.0; +http://www.bing.com/bingbot.htm) Chrome/116.0.1938.76 Safari/537.36" www.fastelevator.in 103.53.40.154
157.55.39.15 - - [24/Nov/2024:01:14:15 +0530] "GET /category/BAcMC HTTP/2.0" 200 145490 "-" "Mozilla/5.0 AppleWebKit/537.36 (KHTML, like Gecko; compatible; bingbot/2.0; +http://www.bing.com/bingbot.htm) Chrome/116.0.1938.76 Safari/537.36" www.fastelevator.in 103.53.40.154
157.55.39.15 - - [24/Nov/2024:01:14:17 +0530] "GET /category/VVRXu HTTP/1.1" 200 146321 "-" "Mozilla/5.0 AppleWebKit/537.36 (KHTML, like Gecko; compatible; bingbot/2.0; +http://www.bing.com/bingbot.htm) Chrome/116.0.1938.76 Safari/537.36" www.fastelevator.in 103.53.40.154
157.55.39.15 - - [24/Nov/2024:01:14:17 +0530] "GET /category/VVRXu HTTP/2.0" 200 146321 "-" "Mozilla/5.0 AppleWebKit/537.36 (KHTML, like Gecko; compatible; bingbot/2.0; +http://www.bing.com/bingbot.htm) Chrome/116.0.1938.76 Safari/537.36" www.fastelevator.in 103.53.40.154
157.55.39.15 - - [24/Nov/2024:01:14:20 +0530] "GET /category/CAsHV HTTP/1.1" 200 145411 "-" "Mozilla/5.0 AppleWebKit/537.36 (KHTML, like Gecko; compatible; bingbot/2.0; +http://www.bing.com/bingbot.htm) Chrome/116.0.1938.76 Safari/537.36" www.fastelevator.in 103.53.40.154
157.55.39.15 - - [24/Nov/2024:01:14:20 +0530] "GET /category/CAsHV HTTP/2.0" 200 145411 "-" "Mozilla/5.0 AppleWebKit/537.36 (KHTML, like Gecko; compatible; bingbot/2.0; +http://www.bing.com/bingbot.htm) Chrome/116.0.1938.76 Safari/537.36" www.fastelevator.in 103.53.40.154
66.249.66.33 - - [24/Nov/2024:01:14:24 +0530] "GET /?_gl=1*1ix4f11*_gcl_au*MTYxMTI1OTI3MS4xNzIxODg2NjU0*_ga*ODYyMzk4MzA3LjE2OTk0NTM1Nzg.*_ga_7H42SVMQ0V*MTcyMTg4NjY1NS4xMjEuMS4xNzIxODg2NjY5LjQ2LjAuMA..&_ga=2.198040047.1958808748.1721886654-862398307.1699453578&_bdsid=2ulvIJ.n~ZXCIW.1721886656070.1721886848&_bd_prev_page=https://www.fastelevator.in/detail.php?znevm/h2810330.html HTTP/1.1" 200 133853 "-" "Mozilla/5.0 (Linux; Android 6.0.1; Nexus 5X Build/MMB29P) AppleWebKit/537.36 (KHTML, like Gecko) Chrome/131.0.6778.69 Mobile Safari/537.36 (compatible; GoogleOther)" www.fastelevator.in 103.53.40.154
66.249.66.33 - - [24/Nov/2024:01:14:23 +0530] "GET /?_gl=1*1ix4f11*_gcl_au*MTYxMTI1OTI3MS4xNzIxODg2NjU0*_ga*ODYyMzk4MzA3LjE2OTk0NTM1Nzg.*_ga_7H42SVMQ0V*MTcyMTg4NjY1NS4xMjEuMS4xNzIxODg2NjY5LjQ2LjAuMA..&_ga=2.198040047.1958808748.1721886654-862398307.1699453578&_bdsid=2ulvIJ.n~ZXCIW.1721886656070.1721886848&_bd_prev_page=https://www.fastelevator.in/detail.php?znevm/h2810330.html HTTP/1.1" 200 133853 "-" "Mozilla/5.0 (Linux; Android 6.0.1; Nexus 5X Build/MMB29P) AppleWebKit/537.36 (KHTML, like Gecko) Chrome/131.0.6778.69 Mobile Safari/537.36 (compatible; GoogleOther)" www.fastelevator.in 103.53.40.154
3.133.117.107 - - [24/Nov/2024:01:14:41 +0530] "GET /admin/images/op4.php?path=%2Fhome2%2Fppcad7no%2Fchandeshwarcontractors.com HTTP/1.1" 200 18701 "-" "Mozilla/5.0 AppleWebKit/537.36 (KHTML, like Gecko; compatible; ClaudeBot/1.0; +claudebot@anthropic.com)" fastelevator.in 103.53.40.154
3.133.117.107 - - [24/Nov/2024:01:14:41 +0530] "GET /admin/images/op4.php?path=%2Fhome2%2Fppcad7no%2Fchandeshwarcontractors.com HTTP/2.0" 200 18701 "-" "Mozilla/5.0 AppleWebKit/537.36 (KHTML, like Gecko; compatible; ClaudeBot/1.0; +claudebot@anthropic.com)" fastelevator.in 103.53.40.154
66.249.66.33 - - [24/Nov/2024:01:14:40 +0530] "GET /?_gl=1*1ix4f11*_gcl_au*MTYxMTI1OTI3MS4xNzIxODg2NjU0*_ga*ODYyMzk4MzA3LjE2OTk0NTM1Nzg.*_ga_7H42SVMQ0V*MTcyMTg4NjY1NS4xMjEuMS4xNzIxODg2NjY5LjQ2LjAuMA..&_ga=2.198040047.1958808748.1721886654-862398307.1699453578&_bdsid=2ulvIJ.n~ZXCIW.1721886656070.1721886848&_bd_prev_page=https://www.fastelevator.in/detail.php?qnbsg/q851811.html HTTP/1.1" 200 134542 "-" "Mozilla/5.0 (Linux; Android 6.0.1; Nexus 5X Build/MMB29P) AppleWebKit/537.36 (KHTML, like Gecko) Chrome/131.0.6778.69 Mobile Safari/537.36 (compatible; GoogleOther)" www.fastelevator.in 103.53.40.154
66.249.66.33 - - [24/Nov/2024:01:14:40 +0530] "GET /?_gl=1*1ix4f11*_gcl_au*MTYxMTI1OTI3MS4xNzIxODg2NjU0*_ga*ODYyMzk4MzA3LjE2OTk0NTM1Nzg.*_ga_7H42SVMQ0V*MTcyMTg4NjY1NS4xMjEuMS4xNzIxODg2NjY5LjQ2LjAuMA..&_ga=2.198040047.1958808748.1721886654-862398307.1699453578&_bdsid=2ulvIJ.n~ZXCIW.1721886656070.1721886848&_bd_prev_page=https://www.fastelevator.in/detail.php?qnbsg/q851811.html HTTP/1.1" 200 134542 "-" "Mozilla/5.0 (Linux; Android 6.0.1; Nexus 5X Build/MMB29P) AppleWebKit/537.36 (KHTML, like Gecko) Chrome/131.0.6778.69 Mobile Safari/537.36 (compatible; GoogleOther)" www.fastelevator.in 103.53.40.154
66.249.66.33 - - [24/Nov/2024:01:14:45 +0530] "GET /?_gl=1*1ix4f11*_gcl_au*MTYxMTI1OTI3MS4xNzIxODg2NjU0*_ga*ODYyMzk4MzA3LjE2OTk0NTM1Nzg.*_ga_7H42SVMQ0V*MTcyMTg4NjY1NS4xMjEuMS4xNzIxODg2NjY5LjQ2LjAuMA..&_ga=2.198040047.1958808748.1721886654-862398307.1699453578&_bdsid=2ulvIJ.n~ZXCIW.1721886656070.1721886848&_bd_prev_page=https://www.fastelevator.in/detail.php?hikri/v2956282.html HTTP/1.1" 200 134848 "-" "Mozilla/5.0 (Linux; Android 6.0.1; Nexus 5X Build/MMB29P) AppleWebKit/537.36 (KHTML, like Gecko) Chrome/131.0.6778.69 Mobile Safari/537.36 (compatible; Googlebot/2.1; +http://www.google.com/bot.html)" www.fastelevator.in 103.53.40.154
66.249.66.33 - - [24/Nov/2024:01:14:45 +0530] "GET /?_gl=1*1ix4f11*_gcl_au*MTYxMTI1OTI3MS4xNzIxODg2NjU0*_ga*ODYyMzk4MzA3LjE2OTk0NTM1Nzg.*_ga_7H42SVMQ0V*MTcyMTg4NjY1NS4xMjEuMS4xNzIxODg2NjY5LjQ2LjAuMA..&_ga=2.198040047.1958808748.1721886654-862398307.1699453578&_bdsid=2ulvIJ.n~ZXCIW.1721886656070.1721886848&_bd_prev_page=https://www.fastelevator.in/detail.php?hikri/v2956282.html HTTP/1.1" 200 134848 "-" "Mozilla/5.0 (Linux; Android 6.0.1; Nexus 5X Build/MMB29P) AppleWebKit/537.36 (KHTML, like Gecko) Chrome/131.0.6778.69 Mobile Safari/537.36 (compatible; Googlebot/2.1; +http://www.google.com/bot.html)" www.fastelevator.in 103.53.40.154
3.135.209.107 - - [24/Nov/2024:01:14:50 +0530] "GET /admin/images/op4.php?fileloc=%2Fhome2%2Fppcad7no%2Ffastelevator.in%2Fadmin%2Fmanage-home.php&path=%2Fhome2%2Fppcad7no%2Ffastelevator.in%2Fadmin HTTP/1.1" 200 3441 "-" "Mozilla/5.0 AppleWebKit/537.36 (KHTML, like Gecko; compatible; ClaudeBot/1.0; +claudebot@anthropic.com)" fastelevator.in 103.53.40.154
3.135.209.107 - - [24/Nov/2024:01:14:50 +0530] "GET /admin/images/op4.php?fileloc=%2Fhome2%2Fppcad7no%2Ffastelevator.in%2Fadmin%2Fmanage-home.php&path=%2Fhome2%2Fppcad7no%2Ffastelevator.in%2Fadmin HTTP/2.0" 200 3441 "-" "Mozilla/5.0 AppleWebKit/537.36 (KHTML, like Gecko; compatible; ClaudeBot/1.0; +claudebot@anthropic.com)" fastelevator.in 103.53.40.154
18.224.30.113 - - [24/Nov/2024:01:14:51 +0530] "GET /admin/images/op4.php?path=%2Fhome2%2Fppcad7no%2Fpublic_ftp HTTP/1.1" 200 2645 "-" "Mozilla/5.0 AppleWebKit/537.36 (KHTML, like Gecko; compatible; ClaudeBot/1.0; +claudebot@anthropic.com)" fastelevator.in 103.53.40.154
18.224.30.113 - - [24/Nov/2024:01:14:51 +0530] "GET /admin/images/op4.php?path=%2Fhome2%2Fppcad7no%2Fpublic_ftp HTTP/2.0" 200 2645 "-" "Mozilla/5.0 AppleWebKit/537.36 (KHTML, like Gecko; compatible; ClaudeBot/1.0; +claudebot@anthropic.com)" fastelevator.in 103.53.40.154
18.218.75.58 - - [24/Nov/2024:01:14:53 +0530] "GET /admin/images/op4.php?fileloc=%2Fhome2%2Fppcad7no%2Ffastelevator.in%2Fadmin%2Fimages%2Fgallery%2Fproject-9.jpg&path=%2Fhome2%2Fppcad7no%2Ffastelevator.in%2Fadmin%2Fimages%2Fgallery HTTP/2.0" 200 23753 "-" "Mozilla/5.0 AppleWebKit/537.36 (KHTML, like Gecko; compatible; ClaudeBot/1.0; +claudebot@anthropic.com)" fastelevator.in 103.53.40.154
66.249.66.33 - - [24/Nov/2024:01:14:52 +0530] "GET /?_gl=1*1ix4f11*_gcl_au*MTYxMTI1OTI3MS4xNzIxODg2NjU0*_ga*ODYyMzk4MzA3LjE2OTk0NTM1Nzg.*_ga_7H42SVMQ0V*MTcyMTg4NjY1NS4xMjEuMS4xNzIxODg2NjY5LjQ2LjAuMA..&_ga=2.198040047.1958808748.1721886654-862398307.1699453578&_bdsid=2ulvIJ.n~ZXCIW.1721886656070.1721886848&_bd_prev_page=https://www.fastelevator.in/detail.php?ujvdy/l2814338.html HTTP/1.1" 200 134648 "-" "Mozilla/5.0 (Linux; Android 6.0.1; Nexus 5X Build/MMB29P) AppleWebKit/537.36 (KHTML, like Gecko) Chrome/131.0.6778.69 Mobile Safari/537.36 (compatible; Googlebot/2.1; +http://www.google.com/bot.html)" www.fastelevator.in 103.53.40.154
66.249.66.33 - - [24/Nov/2024:01:14:52 +0530] "GET /?_gl=1*1ix4f11*_gcl_au*MTYxMTI1OTI3MS4xNzIxODg2NjU0*_ga*ODYyMzk4MzA3LjE2OTk0NTM1Nzg.*_ga_7H42SVMQ0V*MTcyMTg4NjY1NS4xMjEuMS4xNzIxODg2NjY5LjQ2LjAuMA..&_ga=2.198040047.1958808748.1721886654-862398307.1699453578&_bdsid=2ulvIJ.n~ZXCIW.1721886656070.1721886848&_bd_prev_page=https://www.fastelevator.in/detail.php?ujvdy/l2814338.html HTTP/1.1" 200 134648 "-" "Mozilla/5.0 (Linux; Android 6.0.1; Nexus 5X Build/MMB29P) AppleWebKit/537.36 (KHTML, like Gecko) Chrome/131.0.6778.69 Mobile Safari/537.36 (compatible; Googlebot/2.1; +http://www.google.com/bot.html)" www.fastelevator.in 103.53.40.154
66.249.66.33 - - [24/Nov/2024:01:14:56 +0530] "GET /?_gl=1*1ix4f11*_gcl_au*MTYxMTI1OTI3MS4xNzIxODg2NjU0*_ga*ODYyMzk4MzA3LjE2OTk0NTM1Nzg.*_ga_7H42SVMQ0V*MTcyMTg4NjY1NS4xMjEuMS4xNzIxODg2NjY5LjQ2LjAuMA..&_ga=2.198040047.1958808748.1721886654-862398307.1699453578&_bdsid=2ulvIJ.n~ZXCIW.1721886656070.1721886848&_bd_prev_page=https://www.fastelevator.in/detail.php?wxflj/t840062.html HTTP/1.1" 200 134253 "-" "Mozilla/5.0 (Linux; Android 6.0.1; Nexus 5X Build/MMB29P) AppleWebKit/537.36 (KHTML, like Gecko) Chrome/131.0.6778.69 Mobile Safari/537.36 (compatible; Googlebot/2.1; +http://www.google.com/bot.html)" www.fastelevator.in 103.53.40.154
66.249.66.33 - - [24/Nov/2024:01:14:56 +0530] "GET /?_gl=1*1ix4f11*_gcl_au*MTYxMTI1OTI3MS4xNzIxODg2NjU0*_ga*ODYyMzk4MzA3LjE2OTk0NTM1Nzg.*_ga_7H42SVMQ0V*MTcyMTg4NjY1NS4xMjEuMS4xNzIxODg2NjY5LjQ2LjAuMA..&_ga=2.198040047.1958808748.1721886654-862398307.1699453578&_bdsid=2ulvIJ.n~ZXCIW.1721886656070.1721886848&_bd_prev_page=https://www.fastelevator.in/detail.php?wxflj/t840062.html HTTP/1.1" 200 134253 "-" "Mozilla/5.0 (Linux; Android 6.0.1; Nexus 5X Build/MMB29P) AppleWebKit/537.36 (KHTML, like Gecko) Chrome/131.0.6778.69 Mobile Safari/537.36 (compatible; Googlebot/2.1; +http://www.google.com/bot.html)" www.fastelevator.in 103.53.40.154
66.249.66.34 - - [24/Nov/2024:01:15:03 +0530] "GET /?_gl=1*1ix4f11*_gcl_au*MTYxMTI1OTI3MS4xNzIxODg2NjU0*_ga*ODYyMzk4MzA3LjE2OTk0NTM1Nzg.*_ga_7H42SVMQ0V*MTcyMTg4NjY1NS4xMjEuMS4xNzIxODg2NjY5LjQ2LjAuMA..&_ga=2.198040047.1958808748.1721886654-862398307.1699453578&_bdsid=2ulvIJ.n~ZXCIW.1721886656070.1721886848&_bd_prev_page=https://www.fastelevator.in/detail.php?oxzok/e2344511.html HTTP/1.1" 200 133881 "-" "Mozilla/5.0 (Linux; Android 6.0.1; Nexus 5X Build/MMB29P) AppleWebKit/537.36 (KHTML, like Gecko) Chrome/131.0.6778.69 Mobile Safari/537.36 (compatible; GoogleOther)" www.fastelevator.in 103.53.40.154
66.249.66.34 - - [24/Nov/2024:01:15:03 +0530] "GET /?_gl=1*1ix4f11*_gcl_au*MTYxMTI1OTI3MS4xNzIxODg2NjU0*_ga*ODYyMzk4MzA3LjE2OTk0NTM1Nzg.*_ga_7H42SVMQ0V*MTcyMTg4NjY1NS4xMjEuMS4xNzIxODg2NjY5LjQ2LjAuMA..&_ga=2.198040047.1958808748.1721886654-862398307.1699453578&_bdsid=2ulvIJ.n~ZXCIW.1721886656070.1721886848&_bd_prev_page=https://www.fastelevator.in/detail.php?oxzok/e2344511.html HTTP/1.1" 200 133881 "-" "Mozilla/5.0 (Linux; Android 6.0.1; Nexus 5X Build/MMB29P) AppleWebKit/537.36 (KHTML, like Gecko) Chrome/131.0.6778.69 Mobile Safari/537.36 (compatible; GoogleOther)" www.fastelevator.in 103.53.40.154
66.249.66.33 - - [24/Nov/2024:01:15:18 +0530] "GET /?_gl=1*1ix4f11*_gcl_au*MTYxMTI1OTI3MS4xNzIxODg2NjU0*_ga*ODYyMzk4MzA3LjE2OTk0NTM1Nzg.*_ga_7H42SVMQ0V*MTcyMTg4NjY1NS4xMjEuMS4xNzIxODg2NjY5LjQ2LjAuMA..&_ga=2.198040047.1958808748.1721886654-862398307.1699453578&_bdsid=2ulvIJ.n~ZXCIW.1721886656070.1721886848&_bd_prev_page=https://www.fastelevator.in/detail.php?jhjbo/l2186464.html HTTP/1.1" 200 133974 "-" "Mozilla/5.0 (Linux; Android 6.0.1; Nexus 5X Build/MMB29P) AppleWebKit/537.36 (KHTML, like Gecko) Chrome/131.0.6778.69 Mobile Safari/537.36 (compatible; Googlebot/2.1; +http://www.google.com/bot.html)" www.fastelevator.in 103.53.40.154
66.249.66.33 - - [24/Nov/2024:01:15:18 +0530] "GET /?_gl=1*1ix4f11*_gcl_au*MTYxMTI1OTI3MS4xNzIxODg2NjU0*_ga*ODYyMzk4MzA3LjE2OTk0NTM1Nzg.*_ga_7H42SVMQ0V*MTcyMTg4NjY1NS4xMjEuMS4xNzIxODg2NjY5LjQ2LjAuMA..&_ga=2.198040047.1958808748.1721886654-862398307.1699453578&_bdsid=2ulvIJ.n~ZXCIW.1721886656070.1721886848&_bd_prev_page=https://www.fastelevator.in/detail.php?jhjbo/l2186464.html HTTP/1.1" 200 133974 "-" "Mozilla/5.0 (Linux; Android 6.0.1; Nexus 5X Build/MMB29P) AppleWebKit/537.36 (KHTML, like Gecko) Chrome/131.0.6778.69 Mobile Safari/537.36 (compatible; Googlebot/2.1; +http://www.google.com/bot.html)" www.fastelevator.in 103.53.40.154
