88.99.13.2 - - [23/Nov/2024:20:02:40 +0530] "GET /wp-includes/js/mediaelement/wp-mediaelement.min.css?ver=6.7.1 HTTP/2.0" 200 1298 "https://www.google.com/url/?sa=t" "Mozilla/5.0 (X11; Linux x86_64) AppleWebKit/537.36 (KHTML, like Gecko) Chrome/117.0.0.0 Safari/537.36" www.jaiminimurti.in 103.53.40.154
88.99.13.2 - - [23/Nov/2024:20:02:40 +0530] "GET /wp-content/plugins/popup-maker/assets/css/pum-site.min.css?ver=1.18.2 HTTP/2.0" 200 2223 "https://www.google.com/url/?sa=t" "Mozilla/5.0 (X11; Linux x86_64) AppleWebKit/537.36 (KHTML, like Gecko) Chrome/117.0.0.0 Safari/537.36" www.jaiminimurti.in 103.53.40.154
88.99.13.2 - - [23/Nov/2024:20:02:40 +0530] "GET /wp-content/plugins/wp-popups-lite/src/assets/css/wppopups-base.css?ver=2.1.5.5 HTTP/2.0" 200 2223 "https://www.google.com/url/?sa=t" "Mozilla/5.0 (X11; Linux x86_64) AppleWebKit/537.36 (KHTML, like Gecko) Chrome/117.0.0.0 Safari/537.36" www.jaiminimurti.in 103.53.40.154
91.107.202.135 - - [23/Nov/2024:20:02:40 +0530] "GET /wp-content/plugins/revslider/sr6/assets/fonts/revicons/revicons.woff?5510888 HTTP/2.0" 200 7536 "https://www.google.com/url/?sa=t" "Mozilla/5.0 (X11; Linux x86_64) AppleWebKit/537.36 (KHTML, like Gecko) Chrome/117.0.0.0 Safari/537.36" www.jaiminimurti.in 103.53.40.154
91.107.202.135 - - [23/Nov/2024:20:02:40 +0530] "GET /wp-content/themes/woodmart/css/parts/wp-gutenberg.min.css?ver=7.0.4 HTTP/2.0" 200 2483 "https://www.google.com/url/?sa=t" "Mozilla/5.0 (X11; Linux x86_64) AppleWebKit/537.36 (KHTML, like Gecko) Chrome/117.0.0.0 Safari/537.36" www.jaiminimurti.in 103.53.40.154
5.75.228.162 - - [23/Nov/2024:20:02:40 +0530] "GET /wp-content/uploads/2024/02/xts-theme_settings_default-1708516618.css?ver=7.0.4 HTTP/2.0" 200 1244 "https://www.google.com/url/?sa=t" "Mozilla/5.0 (X11; Linux x86_64) AppleWebKit/537.36 (KHTML, like Gecko) Chrome/117.0.0.0 Safari/537.36" www.jaiminimurti.in 103.53.40.154
91.107.202.135 - - [23/Nov/2024:20:02:40 +0530] "GET /wp-content/plugins/jetpack/css/jetpack.css?ver=12.7.2 HTTP/2.0" 200 26741 "https://www.google.com/url/?sa=t" "Mozilla/5.0 (X11; Linux x86_64) AppleWebKit/537.36 (KHTML, like Gecko) Chrome/117.0.0.0 Safari/537.36" www.jaiminimurti.in 103.53.40.154
5.75.228.162 - - [23/Nov/2024:20:02:40 +0530] "GET /wp-content/plugins/jetpack/css/jetpack.css?ver=12.7.2 HTTP/2.0" 200 26741 "https://www.google.com/url/?sa=t" "Mozilla/5.0 (X11; Linux x86_64) AppleWebKit/537.36 (KHTML, like Gecko) Chrome/117.0.0.0 Safari/537.36" www.jaiminimurti.in 103.53.40.154
5.75.228.162 - - [23/Nov/2024:20:02:40 +0530] "GET /wp-includes/js/jquery/jquery-migrate.min.js?ver=3.4.1 HTTP/2.0" 200 5422 "https://www.google.com/url/?sa=t" "Mozilla/5.0 (X11; Linux x86_64) AppleWebKit/537.36 (KHTML, like Gecko) Chrome/117.0.0.0 Safari/537.36" www.jaiminimurti.in 103.53.40.154
5.75.228.162 - - [23/Nov/2024:20:02:40 +0530] "GET /wp-content/themes/woodmart/css/parts/mod-star-rating.min.css?ver=7.0.4 HTTP/2.0" 200 279 "https://www.google.com/url/?sa=t" "Mozilla/5.0 (X11; Linux x86_64) AppleWebKit/537.36 (KHTML, like Gecko) Chrome/117.0.0.0 Safari/537.36" www.jaiminimurti.in 103.53.40.154
138.201.158.24 - - [23/Nov/2024:20:02:40 +0530] "GET /wp-content/themes/woodmart/css/parts/woo-el-track-order.min.css?ver=7.0.4 HTTP/2.0" 200 356 "https://www.google.com/url/?sa=t" "Mozilla/5.0 (X11; Linux x86_64) AppleWebKit/537.36 (KHTML, like Gecko) Chrome/117.0.0.0 Safari/537.36" www.jaiminimurti.in 103.53.40.154
138.201.158.24 - - [23/Nov/2024:20:02:40 +0530] "GET /wp-content/themes/woodmart/css/parts/woo-gutenberg.min.css?ver=7.0.4 HTTP/2.0" 200 1855 "https://www.google.com/url/?sa=t" "Mozilla/5.0 (X11; Linux x86_64) AppleWebKit/537.36 (KHTML, like Gecko) Chrome/117.0.0.0 Safari/537.36" www.jaiminimurti.in 103.53.40.154
188.245.90.252 - - [23/Nov/2024:20:02:40 +0530] "GET /wp-content/themes/woodmart/js/scripts/global/ajaxSearch.min.js?ver=7.0.4 HTTP/2.0" 200 1596 "https://www.jaiminimurti.in/?bvspeed=true" "Mozilla/5.0 (Linux; Android 11; moto g power (2022)) AppleWebKit/537.36 (KHTML, like Gecko) Chrome/109.0.0.0 Mobile Safari/537.36" www.jaiminimurti.in 103.53.40.154
116.202.110.255 - - [23/Nov/2024:20:02:41 +0530] "GET /wp-content/themes/woodmart/js/scripts/wc/updateCartFragmentsFix.js?ver=7.0.4 HTTP/2.0" 200 652 "https://www.google.com/url/?sa=t" "Mozilla/5.0 (X11; Linux x86_64) AppleWebKit/537.36 (KHTML, like Gecko) Chrome/117.0.0.0 Safari/537.36" www.jaiminimurti.in 103.53.40.154
116.202.110.255 - - [23/Nov/2024:20:02:41 +0530] "GET /wp-content/plugins/woocommerce/assets/js/js-cookie/js.cookie.min.js?ver=2.1.4-wc.8.2.1 HTTP/2.0" 200 993 "https://www.google.com/url/?sa=t" "Mozilla/5.0 (X11; Linux x86_64) AppleWebKit/537.36 (KHTML, like Gecko) Chrome/117.0.0.0 Safari/537.36" www.jaiminimurti.in 103.53.40.154
116.202.110.255 - - [23/Nov/2024:20:02:41 +0530] "GET /wp-content/plugins/woocommerce/assets/js/frontend/woocommerce.min.js?ver=8.2.1 HTTP/2.0" 200 800 "https://www.google.com/url/?sa=t" "Mozilla/5.0 (X11; Linux x86_64) AppleWebKit/537.36 (KHTML, like Gecko) Chrome/117.0.0.0 Safari/537.36" www.jaiminimurti.in 103.53.40.154
116.202.110.255 - - [23/Nov/2024:20:02:41 +0530] "GET /wp-content/plugins/wp-popups-lite/src/assets/js/wppopups.js?ver=2.1.5.5 HTTP/2.0" 200 15224 "https://www.google.com/url/?sa=t" "Mozilla/5.0 (X11; Linux x86_64) AppleWebKit/537.36 (KHTML, like Gecko) Chrome/117.0.0.0 Safari/537.36" www.jaiminimurti.in 103.53.40.154
116.202.110.255 - - [23/Nov/2024:20:02:41 +0530] "GET /wp-content/plugins/revslider/sr6/assets/css/rs6.css?ver=6.7.18 HTTP/2.0" 200 16624 "https://www.google.com/url/?sa=t" "Mozilla/5.0 (X11; Linux x86_64) AppleWebKit/537.36 (KHTML, like Gecko) Chrome/117.0.0.0 Safari/537.36" www.jaiminimurti.in 103.53.40.154
116.202.110.255 - - [23/Nov/2024:20:02:41 +0530] "GET /wp-content/plugins/woocommerce/assets/js/jquery-blockui/jquery.blockUI.min.js?ver=2.7.0-wc.8.2.1 HTTP/2.0" 200 4014 "https://www.google.com/url/?sa=t" "Mozilla/5.0 (X11; Linux x86_64) AppleWebKit/537.36 (KHTML, like Gecko) Chrome/117.0.0.0 Safari/537.36" www.jaiminimurti.in 103.53.40.154
116.202.110.255 - - [23/Nov/2024:20:02:41 +0530] "GET /wp-includes/js/jquery/ui/core.min.js?ver=1.13.3 HTTP/2.0" 200 8375 "https://www.google.com/url/?sa=t" "Mozilla/5.0 (X11; Linux x86_64) AppleWebKit/537.36 (KHTML, like Gecko) Chrome/117.0.0.0 Safari/537.36" www.jaiminimurti.in 103.53.40.154
116.202.110.255 - - [23/Nov/2024:20:02:41 +0530] "GET /wp-content/plugins/woocommerce/assets/js/frontend/add-to-cart.min.js?ver=8.2.1 HTTP/2.0" 200 1201 "https://www.google.com/url/?sa=t" "Mozilla/5.0 (X11; Linux x86_64) AppleWebKit/537.36 (KHTML, like Gecko) Chrome/117.0.0.0 Safari/537.36" www.jaiminimurti.in 103.53.40.154
116.202.110.255 - - [23/Nov/2024:20:02:41 +0530] "GET /wp-content/plugins/elementor/assets/js/webpack.runtime.min.js?ver=3.24.7 HTTP/2.0" 200 2342 "https://www.google.com/url/?sa=t" "Mozilla/5.0 (X11; Linux x86_64) AppleWebKit/537.36 (KHTML, like Gecko) Chrome/117.0.0.0 Safari/537.36" www.jaiminimurti.in 103.53.40.154
116.202.110.255 - - [23/Nov/2024:20:02:41 +0530] "GET /wp-content/plugins/elementor/assets/js/frontend.min.js?ver=3.24.7 HTTP/2.0" 200 16533 "https://www.google.com/url/?sa=t" "Mozilla/5.0 (X11; Linux x86_64) AppleWebKit/537.36 (KHTML, like Gecko) Chrome/117.0.0.0 Safari/537.36" www.jaiminimurti.in 103.53.40.154
116.202.110.255 - - [23/Nov/2024:20:02:41 +0530] "GET /wp-content/themes/woodmart/js/scripts/global/helpers.min.js?ver=7.0.4 HTTP/2.0" 200 1784 "https://www.google.com/url/?sa=t" "Mozilla/5.0 (X11; Linux x86_64) AppleWebKit/537.36 (KHTML, like Gecko) Chrome/117.0.0.0 Safari/537.36" www.jaiminimurti.in 103.53.40.154
116.202.110.255 - - [23/Nov/2024:20:02:41 +0530] "GET /wp-content/themes/woodmart/js/scripts/global/scrollBar.min.js?ver=7.0.4 HTTP/2.0" 200 154 "https://www.google.com/url/?sa=t" "Mozilla/5.0 (X11; Linux x86_64) AppleWebKit/537.36 (KHTML, like Gecko) Chrome/117.0.0.0 Safari/537.36" www.jaiminimurti.in 103.53.40.154
116.202.110.255 - - [23/Nov/2024:20:02:41 +0530] "GET /wp-content/themes/woodmart/js/scripts/header/headerBuilder.min.js?ver=7.0.4 HTTP/2.0" 200 1022 "https://www.google.com/url/?sa=t" "Mozilla/5.0 (X11; Linux x86_64) AppleWebKit/537.36 (KHTML, like Gecko) Chrome/117.0.0.0 Safari/537.36" www.jaiminimurti.in 103.53.40.154
116.202.110.255 - - [23/Nov/2024:20:02:41 +0530] "GET /wp-content/themes/woodmart/js/scripts/menu/menuOffsets.min.js?ver=7.0.4 HTTP/2.0" 200 994 "https://www.google.com/url/?sa=t" "Mozilla/5.0 (X11; Linux x86_64) AppleWebKit/537.36 (KHTML, like Gecko) Chrome/117.0.0.0 Safari/537.36" www.jaiminimurti.in 103.53.40.154
116.202.110.255 - - [23/Nov/2024:20:02:41 +0530] "GET /wp-content/themes/woodmart/js/scripts/wc/addToCartAllTypes.min.js?ver=7.0.4 HTTP/2.0" 200 959 "https://www.google.com/url/?sa=t" "Mozilla/5.0 (X11; Linux x86_64) AppleWebKit/537.36 (KHTML, like Gecko) Chrome/117.0.0.0 Safari/537.36" www.jaiminimurti.in 103.53.40.154
116.202.110.255 - - [23/Nov/2024:20:02:41 +0530] "GET /wp-includes/js/wp-util.min.js?ver=6.7.1 HTTP/2.0" 200 758 "https://www.google.com/url/?sa=t" "Mozilla/5.0 (X11; Linux x86_64) AppleWebKit/537.36 (KHTML, like Gecko) Chrome/117.0.0.0 Safari/537.36" www.jaiminimurti.in 103.53.40.154
116.202.110.255 - - [23/Nov/2024:20:02:41 +0530] "GET /wp-content/themes/woodmart/js/scripts/wc/productHover.min.js?ver=7.0.4 HTTP/2.0" 200 1068 "https://www.google.com/url/?sa=t" "Mozilla/5.0 (X11; Linux x86_64) AppleWebKit/537.36 (KHTML, like Gecko) Chrome/117.0.0.0 Safari/537.36" www.jaiminimurti.in 103.53.40.154
116.202.110.255 - - [23/Nov/2024:20:02:41 +0530] "GET /wp-content/plugins/elementor/assets/js/frontend-modules.min.js?ver=3.24.7 HTTP/2.0" 200 29023 "https://www.google.com/url/?sa=t" "Mozilla/5.0 (X11; Linux x86_64) AppleWebKit/537.36 (KHTML, like Gecko) Chrome/117.0.0.0 Safari/537.36" www.jaiminimurti.in 103.53.40.154
116.202.110.255 - - [23/Nov/2024:20:02:41 +0530] "GET /wp-includes/js/imagesloaded.min.js?ver=5.0.0 HTTP/2.0" 200 2112 "https://www.google.com/url/?sa=t" "Mozilla/5.0 (X11; Linux x86_64) AppleWebKit/537.36 (KHTML, like Gecko) Chrome/117.0.0.0 Safari/537.36" www.jaiminimurti.in 103.53.40.154
116.202.110.255 - - [23/Nov/2024:20:02:41 +0530] "GET /wp-content/themes/woodmart/js/scripts/menu/menuSetUp.min.js?ver=7.0.4 HTTP/2.0" 200 550 "https://www.google.com/url/?sa=t" "Mozilla/5.0 (X11; Linux x86_64) AppleWebKit/537.36 (KHTML, like Gecko) Chrome/117.0.0.0 Safari/537.36" www.jaiminimurti.in 103.53.40.154
116.202.110.255 - - [23/Nov/2024:20:02:41 +0530] "GET /wp-content/themes/woodmart/js/scripts/header/mobileSearchIcon.min.js?ver=7.0.4 HTTP/2.0" 200 283 "https://www.google.com/url/?sa=t" "Mozilla/5.0 (X11; Linux x86_64) AppleWebKit/537.36 (KHTML, like Gecko) Chrome/117.0.0.0 Safari/537.36" www.jaiminimurti.in 103.53.40.154
116.202.110.255 - - [23/Nov/2024:20:02:41 +0530] "GET /wp-includes/js/underscore.min.js?ver=1.13.7 HTTP/2.0" 200 8337 "https://www.google.com/url/?sa=t" "Mozilla/5.0 (X11; Linux x86_64) AppleWebKit/537.36 (KHTML, like Gecko) Chrome/117.0.0.0 Safari/537.36" www.jaiminimurti.in 103.53.40.154
116.202.110.255 - - [23/Nov/2024:20:02:41 +0530] "GET /wp-content/plugins/woocommerce/assets/js/frontend/add-to-cart-variation.min.js?ver=8.2.1 HTTP/2.0" 200 4579 "https://www.google.com/url/?sa=t" "Mozilla/5.0 (X11; Linux x86_64) AppleWebKit/537.36 (KHTML, like Gecko) Chrome/117.0.0.0 Safari/537.36" www.jaiminimurti.in 103.53.40.154
116.202.110.255 - - [23/Nov/2024:20:02:41 +0530] "GET /wp-includes/js/dist/i18n.min.js?ver=5e580eb46a90c2b997e6 HTTP/2.0" 200 3937 "https://www.google.com/url/?sa=t" "Mozilla/5.0 (X11; Linux x86_64) AppleWebKit/537.36 (KHTML, like Gecko) Chrome/117.0.0.0 Safari/537.36" www.jaiminimurti.in 103.53.40.154
116.202.110.255 - - [23/Nov/2024:20:02:41 +0530] "GET /wp-content/themes/woodmart/js/scripts/wc/onRemoveFromCart.min.js?ver=7.0.4 HTTP/2.0" 200 231 "https://www.google.com/url/?sa=t" "Mozilla/5.0 (X11; Linux x86_64) AppleWebKit/537.36 (KHTML, like Gecko) Chrome/117.0.0.0 Safari/537.36" www.jaiminimurti.in 103.53.40.154
116.202.110.255 - - [23/Nov/2024:20:02:41 +0530] "GET /wp-content/themes/woodmart/js/scripts/wc/quickShop.min.js?ver=7.0.4 HTTP/2.0" 200 675 "https://www.google.com/url/?sa=t" "Mozilla/5.0 (X11; Linux x86_64) AppleWebKit/537.36 (KHTML, like Gecko) Chrome/117.0.0.0 Safari/537.36" www.jaiminimurti.in 103.53.40.154
116.202.110.255 - - [23/Nov/2024:20:02:41 +0530] "GET /wp-content/themes/woodmart/js/scripts/wc/swatchesVariations.min.js?ver=7.0.4 HTTP/2.0" 200 3344 "https://www.google.com/url/?sa=t" "Mozilla/5.0 (X11; Linux x86_64) AppleWebKit/537.36 (KHTML, like Gecko) Chrome/117.0.0.0 Safari/537.36" www.jaiminimurti.in 103.53.40.154
188.245.90.252 - - [23/Nov/2024:20:02:40 +0530] "GET /wp-content/themes/woodmart/js/scripts/global/searchFullScreen.min.js?ver=7.0.4 HTTP/2.0" 200 943 "https://www.jaiminimurti.in/?bvspeed=true" "Mozilla/5.0 (Linux; Android 11; moto g power (2022)) AppleWebKit/537.36 (KHTML, like Gecko) Chrome/109.0.0.0 Mobile Safari/537.36" www.jaiminimurti.in 103.53.40.154
116.202.110.255 - - [23/Nov/2024:20:02:41 +0530] "GET /wp-content/themes/woodmart/js/scripts/wc/woocommerceNotices.min.js?ver=7.0.4 HTTP/2.0" 200 286 "https://www.google.com/url/?sa=t" "Mozilla/5.0 (X11; Linux x86_64) AppleWebKit/537.36 (KHTML, like Gecko) Chrome/117.0.0.0 Safari/537.36" www.jaiminimurti.in 103.53.40.154
116.202.110.255 - - [23/Nov/2024:20:02:41 +0530] "GET /wp-content/plugins/popup-maker/assets/js/site.min.js?defer&ver=1.18.2 HTTP/2.0" 200 25862 "https://www.google.com/url/?sa=t" "Mozilla/5.0 (X11; Linux x86_64) AppleWebKit/537.36 (KHTML, like Gecko) Chrome/117.0.0.0 Safari/537.36" www.jaiminimurti.in 103.53.40.154
5.75.228.162 - - [23/Nov/2024:20:02:40 +0530] "GET /wp-includes/js/jquery/jquery.min.js?ver=3.7.1 HTTP/2.0" 200 38349 "https://www.google.com/url/?sa=t" "Mozilla/5.0 (X11; Linux x86_64) AppleWebKit/537.36 (KHTML, like Gecko) Chrome/117.0.0.0 Safari/537.36" www.jaiminimurti.in 103.53.40.154
5.75.228.162 - - [23/Nov/2024:20:02:40 +0530] "GET /wp-content/themes/woodmart/css/parts/woo-widget-wd-layered-nav.min.css?ver=7.0.4 HTTP/2.0" 200 617 "https://www.google.com/url/?sa=t" "Mozilla/5.0 (X11; Linux x86_64) AppleWebKit/537.36 (KHTML, like Gecko) Chrome/117.0.0.0 Safari/537.36" www.jaiminimurti.in 103.53.40.154
188.245.90.252 - - [23/Nov/2024:20:02:41 +0530] "GET /wp-content/uploads/2024/02/sharma-baba-150x150.png HTTP/2.0" 200 45455 "https://www.jaiminimurti.in/?bvspeed=true" "Mozilla/5.0 (Linux; Android 11; moto g power (2022)) AppleWebKit/537.36 (KHTML, like Gecko) Chrome/109.0.0.0 Mobile Safari/537.36" www.jaiminimurti.in 103.53.40.154
188.245.90.252 - - [23/Nov/2024:20:02:41 +0530] "GET /wp-content/uploads/2024/02/testi-3.png HTTP/2.0" 200 23764 "https://www.jaiminimurti.in/?bvspeed=true" "Mozilla/5.0 (Linux; Android 11; moto g power (2022)) AppleWebKit/537.36 (KHTML, like Gecko) Chrome/109.0.0.0 Mobile Safari/537.36" www.jaiminimurti.in 103.53.40.154
188.245.90.252 - - [23/Nov/2024:20:02:41 +0530] "GET /wp-content/uploads/2024/02/testi-1.png HTTP/2.0" 200 17739 "https://www.jaiminimurti.in/?bvspeed=true" "Mozilla/5.0 (Linux; Android 11; moto g power (2022)) AppleWebKit/537.36 (KHTML, like Gecko) Chrome/109.0.0.0 Mobile Safari/537.36" www.jaiminimurti.in 103.53.40.154
91.107.202.135 - - [23/Nov/2024:20:02:40 +0530] "GET /wp-content/uploads/elementor/css/post-818.css?ver=1724955932 HTTP/2.0" 200 90 "https://www.google.com/url/?sa=t" "Mozilla/5.0 (X11; Linux x86_64) AppleWebKit/537.36 (KHTML, like Gecko) Chrome/117.0.0.0 Safari/537.36" www.jaiminimurti.in 103.53.40.154
138.201.158.24 - - [23/Nov/2024:20:02:40 +0530] "GET /wp-content/themes/woodmart/css/parts/header-base.min.css?ver=7.0.4 HTTP/2.0" 200 3139 "https://www.google.com/url/?sa=t" "Mozilla/5.0 (X11; Linux x86_64) AppleWebKit/537.36 (KHTML, like Gecko) Chrome/117.0.0.0 Safari/537.36" www.jaiminimurti.in 103.53.40.154
138.201.158.24 - - [23/Nov/2024:20:02:41 +0530] "GET /wp-content/themes/woodmart/css/parts/mod-tools.min.css?ver=7.0.4 HTTP/2.0" 200 968 "https://www.google.com/url/?sa=t" "Mozilla/5.0 (X11; Linux x86_64) AppleWebKit/537.36 (KHTML, like Gecko) Chrome/117.0.0.0 Safari/537.36" www.jaiminimurti.in 103.53.40.154
138.201.158.24 - - [23/Nov/2024:20:02:41 +0530] "GET /wp-content/themes/woodmart/css/parts/header-el-cart-side.min.css?ver=7.0.4 HTTP/2.0" 200 365 "https://www.google.com/url/?sa=t" "Mozilla/5.0 (X11; Linux x86_64) AppleWebKit/537.36 (KHTML, like Gecko) Chrome/117.0.0.0 Safari/537.36" www.jaiminimurti.in 103.53.40.154
138.201.158.24 - - [23/Nov/2024:20:02:41 +0530] "GET /wp-content/themes/woodmart/css/parts/woo-mod-add-btn-replace.min.css?ver=7.0.4 HTTP/2.0" 200 483 "https://www.google.com/url/?sa=t" "Mozilla/5.0 (X11; Linux x86_64) AppleWebKit/537.36 (KHTML, like Gecko) Chrome/117.0.0.0 Safari/537.36" www.jaiminimurti.in 103.53.40.154
91.107.202.135 - - [23/Nov/2024:20:02:40 +0530] "GET /wp-includes/js/jquery/jquery.min.js?ver=3.7.1 HTTP/2.0" 200 38349 "https://www.google.com/url/?sa=t" "Mozilla/5.0 (X11; Linux x86_64) AppleWebKit/537.36 (KHTML, like Gecko) Chrome/117.0.0.0 Safari/537.36" www.jaiminimurti.in 103.53.40.154
188.245.90.252 - - [23/Nov/2024:20:02:41 +0530] "GET /wp-content/uploads/2024/01/Untitled-design-32.png HTTP/2.0" 200 161072 "https://www.jaiminimurti.in/?bvspeed=true" "Mozilla/5.0 (Linux; Android 11; moto g power (2022)) AppleWebKit/537.36 (KHTML, like Gecko) Chrome/109.0.0.0 Mobile Safari/537.36" www.jaiminimurti.in 103.53.40.154
88.99.13.2 - - [23/Nov/2024:20:02:41 +0530] "GET /wp-content/plugins/elementor/assets/lib/eicons/css/elementor-icons.min.css?ver=5.31.0 HTTP/2.0" 200 4136 "https://www.google.com/url/?sa=t" "Mozilla/5.0 (X11; Linux x86_64) AppleWebKit/537.36 (KHTML, like Gecko) Chrome/117.0.0.0 Safari/537.36" www.jaiminimurti.in 103.53.40.154
116.202.110.255 - - [23/Nov/2024:20:02:41 +0530] "GET /wp-content/uploads/2024/01/Untitled-design-32.png HTTP/2.0" 200 161072 "https://www.google.com/url/?sa=t" "Mozilla/5.0 (X11; Linux x86_64) AppleWebKit/537.36 (KHTML, like Gecko) Chrome/117.0.0.0 Safari/537.36" www.jaiminimurti.in 103.53.40.154
116.202.110.255 - - [23/Nov/2024:20:02:41 +0530] "GET /wp-content/uploads/2024/02/sharma-baba-150x150.png HTTP/2.0" 200 45455 "https://www.google.com/url/?sa=t" "Mozilla/5.0 (X11; Linux x86_64) AppleWebKit/537.36 (KHTML, like Gecko) Chrome/117.0.0.0 Safari/537.36" www.jaiminimurti.in 103.53.40.154
88.99.13.2 - - [23/Nov/2024:20:02:41 +0530] "GET /wp-content/plugins/elementor/assets/css/frontend.min.css?ver=3.24.7 HTTP/2.0" 200 10677 "https://www.google.com/url/?sa=t" "Mozilla/5.0 (X11; Linux x86_64) AppleWebKit/537.36 (KHTML, like Gecko) Chrome/117.0.0.0 Safari/537.36" www.jaiminimurti.in 103.53.40.154
88.99.13.2 - - [23/Nov/2024:20:02:41 +0530] "GET /wp-content/themes/woodmart/css/parts/widget-wd-recent-posts.min.css?ver=7.0.4 HTTP/2.0" 200 318 "https://www.google.com/url/?sa=t" "Mozilla/5.0 (X11; Linux x86_64) AppleWebKit/537.36 (KHTML, like Gecko) Chrome/117.0.0.0 Safari/537.36" www.jaiminimurti.in 103.53.40.154
88.99.13.2 - - [23/Nov/2024:20:02:41 +0530] "GET /wp-content/themes/woodmart/css/parts/mod-star-rating.min.css?ver=7.0.4 HTTP/2.0" 200 279 "https://www.google.com/url/?sa=t" "Mozilla/5.0 (X11; Linux x86_64) AppleWebKit/537.36 (KHTML, like Gecko) Chrome/117.0.0.0 Safari/537.36" www.jaiminimurti.in 103.53.40.154
88.99.13.2 - - [23/Nov/2024:20:02:41 +0530] "GET /wp-content/uploads/elementor/css/post-7.css?ver=1724956026 HTTP/2.0" 200 362 "https://www.google.com/url/?sa=t" "Mozilla/5.0 (X11; Linux x86_64) AppleWebKit/537.36 (KHTML, like Gecko) Chrome/117.0.0.0 Safari/537.36" www.jaiminimurti.in 103.53.40.154
88.99.13.2 - - [23/Nov/2024:20:02:41 +0530] "GET /wp-content/themes/woodmart/css/parts/woo-widget-layered-nav-stock-status.min.css?ver=7.0.4 HTTP/2.0" 200 454 "https://www.google.com/url/?sa=t" "Mozilla/5.0 (X11; Linux x86_64) AppleWebKit/537.36 (KHTML, like Gecko) Chrome/117.0.0.0 Safari/537.36" www.jaiminimurti.in 103.53.40.154
88.99.13.2 - - [23/Nov/2024:20:02:41 +0530] "GET /wp-content/themes/woodmart/css/parts/woo-widget-product-list.min.css?ver=7.0.4 HTTP/2.0" 200 387 "https://www.google.com/url/?sa=t" "Mozilla/5.0 (X11; Linux x86_64) AppleWebKit/537.36 (KHTML, like Gecko) Chrome/117.0.0.0 Safari/537.36" www.jaiminimurti.in 103.53.40.154
88.99.13.2 - - [23/Nov/2024:20:02:41 +0530] "GET /wp-content/themes/woodmart/css/parts/int-wpcf7.min.css?ver=7.0.4 HTTP/2.0" 200 477 "https://www.google.com/url/?sa=t" "Mozilla/5.0 (X11; Linux x86_64) AppleWebKit/537.36 (KHTML, like Gecko) Chrome/117.0.0.0 Safari/537.36" www.jaiminimurti.in 103.53.40.154
88.99.13.2 - - [23/Nov/2024:20:02:41 +0530] "GET /wp-content/themes/woodmart/css/parts/woo-mod-swatches-base.min.css?ver=7.0.4 HTTP/2.0" 200 857 "https://www.google.com/url/?sa=t" "Mozilla/5.0 (X11; Linux x86_64) AppleWebKit/537.36 (KHTML, like Gecko) Chrome/117.0.0.0 Safari/537.36" www.jaiminimurti.in 103.53.40.154
88.99.13.2 - - [23/Nov/2024:20:02:41 +0530] "GET /wp-content/themes/woodmart/css/parts/base-deprecated.min.css?ver=7.0.4 HTTP/2.0" 200 456 "https://www.google.com/url/?sa=t" "Mozilla/5.0 (X11; Linux x86_64) AppleWebKit/537.36 (KHTML, like Gecko) Chrome/117.0.0.0 Safari/537.36" www.jaiminimurti.in 103.53.40.154
88.99.13.2 - - [23/Nov/2024:20:02:41 +0530] "GET /wp-content/themes/woodmart/css/bootstrap-light.min.css?ver=7.0.4 HTTP/2.0" 200 1057 "https://www.google.com/url/?sa=t" "Mozilla/5.0 (X11; Linux x86_64) AppleWebKit/537.36 (KHTML, like Gecko) Chrome/117.0.0.0 Safari/537.36" www.jaiminimurti.in 103.53.40.154
88.99.13.2 - - [23/Nov/2024:20:02:41 +0530] "GET /wp-content/themes/woodmart/css/parts/wp-gutenberg.min.css?ver=7.0.4 HTTP/2.0" 200 2483 "https://www.google.com/url/?sa=t" "Mozilla/5.0 (X11; Linux x86_64) AppleWebKit/537.36 (KHTML, like Gecko) Chrome/117.0.0.0 Safari/537.36" www.jaiminimurti.in 103.53.40.154
88.99.13.2 - - [23/Nov/2024:20:02:41 +0530] "GET /wp-content/themes/woodmart/css/parts/woo-mod-swatches-filter.min.css?ver=7.0.4 HTTP/2.0" 200 668 "https://www.google.com/url/?sa=t" "Mozilla/5.0 (X11; Linux x86_64) AppleWebKit/537.36 (KHTML, like Gecko) Chrome/117.0.0.0 Safari/537.36" www.jaiminimurti.in 103.53.40.154
88.99.13.2 - - [23/Nov/2024:20:02:41 +0530] "GET /wp-content/plugins/elementor/assets/css/conditionals/e-swiper.min.css?ver=3.24.7 HTTP/2.0" 200 1082 "https://www.google.com/url/?sa=t" "Mozilla/5.0 (X11; Linux x86_64) AppleWebKit/537.36 (KHTML, like Gecko) Chrome/117.0.0.0 Safari/537.36" www.jaiminimurti.in 103.53.40.154
88.99.13.2 - - [23/Nov/2024:20:02:41 +0530] "GET /wp-content/themes/woodmart/css/parts/int-rev-slider.min.css?ver=7.0.4 HTTP/2.0" 200 190 "https://www.google.com/url/?sa=t" "Mozilla/5.0 (X11; Linux x86_64) AppleWebKit/537.36 (KHTML, like Gecko) Chrome/117.0.0.0 Safari/537.36" www.jaiminimurti.in 103.53.40.154
91.107.202.135 - - [23/Nov/2024:20:02:40 +0530] "GET /wp-content/themes/woodmart/css/parts/el-social-icons.min.css?ver=7.0.4 HTTP/2.0" 200 1283 "https://www.google.com/url/?sa=t" "Mozilla/5.0 (X11; Linux x86_64) AppleWebKit/537.36 (KHTML, like Gecko) Chrome/117.0.0.0 Safari/537.36" www.jaiminimurti.in 103.53.40.154
88.99.13.2 - - [23/Nov/2024:20:02:41 +0530] "GET /wp-content/uploads/elementor/css/post-3411.css?ver=1724976938 HTTP/2.0" 200 1760 "https://www.google.com/url/?sa=t" "Mozilla/5.0 (X11; Linux x86_64) AppleWebKit/537.36 (KHTML, like Gecko) Chrome/117.0.0.0 Safari/537.36" www.jaiminimurti.in 103.53.40.154
88.99.13.2 - - [23/Nov/2024:20:02:41 +0530] "GET /wp-content/themes/woodmart/css/parts/widget-nav.min.css?ver=7.0.4 HTTP/2.0" 200 201 "https://www.google.com/url/?sa=t" "Mozilla/5.0 (X11; Linux x86_64) AppleWebKit/537.36 (KHTML, like Gecko) Chrome/117.0.0.0 Safari/537.36" www.jaiminimurti.in 103.53.40.154
88.99.13.2 - - [23/Nov/2024:20:02:41 +0530] "GET /wp-content/themes/woodmart/css/parts/woo-widget-slider-price-filter.min.css?ver=7.0.4 HTTP/2.0" 200 722 "https://www.google.com/url/?sa=t" "Mozilla/5.0 (X11; Linux x86_64) AppleWebKit/537.36 (KHTML, like Gecko) Chrome/117.0.0.0 Safari/537.36" www.jaiminimurti.in 103.53.40.154
88.99.13.2 - - [23/Nov/2024:20:02:41 +0530] "GET /wp-content/themes/woodmart/css/parts/int-elem-base.min.css?ver=7.0.4 HTTP/2.0" 200 1017 "https://www.google.com/url/?sa=t" "Mozilla/5.0 (X11; Linux x86_64) AppleWebKit/537.36 (KHTML, like Gecko) Chrome/117.0.0.0 Safari/537.36" www.jaiminimurti.in 103.53.40.154
88.99.13.2 - - [23/Nov/2024:20:02:41 +0530] "GET /wp-content/themes/woodmart/css/parts/woocommerce-base.min.css?ver=7.0.4 HTTP/2.0" 200 1894 "https://www.google.com/url/?sa=t" "Mozilla/5.0 (X11; Linux x86_64) AppleWebKit/537.36 (KHTML, like Gecko) Chrome/117.0.0.0 Safari/537.36" www.jaiminimurti.in 103.53.40.154
116.202.110.255 - - [23/Nov/2024:20:02:41 +0530] "GET /wp-content/uploads/2024/02/testi-3.png HTTP/2.0" 200 23764 "https://www.google.com/url/?sa=t" "Mozilla/5.0 (X11; Linux x86_64) AppleWebKit/537.36 (KHTML, like Gecko) Chrome/117.0.0.0 Safari/537.36" www.jaiminimurti.in 103.53.40.154
88.99.13.2 - - [23/Nov/2024:20:02:41 +0530] "GET /wp-content/plugins/mystickyelements/intl-tel-input-src/build/css/intlTelInput.css?ver=2.1.6 HTTP/2.0" 200 3129 "https://www.google.com/url/?sa=t" "Mozilla/5.0 (X11; Linux x86_64) AppleWebKit/537.36 (KHTML, like Gecko) Chrome/117.0.0.0 Safari/537.36" www.jaiminimurti.in 103.53.40.154
138.201.158.24 - - [23/Nov/2024:20:02:41 +0530] "GET /wp-content/themes/woodmart/css/parts/header-el-search.min.css?ver=7.0.4 HTTP/2.0" 200 349 "https://www.google.com/url/?sa=t" "Mozilla/5.0 (X11; Linux x86_64) AppleWebKit/537.36 (KHTML, like Gecko) Chrome/117.0.0.0 Safari/537.36" www.jaiminimurti.in 103.53.40.154
138.201.158.24 - - [23/Nov/2024:20:02:41 +0530] "GET /wp-content/themes/woodmart/css/parts/header-el-cart.min.css?ver=7.0.4 HTTP/2.0" 200 577 "https://www.google.com/url/?sa=t" "Mozilla/5.0 (X11; Linux x86_64) AppleWebKit/537.36 (KHTML, like Gecko) Chrome/117.0.0.0 Safari/537.36" www.jaiminimurti.in 103.53.40.154
138.201.158.24 - - [23/Nov/2024:20:02:41 +0530] "GET /wp-content/themes/woodmart/css/parts/woo-widget-shopping-cart.min.css?ver=7.0.4 HTTP/2.0" 200 1436 "https://www.google.com/url/?sa=t" "Mozilla/5.0 (X11; Linux x86_64) AppleWebKit/537.36 (KHTML, like Gecko) Chrome/117.0.0.0 Safari/537.36" www.jaiminimurti.in 103.53.40.154
138.201.158.24 - - [23/Nov/2024:20:02:41 +0530] "GET /wp-content/themes/woodmart/css/parts/woo-product-loop.min.css?ver=7.0.4 HTTP/2.0" 200 1854 "https://www.google.com/url/?sa=t" "Mozilla/5.0 (X11; Linux x86_64) AppleWebKit/537.36 (KHTML, like Gecko) Chrome/117.0.0.0 Safari/537.36" www.jaiminimurti.in 103.53.40.154
138.201.158.24 - - [23/Nov/2024:20:02:41 +0530] "GET /wp-content/themes/woodmart/css/parts/woo-product-loop-base.min.css?ver=7.0.4 HTTP/2.0" 200 2245 "https://www.google.com/url/?sa=t" "Mozilla/5.0 (X11; Linux x86_64) AppleWebKit/537.36 (KHTML, like Gecko) Chrome/117.0.0.0 Safari/537.36" www.jaiminimurti.in 103.53.40.154
138.201.158.24 - - [23/Nov/2024:20:02:41 +0530] "GET /wp-content/themes/woodmart/css/parts/mod-more-description.min.css?ver=7.0.4 HTTP/2.0" 200 517 "https://www.google.com/url/?sa=t" "Mozilla/5.0 (X11; Linux x86_64) AppleWebKit/537.36 (KHTML, like Gecko) Chrome/117.0.0.0 Safari/537.36" www.jaiminimurti.in 103.53.40.154
88.99.13.2 - - [23/Nov/2024:20:02:41 +0530] "GET /wp-content/themes/woodmart/css/parts/woo-widget-wd-layered-nav.min.css?ver=7.0.4 HTTP/2.0" 200 617 "https://www.google.com/url/?sa=t" "Mozilla/5.0 (X11; Linux x86_64) AppleWebKit/537.36 (KHTML, like Gecko) Chrome/117.0.0.0 Safari/537.36" www.jaiminimurti.in 103.53.40.154
138.201.158.24 - - [23/Nov/2024:20:02:41 +0530] "GET /wp-content/themes/woodmart/css/parts/woo-mod-swatches-style-1.min.css?ver=7.0.4 HTTP/2.0" 200 340 "https://www.google.com/url/?sa=t" "Mozilla/5.0 (X11; Linux x86_64) AppleWebKit/537.36 (KHTML, like Gecko) Chrome/117.0.0.0 Safari/537.36" www.jaiminimurti.in 103.53.40.154
138.201.158.24 - - [23/Nov/2024:20:02:41 +0530] "GET /wp-content/themes/woodmart/css/parts/woo-mod-product-labels-round.min.css?ver=7.0.4 HTTP/2.0" 200 245 "https://www.google.com/url/?sa=t" "Mozilla/5.0 (X11; Linux x86_64) AppleWebKit/537.36 (KHTML, like Gecko) Chrome/117.0.0.0 Safari/537.36" www.jaiminimurti.in 103.53.40.154
138.201.158.24 - - [23/Nov/2024:20:02:41 +0530] "GET /wp-content/themes/woodmart/css/parts/el-testimonial-old.min.css?ver=7.0.4 HTTP/2.0" 200 691 "https://www.google.com/url/?sa=t" "Mozilla/5.0 (X11; Linux x86_64) AppleWebKit/537.36 (KHTML, like Gecko) Chrome/117.0.0.0 Safari/537.36" www.jaiminimurti.in 103.53.40.154
138.201.158.24 - - [23/Nov/2024:20:02:41 +0530] "GET /wp-content/themes/woodmart/css/parts/el-list.min.css?ver=7.0.4 HTTP/2.0" 200 459 "https://www.google.com/url/?sa=t" "Mozilla/5.0 (X11; Linux x86_64) AppleWebKit/537.36 (KHTML, like Gecko) Chrome/117.0.0.0 Safari/537.36" www.jaiminimurti.in 103.53.40.154
138.201.158.24 - - [23/Nov/2024:20:02:41 +0530] "GET /wp-content/themes/woodmart/css/parts/el-social-icons.min.css?ver=7.0.4 HTTP/2.0" 200 1283 "https://www.google.com/url/?sa=t" "Mozilla/5.0 (X11; Linux x86_64) AppleWebKit/537.36 (KHTML, like Gecko) Chrome/117.0.0.0 Safari/537.36" www.jaiminimurti.in 103.53.40.154
138.201.158.24 - - [23/Nov/2024:20:02:41 +0530] "GET /wp-content/themes/woodmart/css/parts/opt-scrolltotop.min.css?ver=7.0.4 HTTP/2.0" 200 434 "https://www.google.com/url/?sa=t" "Mozilla/5.0 (X11; Linux x86_64) AppleWebKit/537.36 (KHTML, like Gecko) Chrome/117.0.0.0 Safari/537.36" www.jaiminimurti.in 103.53.40.154
138.201.158.24 - - [23/Nov/2024:20:02:41 +0530] "GET /wp-content/themes/woodmart/css/parts/wd-search-results.min.css?ver=7.0.4 HTTP/2.0" 200 717 "https://www.google.com/url/?sa=t" "Mozilla/5.0 (X11; Linux x86_64) AppleWebKit/537.36 (KHTML, like Gecko) Chrome/117.0.0.0 Safari/537.36" www.jaiminimurti.in 103.53.40.154
138.201.158.24 - - [23/Nov/2024:20:02:41 +0530] "GET /wp-content/uploads/2024/02/xts-theme_settings_default-1708516618.css?ver=7.0.4 HTTP/2.0" 200 1244 "https://www.google.com/url/?sa=t" "Mozilla/5.0 (X11; Linux x86_64) AppleWebKit/537.36 (KHTML, like Gecko) Chrome/117.0.0.0 Safari/537.36" www.jaiminimurti.in 103.53.40.154
88.99.13.2 - - [23/Nov/2024:20:02:41 +0530] "GET /wp-content/plugins/mystickyelements/css/font-awesome.min.css?ver=2.1.6 HTTP/2.0" 200 11915 "https://www.google.com/url/?sa=t" "Mozilla/5.0 (X11; Linux x86_64) AppleWebKit/537.36 (KHTML, like Gecko) Chrome/117.0.0.0 Safari/537.36" www.jaiminimurti.in 103.53.40.154
88.99.13.2 - - [23/Nov/2024:20:02:41 +0530] "GET /wp-content/plugins/elementor/assets/lib/swiper/v8/css/swiper.min.css?ver=8.4.5 HTTP/2.0" 200 5361 "https://www.google.com/url/?sa=t" "Mozilla/5.0 (X11; Linux x86_64) AppleWebKit/537.36 (KHTML, like Gecko) Chrome/117.0.0.0 Safari/537.36" www.jaiminimurti.in 103.53.40.154
91.107.202.135 - - [23/Nov/2024:20:02:40 +0530] "GET /wp-content/themes/woodmart/css/parts/header-el-search-fullscreen-1.min.css?ver=7.0.4 HTTP/2.0" 200 1402 "https://www.google.com/url/?sa=t" "Mozilla/5.0 (X11; Linux x86_64) AppleWebKit/537.36 (KHTML, like Gecko) Chrome/117.0.0.0 Safari/537.36" www.jaiminimurti.in 103.53.40.154
5.75.228.162 - - [23/Nov/2024:20:02:41 +0530] "GET /wp-content/uploads/elementor/css/post-818.css?ver=1724955932 HTTP/2.0" 200 90 "https://www.google.com/url/?sa=t" "Mozilla/5.0 (X11; Linux x86_64) AppleWebKit/537.36 (KHTML, like Gecko) Chrome/117.0.0.0 Safari/537.36" www.jaiminimurti.in 103.53.40.154
138.201.158.24 - - [23/Nov/2024:20:02:41 +0530] "GET /wp-content/themes/woodmart/css/parts/woo-opt-bordered-product.min.css?ver=7.0.4 HTTP/2.0" 200 847 "https://www.google.com/url/?sa=t" "Mozilla/5.0 (X11; Linux x86_64) AppleWebKit/537.36 (KHTML, like Gecko) Chrome/117.0.0.0 Safari/537.36" www.jaiminimurti.in 103.53.40.154
138.201.158.24 - - [23/Nov/2024:20:02:41 +0530] "GET /wp-content/themes/woodmart/css/parts/woo-mod-quantity.min.css?ver=7.0.4 HTTP/2.0" 200 461 "https://www.google.com/url/?sa=t" "Mozilla/5.0 (X11; Linux x86_64) AppleWebKit/537.36 (KHTML, like Gecko) Chrome/117.0.0.0 Safari/537.36" www.jaiminimurti.in 103.53.40.154
138.201.158.24 - - [23/Nov/2024:20:02:41 +0530] "GET /wp-content/themes/woodmart/css/parts/woo-mod-product-labels.min.css?ver=7.0.4 HTTP/2.0" 200 398 "https://www.google.com/url/?sa=t" "Mozilla/5.0 (X11; Linux x86_64) AppleWebKit/537.36 (KHTML, like Gecko) Chrome/117.0.0.0 Safari/537.36" www.jaiminimurti.in 103.53.40.154
138.201.158.24 - - [23/Nov/2024:20:02:41 +0530] "GET /wp-content/themes/woodmart/css/parts/lib-photoswipe.min.css?ver=7.0.4 HTTP/2.0" 200 2241 "https://www.google.com/url/?sa=t" "Mozilla/5.0 (X11; Linux x86_64) AppleWebKit/537.36 (KHTML, like Gecko) Chrome/117.0.0.0 Safari/537.36" www.jaiminimurti.in 103.53.40.154
138.201.158.24 - - [23/Nov/2024:20:02:41 +0530] "GET /wp-content/themes/woodmart/css/parts/wd-search-form.min.css?ver=7.0.4 HTTP/2.0" 200 517 "https://www.google.com/url/?sa=t" "Mozilla/5.0 (X11; Linux x86_64) AppleWebKit/537.36 (KHTML, like Gecko) Chrome/117.0.0.0 Safari/537.36" www.jaiminimurti.in 103.53.40.154
88.99.13.2 - - [23/Nov/2024:20:02:41 +0530] "GET /wp-content/themes/woodmart/css/parts/base.min.css?ver=7.0.4 HTTP/2.0" 200 14801 "https://www.google.com/url/?sa=t" "Mozilla/5.0 (X11; Linux x86_64) AppleWebKit/537.36 (KHTML, like Gecko) Chrome/117.0.0.0 Safari/537.36" www.jaiminimurti.in 103.53.40.154
5.75.228.162 - - [23/Nov/2024:20:02:40 +0530] "GET /wp-content/themes/woodmart/css/parts/widget-nav.min.css?ver=7.0.4 HTTP/2.0" 200 201 "https://www.google.com/url/?sa=t" "Mozilla/5.0 (X11; Linux x86_64) AppleWebKit/537.36 (KHTML, like Gecko) Chrome/117.0.0.0 Safari/537.36" www.jaiminimurti.in 103.53.40.154
138.201.158.24 - - [23/Nov/2024:20:02:41 +0530] "GET /wp-content/themes/woodmart/css/parts/header-el-search-fullscreen-1.min.css?ver=7.0.4 HTTP/2.0" 200 1402 "https://www.google.com/url/?sa=t" "Mozilla/5.0 (X11; Linux x86_64) AppleWebKit/537.36 (KHTML, like Gecko) Chrome/117.0.0.0 Safari/537.36" www.jaiminimurti.in 103.53.40.154
138.201.158.24 - - [23/Nov/2024:20:02:41 +0530] "GET /wp-content/uploads/2024/01/xts-header_821362-1706706043.css?ver=7.0.4 HTTP/2.0" 200 347 "https://www.google.com/url/?sa=t" "Mozilla/5.0 (X11; Linux x86_64) AppleWebKit/537.36 (KHTML, like Gecko) Chrome/117.0.0.0 Safari/537.36" www.jaiminimurti.in 103.53.40.154
91.107.202.135 - - [23/Nov/2024:20:02:40 +0530] "GET /wp-content/themes/woodmart/css/parts/el-section-title.min.css?ver=7.0.4 HTTP/2.0" 200 1377 "https://www.google.com/url/?sa=t" "Mozilla/5.0 (X11; Linux x86_64) AppleWebKit/537.36 (KHTML, like Gecko) Chrome/117.0.0.0 Safari/537.36" www.jaiminimurti.in 103.53.40.154
88.99.13.2 - - [23/Nov/2024:20:02:41 +0530] "GET /wp-content/plugins/mystickyelements/css/mystickyelements-front.min.css?ver=2.1.6 HTTP/2.0" 200 21454 "https://www.google.com/url/?sa=t" "Mozilla/5.0 (X11; Linux x86_64) AppleWebKit/537.36 (KHTML, like Gecko) Chrome/117.0.0.0 Safari/537.36" www.jaiminimurti.in 103.53.40.154
188.245.61.191 - - [23/Nov/2024:20:02:41 +0530] "POST /wp-load.php?117ea7=47259 HTTP/1.1" 200 1128 "https://www.jaiminimurti.in/" "Mozilla/5.0 (Windows NT 10.0; Win64; x64) AppleWebKit/537.36 (KHTML, like Gecko) Chrome/104.0.5112.97 Safari/537.36" www.jaiminimurti.in 103.53.40.154
138.201.158.24 - - [23/Nov/2024:20:02:41 +0530] "GET /wp-content/themes/woodmart/css/parts/el-text-block.min.css?ver=7.0.4 HTTP/2.0" 200 141 "https://www.google.com/url/?sa=t" "Mozilla/5.0 (X11; Linux x86_64) AppleWebKit/537.36 (KHTML, like Gecko) Chrome/117.0.0.0 Safari/537.36" www.jaiminimurti.in 103.53.40.154
138.201.158.24 - - [23/Nov/2024:20:02:41 +0530] "GET /wp-content/themes/woodmart/css/parts/header-el-search-fullscreen-general.min.css?ver=7.0.4 HTTP/2.0" 200 823 "https://www.google.com/url/?sa=t" "Mozilla/5.0 (X11; Linux x86_64) AppleWebKit/537.36 (KHTML, like Gecko) Chrome/117.0.0.0 Safari/537.36" www.jaiminimurti.in 103.53.40.154
138.201.158.24 - - [23/Nov/2024:20:02:41 +0530] "GET /wp-content/plugins/jetpack/css/jetpack.css?ver=12.7.2 HTTP/2.0" 200 26741 "https://www.google.com/url/?sa=t" "Mozilla/5.0 (X11; Linux x86_64) AppleWebKit/537.36 (KHTML, like Gecko) Chrome/117.0.0.0 Safari/537.36" www.jaiminimurti.in 103.53.40.154
188.245.90.252 - - [23/Nov/2024:20:02:41 +0530] "GET /wp-content/uploads/2024/10/12.jpg HTTP/2.0" 200 131101 "https://www.jaiminimurti.in/?bvspeed=true" "Mozilla/5.0 (Linux; Android 11; moto g power (2022)) AppleWebKit/537.36 (KHTML, like Gecko) Chrome/109.0.0.0 Mobile Safari/537.36" www.jaiminimurti.in 103.53.40.154
138.201.158.24 - - [23/Nov/2024:20:02:41 +0530] "GET /wp-content/themes/woodmart/css/parts/woo-mod-quantity-overlap.min.css?ver=7.0.4 HTTP/2.0" 200 508 "https://www.google.com/url/?sa=t" "Mozilla/5.0 (X11; Linux x86_64) AppleWebKit/537.36 (KHTML, like Gecko) Chrome/117.0.0.0 Safari/537.36" www.jaiminimurti.in 103.53.40.154
138.201.158.24 - - [23/Nov/2024:20:02:41 +0530] "GET /wp-content/themes/woodmart/css/parts/woo-mod-swatches-dis-style-1.min.css?ver=7.0.4 HTTP/2.0" 200 94 "https://www.google.com/url/?sa=t" "Mozilla/5.0 (X11; Linux x86_64) AppleWebKit/537.36 (KHTML, like Gecko) Chrome/117.0.0.0 Safari/537.36" www.jaiminimurti.in 103.53.40.154
138.201.158.24 - - [23/Nov/2024:20:02:41 +0530] "GET /wp-includes/js/jquery/jquery.min.js?ver=3.7.1 HTTP/2.0" 200 38349 "https://www.google.com/url/?sa=t" "Mozilla/5.0 (X11; Linux x86_64) AppleWebKit/537.36 (KHTML, like Gecko) Chrome/117.0.0.0 Safari/537.36" www.jaiminimurti.in 103.53.40.154
138.201.158.24 - - [23/Nov/2024:20:02:41 +0530] "GET /wp-includes/js/jquery/jquery-migrate.min.js?ver=3.4.1 HTTP/2.0" 200 5422 "https://www.google.com/url/?sa=t" "Mozilla/5.0 (X11; Linux x86_64) AppleWebKit/537.36 (KHTML, like Gecko) Chrome/117.0.0.0 Safari/537.36" www.jaiminimurti.in 103.53.40.154
138.201.158.24 - - [23/Nov/2024:20:02:41 +0530] "GET /wp-content/themes/woodmart/css/parts/el-section-title.min.css?ver=7.0.4 HTTP/2.0" 200 1377 "https://www.google.com/url/?sa=t" "Mozilla/5.0 (X11; Linux x86_64) AppleWebKit/537.36 (KHTML, like Gecko) Chrome/117.0.0.0 Safari/537.36" www.jaiminimurti.in 103.53.40.154
188.245.90.252 - - [23/Nov/2024:20:02:41 +0530] "GET /wp-content/uploads/2024/10/3-removebg-preview.png HTTP/2.0" 200 228305 "https://www.jaiminimurti.in/?bvspeed=true" "Mozilla/5.0 (Linux; Android 11; moto g power (2022)) AppleWebKit/537.36 (KHTML, like Gecko) Chrome/109.0.0.0 Mobile Safari/537.36" www.jaiminimurti.in 103.53.40.154
188.245.90.252 - - [23/Nov/2024:20:02:41 +0530] "GET /wp-content/uploads/2024/10/3-removebg-preview-1.png HTTP/2.0" 200 269584 "https://www.jaiminimurti.in/?bvspeed=true" "Mozilla/5.0 (Linux; Android 11; moto g power (2022)) AppleWebKit/537.36 (KHTML, like Gecko) Chrome/109.0.0.0 Mobile Safari/537.36" www.jaiminimurti.in 103.53.40.154
138.201.158.24 - - [23/Nov/2024:20:02:41 +0530] "GET /wp-content/themes/woodmart/css/parts/footer-base.min.css?ver=7.0.4 HTTP/2.0" 200 445 "https://www.google.com/url/?sa=t" "Mozilla/5.0 (X11; Linux x86_64) AppleWebKit/537.36 (KHTML, like Gecko) Chrome/117.0.0.0 Safari/537.36" www.jaiminimurti.in 103.53.40.154
188.245.90.252 - - [23/Nov/2024:20:02:41 +0530] "GET /wp-content/uploads/2024/10/05.jpg HTTP/2.0" 200 144135 "https://www.jaiminimurti.in/?bvspeed=true" "Mozilla/5.0 (Linux; Android 11; moto g power (2022)) AppleWebKit/537.36 (KHTML, like Gecko) Chrome/109.0.0.0 Mobile Safari/537.36" www.jaiminimurti.in 103.53.40.154
188.245.90.252 - - [23/Nov/2024:20:02:41 +0530] "GET /wp-content/plugins/mystickyelements/fonts/fa-brands-400.woff2 HTTP/2.0" 200 109808 "https://www.jaiminimurti.in/wp-content/plugins/mystickyelements/css/font-awesome.min.css?ver=2.1.6" "Mozilla/5.0 (Linux; Android 11; moto g power (2022)) AppleWebKit/537.36 (KHTML, like Gecko) Chrome/109.0.0.0 Mobile Safari/537.36" www.jaiminimurti.in 103.53.40.154
138.201.158.24 - - [23/Nov/2024:20:02:41 +0530] "GET /wp-content/themes/woodmart/css/parts/el-info-box.min.css?ver=7.0.4 HTTP/2.0" 200 1620 "https://www.google.com/url/?sa=t" "Mozilla/5.0 (X11; Linux x86_64) AppleWebKit/537.36 (KHTML, like Gecko) Chrome/117.0.0.0 Safari/537.36" www.jaiminimurti.in 103.53.40.154
188.245.90.252 - - [23/Nov/2024:20:02:41 +0530] "GET /wp-content/plugins/mystickyelements/js/mailcheck.js?ver=2.1.6 HTTP/2.0" 200 3379 "https://www.jaiminimurti.in/?bvspeed=true" "Mozilla/5.0 (Linux; Android 11; moto g power (2022)) AppleWebKit/537.36 (KHTML, like Gecko) Chrome/109.0.0.0 Mobile Safari/537.36" www.jaiminimurti.in 103.53.40.154
188.245.90.252 - - [23/Nov/2024:20:02:41 +0530] "GET /wp-content/uploads/2024/10/14.jpg HTTP/2.0" 200 55210 "https://www.jaiminimurti.in/?bvspeed=true" "Mozilla/5.0 (Linux; Android 11; moto g power (2022)) AppleWebKit/537.36 (KHTML, like Gecko) Chrome/109.0.0.0 Mobile Safari/537.36" www.jaiminimurti.in 103.53.40.154
188.245.90.252 - - [23/Nov/2024:20:02:41 +0530] "GET /wp-content/uploads/2024/09/2.jpg HTTP/2.0" 200 183711 "https://www.jaiminimurti.in/?bvspeed=true" "Mozilla/5.0 (Linux; Android 11; moto g power (2022)) AppleWebKit/537.36 (KHTML, like Gecko) Chrome/109.0.0.0 Mobile Safari/537.36" www.jaiminimurti.in 103.53.40.154
188.245.90.252 - - [23/Nov/2024:20:02:41 +0530] "GET /wp-content/uploads/2023/10/Untitled-design-31.png HTTP/2.0" 200 184197 "https://www.jaiminimurti.in/?bvspeed=true" "Mozilla/5.0 (Linux; Android 11; moto g power (2022)) AppleWebKit/537.36 (KHTML, like Gecko) Chrome/109.0.0.0 Mobile Safari/537.36" www.jaiminimurti.in 103.53.40.154
188.245.90.252 - - [23/Nov/2024:20:02:41 +0530] "GET /wp-content/uploads/2024/10/1-1.jpg HTTP/2.0" 200 22473 "https://www.jaiminimurti.in/?bvspeed=true" "Mozilla/5.0 (Linux; Android 11; moto g power (2022)) AppleWebKit/537.36 (KHTML, like Gecko) Chrome/109.0.0.0 Mobile Safari/537.36" www.jaiminimurti.in 103.53.40.154
188.245.90.252 - - [23/Nov/2024:20:02:41 +0530] "GET /wp-content/uploads/2024/10/01-1.jpg HTTP/2.0" 200 15294 "https://www.jaiminimurti.in/?bvspeed=true" "Mozilla/5.0 (Linux; Android 11; moto g power (2022)) AppleWebKit/537.36 (KHTML, like Gecko) Chrome/109.0.0.0 Mobile Safari/537.36" www.jaiminimurti.in 103.53.40.154
138.201.158.24 - - [23/Nov/2024:20:02:41 +0530] "GET /wp-includes/js/dist/hooks.min.js?ver=4d63a3d491d11ffd8ac6 HTTP/2.0" 200 1717 "https://www.google.com/url/?sa=t" "Mozilla/5.0 (X11; Linux x86_64) AppleWebKit/537.36 (KHTML, like Gecko) Chrome/117.0.0.0 Safari/537.36" www.jaiminimurti.in 103.53.40.154
138.201.158.24 - - [23/Nov/2024:20:02:41 +0530] "GET /wp-content/themes/woodmart/js/libs/device.min.js?ver=7.0.4 HTTP/2.0" 200 1274 "https://www.google.com/url/?sa=t" "Mozilla/5.0 (X11; Linux x86_64) AppleWebKit/537.36 (KHTML, like Gecko) Chrome/117.0.0.0 Safari/537.36" www.jaiminimurti.in 103.53.40.154
138.201.158.24 - - [23/Nov/2024:20:02:41 +0530] "GET /wp-content/uploads/2023/10/logo1.jpg HTTP/2.0" 200 29633 "https://www.google.com/url/?sa=t" "Mozilla/5.0 (X11; Linux x86_64) AppleWebKit/537.36 (KHTML, like Gecko) Chrome/117.0.0.0 Safari/537.36" www.jaiminimurti.in 103.53.40.154
138.201.158.24 - - [23/Nov/2024:20:02:41 +0530] "GET /wp-content/plugins/revslider/sr6/assets/assets/dummy.png HTTP/2.0" 200 68 "https://www.google.com/url/?sa=t" "Mozilla/5.0 (X11; Linux x86_64) AppleWebKit/537.36 (KHTML, like Gecko) Chrome/117.0.0.0 Safari/537.36" www.jaiminimurti.in 103.53.40.154
138.201.158.24 - - [23/Nov/2024:20:02:41 +0530] "GET /wp-content/plugins/revslider/sr6/assets/fonts/revicons/revicons.woff?5510888 HTTP/2.0" 200 7536 "https://www.google.com/url/?sa=t" "Mozilla/5.0 (X11; Linux x86_64) AppleWebKit/537.36 (KHTML, like Gecko) Chrome/117.0.0.0 Safari/537.36" www.jaiminimurti.in 103.53.40.154
91.107.202.135 - - [23/Nov/2024:20:02:41 +0530] "GET /wp-content/plugins/revslider/sr6/assets/css/rs6.css?ver=6.7.18 HTTP/2.0" 200 16624 "https://www.google.com/url/?sa=t" "Mozilla/5.0 (X11; Linux x86_64) AppleWebKit/537.36 (KHTML, like Gecko) Chrome/117.0.0.0 Safari/537.36" www.jaiminimurti.in 103.53.40.154
188.245.90.252 - - [23/Nov/2024:20:02:41 +0530] "GET /wp-content/uploads/2024/10/9-removebg-preview.png HTTP/2.0" 200 314128 "https://www.jaiminimurti.in/?bvspeed=true" "Mozilla/5.0 (Linux; Android 11; moto g power (2022)) AppleWebKit/537.36 (KHTML, like Gecko) Chrome/109.0.0.0 Mobile Safari/537.36" www.jaiminimurti.in 103.53.40.154
188.245.90.252 - - [23/Nov/2024:20:02:41 +0530] "GET /wp-content/uploads/2023/10/istockphoto-1159677762-640x640-1.jpg HTTP/2.0" 200 18640 "https://www.jaiminimurti.in/?bvspeed=true" "Mozilla/5.0 (Linux; Android 11; moto g power (2022)) AppleWebKit/537.36 (KHTML, like Gecko) Chrome/109.0.0.0 Mobile Safari/537.36" www.jaiminimurti.in 103.53.40.154
188.245.90.252 - - [23/Nov/2024:20:02:41 +0530] "GET /wp-content/plugins/mystickyelements/fonts/fa-solid-900.woff2 HTTP/2.0" 200 150020 "https://www.jaiminimurti.in/wp-content/plugins/mystickyelements/css/font-awesome.min.css?ver=2.1.6" "Mozilla/5.0 (Linux; Android 11; moto g power (2022)) AppleWebKit/537.36 (KHTML, like Gecko) Chrome/109.0.0.0 Mobile Safari/537.36" www.jaiminimurti.in 103.53.40.154
188.245.90.252 - - [23/Nov/2024:20:02:41 +0530] "GET /wp-content/plugins/mystickyelements/js/jquery.cookie.js?ver=2.1.6 HTTP/2.0" 200 790 "https://www.jaiminimurti.in/?bvspeed=true" "Mozilla/5.0 (Linux; Android 11; moto g power (2022)) AppleWebKit/537.36 (KHTML, like Gecko) Chrome/109.0.0.0 Mobile Safari/537.36" www.jaiminimurti.in 103.53.40.154
188.245.90.252 - - [23/Nov/2024:20:02:41 +0530] "GET /wp-content/plugins/mystickyelements/js/jquery.email-autocomplete.js?ver=2.1.6 HTTP/2.0" 200 2284 "https://www.jaiminimurti.in/?bvspeed=true" "Mozilla/5.0 (Linux; Android 11; moto g power (2022)) AppleWebKit/537.36 (KHTML, like Gecko) Chrome/109.0.0.0 Mobile Safari/537.36" www.jaiminimurti.in 103.53.40.154
188.245.90.252 - - [23/Nov/2024:20:02:41 +0530] "GET /wp-content/plugins/mystickyelements/js/mystickyelements-fronted.min.js?ver=2.1.6 HTTP/2.0" 200 4551 "https://www.jaiminimurti.in/?bvspeed=true" "Mozilla/5.0 (Linux; Android 11; moto g power (2022)) AppleWebKit/537.36 (KHTML, like Gecko) Chrome/109.0.0.0 Mobile Safari/537.36" www.jaiminimurti.in 103.53.40.154
188.245.90.252 - - [23/Nov/2024:20:02:41 +0530] "GET /wp-content/plugins/mystickyelements/intl-tel-input-src/build/js/intlTelInput.js?ver=2.1.6 HTTP/2.0" 200 28030 "https://www.jaiminimurti.in/?bvspeed=true" "Mozilla/5.0 (Linux; Android 11; moto g power (2022)) AppleWebKit/537.36 (KHTML, like Gecko) Chrome/109.0.0.0 Mobile Safari/537.36" www.jaiminimurti.in 103.53.40.154
188.245.90.252 - - [23/Nov/2024:20:02:41 +0530] "GET /wp-content/uploads/2024/10/11.jpg HTTP/2.0" 200 139145 "https://www.jaiminimurti.in/?bvspeed=true" "Mozilla/5.0 (Linux; Android 11; moto g power (2022)) AppleWebKit/537.36 (KHTML, like Gecko) Chrome/109.0.0.0 Mobile Safari/537.36" www.jaiminimurti.in 103.53.40.154
188.245.90.252 - - [23/Nov/2024:20:02:41 +0530] "GET /wp-content/plugins/revslider/sr6/assets/js/rbtools.min.js?ver=6.7.18 HTTP/2.0" 200 76328 "https://www.jaiminimurti.in/?bvspeed=true" "Mozilla/5.0 (Linux; Android 11; moto g power (2022)) AppleWebKit/537.36 (KHTML, like Gecko) Chrome/109.0.0.0 Mobile Safari/537.36" www.jaiminimurti.in 103.53.40.154
88.99.13.2 - - [23/Nov/2024:20:02:41 +0530] "GET /wp-content/themes/woodmart/css/parts/woo-el-track-order.min.css?ver=7.0.4 HTTP/2.0" 200 356 "https://www.google.com/url/?sa=t" "Mozilla/5.0 (X11; Linux x86_64) AppleWebKit/537.36 (KHTML, like Gecko) Chrome/117.0.0.0 Safari/537.36" www.jaiminimurti.in 103.53.40.154
88.99.13.2 - - [23/Nov/2024:20:02:41 +0530] "GET /wp-content/themes/woodmart/css/parts/woo-gutenberg.min.css?ver=7.0.4 HTTP/2.0" 200 1855 "https://www.google.com/url/?sa=t" "Mozilla/5.0 (X11; Linux x86_64) AppleWebKit/537.36 (KHTML, like Gecko) Chrome/117.0.0.0 Safari/537.36" www.jaiminimurti.in 103.53.40.154
88.99.13.2 - - [23/Nov/2024:20:02:41 +0530] "GET /wp-content/themes/woodmart/css/parts/header-base.min.css?ver=7.0.4 HTTP/2.0" 200 3139 "https://www.google.com/url/?sa=t" "Mozilla/5.0 (X11; Linux x86_64) AppleWebKit/537.36 (KHTML, like Gecko) Chrome/117.0.0.0 Safari/537.36" www.jaiminimurti.in 103.53.40.154
88.99.13.2 - - [23/Nov/2024:20:02:41 +0530] "GET /wp-content/themes/woodmart/css/parts/header-el-cart-side.min.css?ver=7.0.4 HTTP/2.0" 200 365 "https://www.google.com/url/?sa=t" "Mozilla/5.0 (X11; Linux x86_64) AppleWebKit/537.36 (KHTML, like Gecko) Chrome/117.0.0.0 Safari/537.36" www.jaiminimurti.in 103.53.40.154
88.99.13.2 - - [23/Nov/2024:20:02:41 +0530] "GET /wp-content/themes/woodmart/css/parts/header-el-cart.min.css?ver=7.0.4 HTTP/2.0" 200 577 "https://www.google.com/url/?sa=t" "Mozilla/5.0 (X11; Linux x86_64) AppleWebKit/537.36 (KHTML, like Gecko) Chrome/117.0.0.0 Safari/537.36" www.jaiminimurti.in 103.53.40.154
88.99.13.2 - - [23/Nov/2024:20:02:41 +0530] "GET /wp-content/themes/woodmart/css/parts/woo-mod-add-btn-replace.min.css?ver=7.0.4 HTTP/2.0" 200 483 "https://www.google.com/url/?sa=t" "Mozilla/5.0 (X11; Linux x86_64) AppleWebKit/537.36 (KHTML, like Gecko) Chrome/117.0.0.0 Safari/537.36" www.jaiminimurti.in 103.53.40.154
88.99.13.2 - - [23/Nov/2024:20:02:41 +0530] "GET /wp-content/themes/woodmart/css/parts/woo-widget-shopping-cart.min.css?ver=7.0.4 HTTP/2.0" 200 1436 "https://www.google.com/url/?sa=t" "Mozilla/5.0 (X11; Linux x86_64) AppleWebKit/537.36 (KHTML, like Gecko) Chrome/117.0.0.0 Safari/537.36" www.jaiminimurti.in 103.53.40.154
88.99.13.2 - - [23/Nov/2024:20:02:41 +0530] "GET /wp-content/themes/woodmart/css/parts/el-section-title.min.css?ver=7.0.4 HTTP/2.0" 200 1377 "https://www.google.com/url/?sa=t" "Mozilla/5.0 (X11; Linux x86_64) AppleWebKit/537.36 (KHTML, like Gecko) Chrome/117.0.0.0 Safari/537.36" www.jaiminimurti.in 103.53.40.154
88.99.13.2 - - [23/Nov/2024:20:02:41 +0530] "GET /wp-content/themes/woodmart/css/parts/woo-opt-bordered-product.min.css?ver=7.0.4 HTTP/2.0" 200 847 "https://www.google.com/url/?sa=t" "Mozilla/5.0 (X11; Linux x86_64) AppleWebKit/537.36 (KHTML, like Gecko) Chrome/117.0.0.0 Safari/537.36" www.jaiminimurti.in 103.53.40.154
