205.169.39.222 - - [24/Nov/2024:10:56:39 +0530] "GET /wp-includes/js/dist/vendor/moment.min.js?ver=2.29.4 HTTP/1.1" 200 22554 "http://2by2mart.in/" "Mozilla/5.0 (Windows NT 6.1; Win64; x64) AppleWebKit/537.36 (KHTML, like Gecko) Chrome/83.0.4103.61 Safari/537.36" www.2by2mart.in 103.53.40.154
205.169.39.222 - - [24/Nov/2024:10:56:40 +0530] "GET /wp-content/plugins/dokan-lite/assets/js/helper.js?ver=1730891642 HTTP/1.1" 200 2197 "http://2by2mart.in/" "Mozilla/5.0 (Windows NT 6.1; Win64; x64) AppleWebKit/537.36 (KHTML, like Gecko) Chrome/83.0.4103.61 Safari/537.36" www.2by2mart.in 103.53.40.154
205.169.39.222 - - [24/Nov/2024:10:56:40 +0530] "GET /wp-content/plugins/woocommerce/assets/js/jquery-blockui/jquery.blockUI.min.js?ver=2.7.0-wc.9.3.3 HTTP/1.1" 200 4014 "http://2by2mart.in/" "Mozilla/5.0 (Windows NT 6.1; Win64; x64) AppleWebKit/537.36 (KHTML, like Gecko) Chrome/83.0.4103.61 Safari/537.36" www.2by2mart.in 103.53.40.154
205.169.39.222 - - [24/Nov/2024:10:56:40 +0530] "GET /wp-content/plugins/woocommerce/assets/js/frontend/add-to-cart.min.js?ver=9.3.3 HTTP/1.1" 200 1552 "http://2by2mart.in/" "Mozilla/5.0 (Windows NT 6.1; Win64; x64) AppleWebKit/537.36 (KHTML, like Gecko) Chrome/83.0.4103.61 Safari/537.36" www.2by2mart.in 103.53.40.154
205.169.39.222 - - [24/Nov/2024:10:56:41 +0530] "GET /wp-content/plugins/woocommerce/assets/js/js-cookie/js.cookie.min.js?ver=2.1.4-wc.9.3.3 HTTP/1.1" 200 850 "http://2by2mart.in/" "Mozilla/5.0 (Windows NT 6.1; Win64; x64) AppleWebKit/537.36 (KHTML, like Gecko) Chrome/83.0.4103.61 Safari/537.36" www.2by2mart.in 103.53.40.154
205.169.39.222 - - [24/Nov/2024:10:56:41 +0530] "GET /wp-content/plugins/woocommerce/assets/js/frontend/woocommerce.min.js?ver=9.3.3 HTTP/1.1" 200 1282 "http://2by2mart.in/" "Mozilla/5.0 (Windows NT 6.1; Win64; x64) AppleWebKit/537.36 (KHTML, like Gecko) Chrome/83.0.4103.61 Safari/537.36" www.2by2mart.in 103.53.40.154
205.169.39.222 - - [24/Nov/2024:10:56:41 +0530] "GET /wp-content/themes/woodmart/js/libs/device.min.js?ver=7.0.4 HTTP/1.1" 200 1274 "http://2by2mart.in/" "Mozilla/5.0 (Windows NT 6.1; Win64; x64) AppleWebKit/537.36 (KHTML, like Gecko) Chrome/83.0.4103.61 Safari/537.36" www.2by2mart.in 103.53.40.154
205.169.39.222 - - [24/Nov/2024:10:56:42 +0530] "GET /wp-content/themes/woodmart/js/scripts/wc/updateCartFragmentsFix.js?ver=7.0.4 HTTP/1.1" 200 652 "http://2by2mart.in/" "Mozilla/5.0 (Windows NT 6.1; Win64; x64) AppleWebKit/537.36 (KHTML, like Gecko) Chrome/83.0.4103.61 Safari/537.36" www.2by2mart.in 103.53.40.154
205.169.39.222 - - [24/Nov/2024:10:56:42 +0530] "GET /wp-content/plugins/contact-form-7/includes/swv/js/index.js?ver=6.0 HTTP/1.1" 409 83 "http://2by2mart.in/" "Mozilla/5.0 (Windows NT 6.1; Win64; x64) AppleWebKit/537.36 (KHTML, like Gecko) Chrome/83.0.4103.61 Safari/537.36" www.2by2mart.in 103.53.40.154
205.169.39.222 - - [24/Nov/2024:10:56:44 +0530] "GET /wp-content/plugins/contact-form-7/includes/js/index.js?ver=6.0 HTTP/1.1" 409 83 "http://2by2mart.in/" "Mozilla/5.0 (Windows NT 6.1; Win64; x64) AppleWebKit/537.36 (KHTML, like Gecko) Chrome/83.0.4103.61 Safari/537.36" www.2by2mart.in 103.53.40.154
205.169.39.20 - - [24/Nov/2024:10:56:45 +0530] "GET /wp-includes/css/dashicons.min.css?ver=6.6.2 HTTP/1.1" 200 35623 "-" "Mozilla/5.0 (Windows NT 10.0) AppleWebKit/537.36 (KHTML, like Gecko) Chrome/106.0.0.0 Safari/537.36" www.2by2mart.in 103.53.40.154
205.169.39.222 - - [24/Nov/2024:10:56:45 +0530] "GET /wp-content/plugins/push-notification/assets/public/application.min.js?ver=1.38 HTTP/1.1" 200 7390 "http://2by2mart.in/" "Mozilla/5.0 (Windows NT 6.1; Win64; x64) AppleWebKit/537.36 (KHTML, like Gecko) Chrome/83.0.4103.61 Safari/537.36" www.2by2mart.in 103.53.40.154
205.169.39.222 - - [24/Nov/2024:10:56:45 +0530] "GET /wp-content/plugins/push-notification/assets/public/analytics.js?ver=1.38 HTTP/1.1" 200 9532 "http://2by2mart.in/" "Mozilla/5.0 (Windows NT 6.1; Win64; x64) AppleWebKit/537.36 (KHTML, like Gecko) Chrome/83.0.4103.61 Safari/537.36" www.2by2mart.in 103.53.40.154
205.169.39.222 - - [24/Nov/2024:10:56:46 +0530] "GET /wp-content/plugins/push-notification/assets/public/messaging.min.js?ver=1.38 HTTP/1.1" 200 14559 "http://2by2mart.in/" "Mozilla/5.0 (Windows NT 6.1; Win64; x64) AppleWebKit/537.36 (KHTML, like Gecko) Chrome/83.0.4103.61 Safari/537.36" www.2by2mart.in 103.53.40.154
205.169.39.222 - - [24/Nov/2024:10:56:46 +0530] "GET /wp-content/plugins/push-notification/assets/public/app.min.js?ver=1.38 HTTP/1.1" 200 2782 "http://2by2mart.in/" "Mozilla/5.0 (Windows NT 6.1; Win64; x64) AppleWebKit/537.36 (KHTML, like Gecko) Chrome/83.0.4103.61 Safari/537.36" www.2by2mart.in 103.53.40.154
205.169.39.222 - - [24/Nov/2024:10:56:46 +0530] "GET /wp-content/plugins/royal-elementor-addons/assets/js/lib/particles/particles.js?ver=3.0.6 HTTP/1.1" 200 12063 "http://2by2mart.in/" "Mozilla/5.0 (Windows NT 6.1; Win64; x64) AppleWebKit/537.36 (KHTML, like Gecko) Chrome/83.0.4103.61 Safari/537.36" www.2by2mart.in 103.53.40.154
205.169.39.222 - - [24/Nov/2024:10:56:47 +0530] "GET /wp-content/plugins/royal-elementor-addons/assets/js/lib/jarallax/jarallax.min.js?ver=1.12.7 HTTP/1.1" 200 6297 "http://2by2mart.in/" "Mozilla/5.0 (Windows NT 6.1; Win64; x64) AppleWebKit/537.36 (KHTML, like Gecko) Chrome/83.0.4103.61 Safari/537.36" www.2by2mart.in 103.53.40.154
205.169.39.13 - - [24/Nov/2024:10:56:47 +0530] "GET /wp-content/plugins/elementor/assets/lib/swiper/v8/css/swiper.min.css?ver=8.4.5 HTTP/1.1" 200 5361 "-" "Mozilla/5.0 (Windows NT 10.0) AppleWebKit/537.36 (KHTML, like Gecko) Chrome/106.0.0.0 Safari/537.36" www.2by2mart.in 103.53.40.154
205.169.39.222 - - [24/Nov/2024:10:56:47 +0530] "GET /wp-content/plugins/royal-elementor-addons/assets/js/lib/parallax/parallax.min.js?ver=1.0 HTTP/1.1" 200 6140 "http://2by2mart.in/" "Mozilla/5.0 (Windows NT 6.1; Win64; x64) AppleWebKit/537.36 (KHTML, like Gecko) Chrome/83.0.4103.61 Safari/537.36" www.2by2mart.in 103.53.40.154
205.169.39.24 - - [24/Nov/2024:10:56:47 +0530] "GET /wp-content/plugins/ti-woocommerce-wishlist/assets/fonts/tinvwl-webfont.woff2?ver=xu2uyi HTTP/1.1" 200 4404 "-" "Mozilla/5.0 (Windows NT 10.0) AppleWebKit/537.36 (KHTML, like Gecko) Chrome/106.0.0.0 Safari/537.36" www.2by2mart.in 103.53.40.154
205.169.39.46 - - [24/Nov/2024:10:56:47 +0530] "GET /wp-content/plugins/elementor/assets/css/conditionals/e-swiper.min.css?ver=3.25.4 HTTP/1.1" 200 1082 "-" "Mozilla/5.0 (Windows NT 10.0) AppleWebKit/537.36 (KHTML, like Gecko) Chrome/106.0.0.0 Safari/537.36" www.2by2mart.in 103.53.40.154
205.169.39.222 - - [24/Nov/2024:10:56:47 +0530] "GET /wp-content/plugins/woocommerce/assets/js/frontend/cart-fragments.min.js?ver=9.3.3 HTTP/1.1" 200 1097 "http://2by2mart.in/" "Mozilla/5.0 (Windows NT 6.1; Win64; x64) AppleWebKit/537.36 (KHTML, like Gecko) Chrome/83.0.4103.61 Safari/537.36" www.2by2mart.in 103.53.40.154
205.169.39.222 - - [24/Nov/2024:10:56:48 +0530] "GET /wp-content/plugins/ti-woocommerce-wishlist/assets/js/public.min.js?ver=2.9.1 HTTP/1.1" 200 10193 "http://2by2mart.in/" "Mozilla/5.0 (Windows NT 6.1; Win64; x64) AppleWebKit/537.36 (KHTML, like Gecko) Chrome/83.0.4103.61 Safari/537.36" www.2by2mart.in 103.53.40.154
205.169.39.222 - - [24/Nov/2024:10:56:48 +0530] "GET /wp-content/plugins/woocommerce/assets/js/sourcebuster/sourcebuster.min.js?ver=9.3.3 HTTP/1.1" 200 5670 "http://2by2mart.in/" "Mozilla/5.0 (Windows NT 6.1; Win64; x64) AppleWebKit/537.36 (KHTML, like Gecko) Chrome/83.0.4103.61 Safari/537.36" www.2by2mart.in 103.53.40.154
205.169.39.222 - - [24/Nov/2024:10:56:48 +0530] "GET /wp-content/plugins/woocommerce/assets/js/frontend/order-attribution.min.js?ver=9.3.3 HTTP/1.1" 200 1165 "http://2by2mart.in/" "Mozilla/5.0 (Windows NT 6.1; Win64; x64) AppleWebKit/537.36 (KHTML, like Gecko) Chrome/83.0.4103.61 Safari/537.36" www.2by2mart.in 103.53.40.154
205.169.39.222 - - [24/Nov/2024:10:56:49 +0530] "GET /wp-content/plugins/elementor/assets/js/webpack.runtime.min.js?ver=3.25.4 HTTP/1.1" 200 2479 "http://2by2mart.in/" "Mozilla/5.0 (Windows NT 6.1; Win64; x64) AppleWebKit/537.36 (KHTML, like Gecko) Chrome/83.0.4103.61 Safari/537.36" www.2by2mart.in 103.53.40.154
205.169.39.222 - - [24/Nov/2024:10:56:49 +0530] "GET /wp-content/plugins/elementor/assets/js/frontend-modules.min.js?ver=3.25.4 HTTP/1.1" 200 20563 "http://2by2mart.in/" "Mozilla/5.0 (Windows NT 6.1; Win64; x64) AppleWebKit/537.36 (KHTML, like Gecko) Chrome/83.0.4103.61 Safari/537.36" www.2by2mart.in 103.53.40.154
205.169.39.222 - - [24/Nov/2024:10:56:49 +0530] "GET /wp-includes/js/jquery/ui/core.min.js?ver=1.13.3 HTTP/1.1" 200 8375 "http://2by2mart.in/" "Mozilla/5.0 (Windows NT 6.1; Win64; x64) AppleWebKit/537.36 (KHTML, like Gecko) Chrome/83.0.4103.61 Safari/537.36" www.2by2mart.in 103.53.40.154
205.169.39.222 - - [24/Nov/2024:10:56:49 +0530] "GET /wp-content/plugins/elementor/assets/js/frontend.min.js?ver=3.25.4 HTTP/1.1" 200 17589 "http://2by2mart.in/" "Mozilla/5.0 (Windows NT 6.1; Win64; x64) AppleWebKit/537.36 (KHTML, like Gecko) Chrome/83.0.4103.61 Safari/537.36" www.2by2mart.in 103.53.40.154
205.169.39.222 - - [24/Nov/2024:10:56:50 +0530] "GET /wp-content/plugins/royal-elementor-addons/assets/js/frontend.min.js?ver=1.7.1001 HTTP/1.1" 200 62577 "http://2by2mart.in/" "Mozilla/5.0 (Windows NT 6.1; Win64; x64) AppleWebKit/537.36 (KHTML, like Gecko) Chrome/83.0.4103.61 Safari/537.36" www.2by2mart.in 103.53.40.154
205.169.39.222 - - [24/Nov/2024:10:56:50 +0530] "GET /wp-content/plugins/royal-elementor-addons/assets/js/modal-popups.min.js?ver=1.7.1001 HTTP/1.1" 200 3538 "http://2by2mart.in/" "Mozilla/5.0 (Windows NT 6.1; Win64; x64) AppleWebKit/537.36 (KHTML, like Gecko) Chrome/83.0.4103.61 Safari/537.36" www.2by2mart.in 103.53.40.154
205.169.39.222 - - [24/Nov/2024:10:56:51 +0530] "GET /wp-content/themes/woodmart/js/scripts/global/helpers.min.js?ver=7.0.4 HTTP/1.1" 200 1784 "http://2by2mart.in/" "Mozilla/5.0 (Windows NT 6.1; Win64; x64) AppleWebKit/537.36 (KHTML, like Gecko) Chrome/83.0.4103.61 Safari/537.36" www.2by2mart.in 103.53.40.154
205.169.39.222 - - [24/Nov/2024:10:56:51 +0530] "GET /wp-content/themes/woodmart/js/scripts/wc/woocommerceNotices.min.js?ver=7.0.4 HTTP/1.1" 200 286 "http://2by2mart.in/" "Mozilla/5.0 (Windows NT 6.1; Win64; x64) AppleWebKit/537.36 (KHTML, like Gecko) Chrome/83.0.4103.61 Safari/537.36" www.2by2mart.in 103.53.40.154
205.169.39.222 - - [24/Nov/2024:10:56:51 +0530] "GET /wp-content/themes/woodmart/js/scripts/global/scrollBar.min.js?ver=7.0.4 HTTP/1.1" 200 154 "http://2by2mart.in/" "Mozilla/5.0 (Windows NT 6.1; Win64; x64) AppleWebKit/537.36 (KHTML, like Gecko) Chrome/83.0.4103.61 Safari/537.36" www.2by2mart.in 103.53.40.154
205.169.39.222 - - [24/Nov/2024:10:56:52 +0530] "GET /wp-content/themes/woodmart/js/scripts/header/headerBuilder.min.js?ver=7.0.4 HTTP/1.1" 200 1022 "http://2by2mart.in/" "Mozilla/5.0 (Windows NT 6.1; Win64; x64) AppleWebKit/537.36 (KHTML, like Gecko) Chrome/83.0.4103.61 Safari/537.36" www.2by2mart.in 103.53.40.154
205.169.39.24 - - [24/Nov/2024:10:56:53 +0530] "GET /wp-content/themes/woodmart/fonts/woodmart-font.woff2?v=7.0.4 HTTP/1.1" 200 11532 "-" "Mozilla/5.0 (Windows NT 10.0) AppleWebKit/537.36 (KHTML, like Gecko) Chrome/106.0.0.0 Safari/537.36" www.2by2mart.in 103.53.40.154
205.169.39.222 - - [24/Nov/2024:10:56:53 +0530] "GET /wp-content/themes/woodmart/js/scripts/menu/menuOffsets.min.js?ver=7.0.4 HTTP/1.1" 200 994 "http://2by2mart.in/" "Mozilla/5.0 (Windows NT 6.1; Win64; x64) AppleWebKit/537.36 (KHTML, like Gecko) Chrome/83.0.4103.61 Safari/537.36" www.2by2mart.in 103.53.40.154
205.169.39.222 - - [24/Nov/2024:10:56:53 +0530] "GET /wp-content/themes/woodmart/js/scripts/menu/menuSetUp.min.js?ver=7.0.4 HTTP/1.1" 200 550 "http://2by2mart.in/" "Mozilla/5.0 (Windows NT 6.1; Win64; x64) AppleWebKit/537.36 (KHTML, like Gecko) Chrome/83.0.4103.61 Safari/537.36" www.2by2mart.in 103.53.40.154
205.169.39.222 - - [24/Nov/2024:10:56:54 +0530] "GET /wp-content/themes/woodmart/js/libs/autocomplete.min.js?ver=7.0.4 HTTP/1.1" 200 5219 "http://2by2mart.in/" "Mozilla/5.0 (Windows NT 6.1; Win64; x64) AppleWebKit/537.36 (KHTML, like Gecko) Chrome/83.0.4103.61 Safari/537.36" www.2by2mart.in 103.53.40.154
34.72.176.129 - - [24/Nov/2024:10:56:51 +0530] "GET /wp-content/uploads/2021/10/2by2-slide-1.png HTTP/1.1" 200 559553 "http://2by2mart.in/" "Mozilla/5.0 (X11; Linux x86_64) AppleWebKit/537.36 (KHTML, like Gecko) HeadlessChrome/125.0.6422.60 Safari/537.36" www.2by2mart.in 103.53.40.154
34.123.170.104 - - [24/Nov/2024:10:56:51 +0530] "GET /wp-content/uploads/2023/12/2by2-slide-2.png HTTP/1.1" 200 791825 "http://2by2mart.in/" "Mozilla/5.0 (X11; Linux x86_64) AppleWebKit/537.36 (KHTML, like Gecko) HeadlessChrome/125.0.6422.60 Safari/537.36" www.2by2mart.in 103.53.40.154
205.169.39.47 - - [24/Nov/2024:10:56:57 +0530] "GET / HTTP/1.1" 200 100245 "-" "Mozilla/5.0 (Windows NT 10.0; Win64; x64) AppleWebKit/537.36 (KHTML, like Gecko) Chrome/117.0.5938.132 Safari/537.36" 2by2mart.in 103.53.40.154
205.169.39.47 - - [24/Nov/2024:10:56:56 +0530] "GET / HTTP/1.1" 200 100245 "-" "Mozilla/5.0 (Windows NT 10.0; Win64; x64) AppleWebKit/537.36 (KHTML, like Gecko) Chrome/117.0.5938.132 Safari/537.36" 2by2mart.in 103.53.40.154
205.169.39.47 - - [24/Nov/2024:10:56:58 +0530] "GET /wp-content/plugins/elementor/assets/lib/eicons/css/elementor-icons.min.css?ver=5.31.0 HTTP/1.1" 200 4167 "http://2by2mart.in/" "Mozilla/5.0 (Windows NT 10.0; Win64; x64) AppleWebKit/537.36 (KHTML, like Gecko) Chrome/117.0.5938.132 Safari/537.36" www.2by2mart.in 103.53.40.154
205.169.39.47 - - [24/Nov/2024:10:56:58 +0530] "GET /wp-content/uploads/elementor/css/custom-frontend.min.css?ver=1706940067 HTTP/1.1" 200 29693 "http://2by2mart.in/" "Mozilla/5.0 (Windows NT 10.0; Win64; x64) AppleWebKit/537.36 (KHTML, like Gecko) Chrome/117.0.5938.132 Safari/537.36" www.2by2mart.in 103.53.40.154
205.169.39.47 - - [24/Nov/2024:10:56:58 +0530] "GET /wp-content/plugins/elementor/assets/lib/swiper/v8/css/swiper.min.css?ver=8.4.5 HTTP/1.1" 200 5361 "http://2by2mart.in/" "Mozilla/5.0 (Windows NT 10.0; Win64; x64) AppleWebKit/537.36 (KHTML, like Gecko) Chrome/117.0.5938.132 Safari/537.36" www.2by2mart.in 103.53.40.154
205.169.39.47 - - [24/Nov/2024:10:56:58 +0530] "GET /wp-content/uploads/elementor/css/post-8.css?ver=1707134189 HTTP/1.1" 200 446 "http://2by2mart.in/" "Mozilla/5.0 (Windows NT 10.0; Win64; x64) AppleWebKit/537.36 (KHTML, like Gecko) Chrome/117.0.5938.132 Safari/537.36" www.2by2mart.in 103.53.40.154
205.169.39.47 - - [24/Nov/2024:10:56:58 +0530] "GET /wp-includes/css/dashicons.min.css?ver=6.6.2 HTTP/1.1" 200 35623 "http://2by2mart.in/" "Mozilla/5.0 (Windows NT 10.0; Win64; x64) AppleWebKit/537.36 (KHTML, like Gecko) Chrome/117.0.5938.132 Safari/537.36" www.2by2mart.in 103.53.40.154
205.169.39.47 - - [24/Nov/2024:10:56:58 +0530] "GET /wp-content/plugins/elementor/assets/css/conditionals/e-swiper.min.css?ver=3.25.4 HTTP/1.1" 200 1082 "http://2by2mart.in/" "Mozilla/5.0 (Windows NT 10.0; Win64; x64) AppleWebKit/537.36 (KHTML, like Gecko) Chrome/117.0.5938.132 Safari/537.36" www.2by2mart.in 103.53.40.154
205.169.39.47 - - [24/Nov/2024:10:56:59 +0530] "GET /wp-content/uploads/elementor/css/post-6282.css?ver=1720008793 HTTP/1.1" 200 2259 "http://2by2mart.in/" "Mozilla/5.0 (Windows NT 10.0; Win64; x64) AppleWebKit/537.36 (KHTML, like Gecko) Chrome/117.0.5938.132 Safari/537.36" www.2by2mart.in 103.53.40.154
205.169.39.47 - - [24/Nov/2024:10:56:59 +0530] "GET /wp-content/plugins/ti-woocommerce-wishlist/assets/css/webfont.min.css?ver=2.9.1 HTTP/1.1" 200 866 "http://2by2mart.in/" "Mozilla/5.0 (Windows NT 10.0; Win64; x64) AppleWebKit/537.36 (KHTML, like Gecko) Chrome/117.0.5938.132 Safari/537.36" www.2by2mart.in 103.53.40.154
205.169.39.47 - - [24/Nov/2024:10:56:59 +0530] "GET /wp-content/plugins/ti-woocommerce-wishlist/assets/css/public.min.css?ver=2.9.1 HTTP/1.1" 200 7826 "http://2by2mart.in/" "Mozilla/5.0 (Windows NT 10.0; Win64; x64) AppleWebKit/537.36 (KHTML, like Gecko) Chrome/117.0.5938.132 Safari/537.36" www.2by2mart.in 103.53.40.154
205.169.39.47 - - [24/Nov/2024:10:56:59 +0530] "GET /wp-content/plugins/dokan-lite/assets/css/style.css?ver=1730891641 HTTP/1.1" 200 41114 "http://2by2mart.in/" "Mozilla/5.0 (Windows NT 10.0; Win64; x64) AppleWebKit/537.36 (KHTML, like Gecko) Chrome/117.0.5938.132 Safari/537.36" www.2by2mart.in 103.53.40.154
205.169.39.47 - - [24/Nov/2024:10:56:59 +0530] "GET /wp-content/plugins/dokan-lite/assets/vendors/izimodal/iziModal.min.css?ver=1730891642 HTTP/1.1" 200 24465 "http://2by2mart.in/" "Mozilla/5.0 (Windows NT 10.0; Win64; x64) AppleWebKit/537.36 (KHTML, like Gecko) Chrome/117.0.5938.132 Safari/537.36" www.2by2mart.in 103.53.40.154
205.169.39.47 - - [24/Nov/2024:10:56:59 +0530] "GET /wp-content/plugins/royal-elementor-addons/assets/css/lib/animations/text-animations.min.css?ver=1.7.1001 HTTP/1.1" 200 2058 "http://2by2mart.in/" "Mozilla/5.0 (Windows NT 10.0; Win64; x64) AppleWebKit/537.36 (KHTML, like Gecko) Chrome/117.0.5938.132 Safari/537.36" www.2by2mart.in 103.53.40.154
205.169.39.47 - - [24/Nov/2024:10:56:59 +0530] "GET /wp-content/plugins/elementor/assets/lib/font-awesome/css/all.min.css?ver=1.7.1001 HTTP/1.1" 200 12862 "http://2by2mart.in/" "Mozilla/5.0 (Windows NT 10.0; Win64; x64) AppleWebKit/537.36 (KHTML, like Gecko) Chrome/117.0.5938.132 Safari/537.36" www.2by2mart.in 103.53.40.154
205.169.39.47 - - [24/Nov/2024:10:56:59 +0530] "GET /wp-content/plugins/elementor/assets/lib/font-awesome/css/fontawesome.min.css?ver=5.15.3 HTTP/1.1" 200 12618 "http://2by2mart.in/" "Mozilla/5.0 (Windows NT 10.0; Win64; x64) AppleWebKit/537.36 (KHTML, like Gecko) Chrome/117.0.5938.132 Safari/537.36" www.2by2mart.in 103.53.40.154
205.169.39.47 - - [24/Nov/2024:10:56:59 +0530] "GET /wp-content/plugins/royal-elementor-addons/assets/css/frontend.min.css?ver=1.7.1001 HTTP/1.1" 200 77083 "http://2by2mart.in/" "Mozilla/5.0 (Windows NT 10.0; Win64; x64) AppleWebKit/537.36 (KHTML, like Gecko) Chrome/117.0.5938.132 Safari/537.36" www.2by2mart.in 103.53.40.154
205.169.39.47 - - [24/Nov/2024:10:56:59 +0530] "GET /wp-content/plugins/elementor/assets/lib/font-awesome/css/solid.min.css?ver=5.15.3 HTTP/1.1" 200 309 "http://2by2mart.in/" "Mozilla/5.0 (Windows NT 10.0; Win64; x64) AppleWebKit/537.36 (KHTML, like Gecko) Chrome/117.0.5938.132 Safari/537.36" www.2by2mart.in 103.53.40.154
205.169.39.47 - - [24/Nov/2024:10:56:59 +0530] "GET /wp-content/plugins/elementor/assets/lib/font-awesome/css/brands.min.css?ver=5.15.3 HTTP/1.1" 200 308 "http://2by2mart.in/" "Mozilla/5.0 (Windows NT 10.0; Win64; x64) AppleWebKit/537.36 (KHTML, like Gecko) Chrome/117.0.5938.132 Safari/537.36" www.2by2mart.in 103.53.40.154
205.169.39.47 - - [24/Nov/2024:10:56:59 +0530] "GET /wp-content/plugins/elementor/assets/lib/font-awesome/css/regular.min.css?ver=5.15.3 HTTP/1.1" 200 308 "http://2by2mart.in/" "Mozilla/5.0 (Windows NT 10.0; Win64; x64) AppleWebKit/537.36 (KHTML, like Gecko) Chrome/117.0.5938.132 Safari/537.36" www.2by2mart.in 103.53.40.154
205.169.39.47 - - [24/Nov/2024:10:56:59 +0530] "GET /wp-content/themes/woodmart/css/bootstrap-light.min.css?ver=7.0.4 HTTP/1.1" 200 1057 "http://2by2mart.in/" "Mozilla/5.0 (Windows NT 10.0; Win64; x64) AppleWebKit/537.36 (KHTML, like Gecko) Chrome/117.0.5938.132 Safari/537.36" www.2by2mart.in 103.53.40.154
205.169.39.47 - - [24/Nov/2024:10:57:00 +0530] "GET /wp-content/themes/woodmart/css/parts/base.min.css?ver=7.0.4 HTTP/1.1" 200 14801 "http://2by2mart.in/" "Mozilla/5.0 (Windows NT 10.0; Win64; x64) AppleWebKit/537.36 (KHTML, like Gecko) Chrome/117.0.5938.132 Safari/537.36" www.2by2mart.in 103.53.40.154
205.169.39.47 - - [24/Nov/2024:10:57:00 +0530] "GET /wp-content/themes/woodmart/css/parts/widget-wd-recent-posts.min.css?ver=7.0.4 HTTP/1.1" 200 318 "http://2by2mart.in/" "Mozilla/5.0 (Windows NT 10.0; Win64; x64) AppleWebKit/537.36 (KHTML, like Gecko) Chrome/117.0.5938.132 Safari/537.36" www.2by2mart.in 103.53.40.154
205.169.39.47 - - [24/Nov/2024:10:57:00 +0530] "GET /wp-content/themes/woodmart/css/parts/widget-nav.min.css?ver=7.0.4 HTTP/1.1" 200 201 "http://2by2mart.in/" "Mozilla/5.0 (Windows NT 10.0; Win64; x64) AppleWebKit/537.36 (KHTML, like Gecko) Chrome/117.0.5938.132 Safari/537.36" www.2by2mart.in 103.53.40.154
205.169.39.47 - - [24/Nov/2024:10:57:00 +0530] "GET /wp-content/themes/woodmart/css/parts/woo-widget-wd-layered-nav.min.css?ver=7.0.4 HTTP/1.1" 200 617 "http://2by2mart.in/" "Mozilla/5.0 (Windows NT 10.0; Win64; x64) AppleWebKit/537.36 (KHTML, like Gecko) Chrome/117.0.5938.132 Safari/537.36" www.2by2mart.in 103.53.40.154
205.169.39.47 - - [24/Nov/2024:10:57:00 +0530] "GET /wp-content/themes/woodmart/css/parts/woo-mod-swatches-base.min.css?ver=7.0.4 HTTP/1.1" 200 857 "http://2by2mart.in/" "Mozilla/5.0 (Windows NT 10.0; Win64; x64) AppleWebKit/537.36 (KHTML, like Gecko) Chrome/117.0.5938.132 Safari/537.36" www.2by2mart.in 103.53.40.154
205.169.39.47 - - [24/Nov/2024:10:57:00 +0530] "GET /wp-content/themes/woodmart/css/parts/woo-mod-swatches-filter.min.css?ver=7.0.4 HTTP/1.1" 200 668 "http://2by2mart.in/" "Mozilla/5.0 (Windows NT 10.0; Win64; x64) AppleWebKit/537.36 (KHTML, like Gecko) Chrome/117.0.5938.132 Safari/537.36" www.2by2mart.in 103.53.40.154
205.169.39.47 - - [24/Nov/2024:10:57:00 +0530] "GET /wp-content/themes/woodmart/css/parts/woo-widget-layered-nav-stock-status.min.css?ver=7.0.4 HTTP/1.1" 200 454 "http://2by2mart.in/" "Mozilla/5.0 (Windows NT 10.0; Win64; x64) AppleWebKit/537.36 (KHTML, like Gecko) Chrome/117.0.5938.132 Safari/537.36" www.2by2mart.in 103.53.40.154
205.169.39.47 - - [24/Nov/2024:10:57:00 +0530] "GET /wp-content/themes/woodmart/css/parts/woo-widget-product-list.min.css?ver=7.0.4 HTTP/1.1" 200 387 "http://2by2mart.in/" "Mozilla/5.0 (Windows NT 10.0; Win64; x64) AppleWebKit/537.36 (KHTML, like Gecko) Chrome/117.0.5938.132 Safari/537.36" www.2by2mart.in 103.53.40.154
205.169.39.47 - - [24/Nov/2024:10:57:00 +0530] "GET /wp-content/themes/woodmart/css/parts/woo-widget-slider-price-filter.min.css?ver=7.0.4 HTTP/1.1" 200 722 "http://2by2mart.in/" "Mozilla/5.0 (Windows NT 10.0; Win64; x64) AppleWebKit/537.36 (KHTML, like Gecko) Chrome/117.0.5938.132 Safari/537.36" www.2by2mart.in 103.53.40.154
205.169.39.47 - - [24/Nov/2024:10:57:00 +0530] "GET /wp-content/themes/woodmart/css/parts/wp-gutenberg.min.css?ver=7.0.4 HTTP/1.1" 200 2483 "http://2by2mart.in/" "Mozilla/5.0 (Windows NT 10.0; Win64; x64) AppleWebKit/537.36 (KHTML, like Gecko) Chrome/117.0.5938.132 Safari/537.36" www.2by2mart.in 103.53.40.154
205.169.39.47 - - [24/Nov/2024:10:57:00 +0530] "GET /wp-content/themes/woodmart/css/parts/int-wpcf7.min.css?ver=7.0.4 HTTP/1.1" 200 477 "http://2by2mart.in/" "Mozilla/5.0 (Windows NT 10.0; Win64; x64) AppleWebKit/537.36 (KHTML, like Gecko) Chrome/117.0.5938.132 Safari/537.36" www.2by2mart.in 103.53.40.154
205.169.39.47 - - [24/Nov/2024:10:57:00 +0530] "GET /wp-content/themes/woodmart/css/parts/int-woo-dokan-vend.min.css?ver=7.0.4 HTTP/1.1" 200 7076 "http://2by2mart.in/" "Mozilla/5.0 (Windows NT 10.0; Win64; x64) AppleWebKit/537.36 (KHTML, like Gecko) Chrome/117.0.5938.132 Safari/537.36" www.2by2mart.in 103.53.40.154
205.169.39.47 - - [24/Nov/2024:10:57:00 +0530] "GET /wp-content/themes/woodmart/css/parts/int-rev-slider.min.css?ver=7.0.4 HTTP/1.1" 200 190 "http://2by2mart.in/" "Mozilla/5.0 (Windows NT 10.0; Win64; x64) AppleWebKit/537.36 (KHTML, like Gecko) Chrome/117.0.5938.132 Safari/537.36" www.2by2mart.in 103.53.40.154
205.169.39.47 - - [24/Nov/2024:10:57:00 +0530] "GET /wp-content/themes/woodmart/css/parts/base-deprecated.min.css?ver=7.0.4 HTTP/1.1" 200 456 "http://2by2mart.in/" "Mozilla/5.0 (Windows NT 10.0; Win64; x64) AppleWebKit/537.36 (KHTML, like Gecko) Chrome/117.0.5938.132 Safari/537.36" www.2by2mart.in 103.53.40.154
205.169.39.47 - - [24/Nov/2024:10:57:00 +0530] "GET /wp-content/themes/woodmart/css/parts/int-elem-base.min.css?ver=7.0.4 HTTP/1.1" 200 1017 "http://2by2mart.in/" "Mozilla/5.0 (Windows NT 10.0; Win64; x64) AppleWebKit/537.36 (KHTML, like Gecko) Chrome/117.0.5938.132 Safari/537.36" www.2by2mart.in 103.53.40.154
205.169.39.47 - - [24/Nov/2024:10:57:01 +0530] "GET /wp-content/themes/woodmart/css/parts/woocommerce-base.min.css?ver=7.0.4 HTTP/1.1" 200 1894 "http://2by2mart.in/" "Mozilla/5.0 (Windows NT 10.0; Win64; x64) AppleWebKit/537.36 (KHTML, like Gecko) Chrome/117.0.5938.132 Safari/537.36" www.2by2mart.in 103.53.40.154
205.169.39.47 - - [24/Nov/2024:10:57:01 +0530] "GET /wp-content/themes/woodmart/css/parts/mod-star-rating.min.css?ver=7.0.4 HTTP/1.1" 200 279 "http://2by2mart.in/" "Mozilla/5.0 (Windows NT 10.0; Win64; x64) AppleWebKit/537.36 (KHTML, like Gecko) Chrome/117.0.5938.132 Safari/537.36" www.2by2mart.in 103.53.40.154
205.169.39.47 - - [24/Nov/2024:10:57:01 +0530] "GET /wp-content/themes/woodmart/css/parts/woo-el-track-order.min.css?ver=7.0.4 HTTP/1.1" 200 356 "http://2by2mart.in/" "Mozilla/5.0 (Windows NT 10.0; Win64; x64) AppleWebKit/537.36 (KHTML, like Gecko) Chrome/117.0.5938.132 Safari/537.36" www.2by2mart.in 103.53.40.154
205.169.39.47 - - [24/Nov/2024:10:57:01 +0530] "GET /wp-content/themes/woodmart/css/parts/woo-gutenberg.min.css?ver=7.0.4 HTTP/1.1" 200 1855 "http://2by2mart.in/" "Mozilla/5.0 (Windows NT 10.0; Win64; x64) AppleWebKit/537.36 (KHTML, like Gecko) Chrome/117.0.5938.132 Safari/537.36" www.2by2mart.in 103.53.40.154
205.169.39.47 - - [24/Nov/2024:10:57:01 +0530] "GET /wp-content/themes/woodmart/css/parts/header-base.min.css?ver=7.0.4 HTTP/1.1" 200 3139 "http://2by2mart.in/" "Mozilla/5.0 (Windows NT 10.0; Win64; x64) AppleWebKit/537.36 (KHTML, like Gecko) Chrome/117.0.5938.132 Safari/537.36" www.2by2mart.in 103.53.40.154
205.169.39.47 - - [24/Nov/2024:10:57:01 +0530] "GET /wp-content/themes/woodmart/css/parts/mod-tools.min.css?ver=7.0.4 HTTP/1.1" 200 968 "http://2by2mart.in/" "Mozilla/5.0 (Windows NT 10.0; Win64; x64) AppleWebKit/537.36 (KHTML, like Gecko) Chrome/117.0.5938.132 Safari/537.36" www.2by2mart.in 103.53.40.154
205.169.39.47 - - [24/Nov/2024:10:57:01 +0530] "GET /wp-content/themes/woodmart/css/parts/header-el-base.min.css?ver=7.0.4 HTTP/1.1" 200 941 "http://2by2mart.in/" "Mozilla/5.0 (Windows NT 10.0; Win64; x64) AppleWebKit/537.36 (KHTML, like Gecko) Chrome/117.0.5938.132 Safari/537.36" www.2by2mart.in 103.53.40.154
205.169.39.47 - - [24/Nov/2024:10:57:01 +0530] "GET /wp-content/themes/woodmart/css/parts/el-social-icons.min.css?ver=7.0.4 HTTP/1.1" 200 1283 "http://2by2mart.in/" "Mozilla/5.0 (Windows NT 10.0; Win64; x64) AppleWebKit/537.36 (KHTML, like Gecko) Chrome/117.0.5938.132 Safari/537.36" www.2by2mart.in 103.53.40.154
205.169.39.47 - - [24/Nov/2024:10:57:01 +0530] "GET /wp-content/themes/woodmart/css/parts/header-el-search.min.css?ver=7.0.4 HTTP/1.1" 200 349 "http://2by2mart.in/" "Mozilla/5.0 (Windows NT 10.0; Win64; x64) AppleWebKit/537.36 (KHTML, like Gecko) Chrome/117.0.5938.132 Safari/537.36" www.2by2mart.in 103.53.40.154
205.169.39.47 - - [24/Nov/2024:10:57:01 +0530] "GET /wp-content/themes/woodmart/css/parts/header-el-search-form.min.css?ver=7.0.4 HTTP/1.1" 200 346 "http://2by2mart.in/" "Mozilla/5.0 (Windows NT 10.0; Win64; x64) AppleWebKit/537.36 (KHTML, like Gecko) Chrome/117.0.5938.132 Safari/537.36" www.2by2mart.in 103.53.40.154
205.169.39.47 - - [24/Nov/2024:10:57:01 +0530] "GET /wp-content/themes/woodmart/css/parts/wd-search-results.min.css?ver=7.0.4 HTTP/1.1" 200 717 "http://2by2mart.in/" "Mozilla/5.0 (Windows NT 10.0; Win64; x64) AppleWebKit/537.36 (KHTML, like Gecko) Chrome/117.0.5938.132 Safari/537.36" www.2by2mart.in 103.53.40.154
205.169.39.47 - - [24/Nov/2024:10:57:01 +0530] "GET /wp-content/themes/woodmart/css/parts/wd-search-form.min.css?ver=7.0.4 HTTP/1.1" 200 517 "http://2by2mart.in/" "Mozilla/5.0 (Windows NT 10.0; Win64; x64) AppleWebKit/537.36 (KHTML, like Gecko) Chrome/117.0.5938.132 Safari/537.36" www.2by2mart.in 103.53.40.154
205.169.39.47 - - [24/Nov/2024:10:57:01 +0530] "GET /wp-content/themes/woodmart/css/parts/header-el-my-account-dropdown.min.css?ver=7.0.4 HTTP/1.1" 200 450 "http://2by2mart.in/" "Mozilla/5.0 (Windows NT 10.0; Win64; x64) AppleWebKit/537.36 (KHTML, like Gecko) Chrome/117.0.5938.132 Safari/537.36" www.2by2mart.in 103.53.40.154
205.169.39.47 - - [24/Nov/2024:10:57:01 +0530] "GET /wp-content/themes/woodmart/css/parts/woo-mod-login-form.min.css?ver=7.0.4 HTTP/1.1" 200 560 "http://2by2mart.in/" "Mozilla/5.0 (Windows NT 10.0; Win64; x64) AppleWebKit/537.36 (KHTML, like Gecko) Chrome/117.0.5938.132 Safari/537.36" www.2by2mart.in 103.53.40.154
205.169.39.47 - - [24/Nov/2024:10:57:01 +0530] "GET /wp-content/themes/woodmart/css/parts/header-el-my-account.min.css?ver=7.0.4 HTTP/1.1" 200 241 "http://2by2mart.in/" "Mozilla/5.0 (Windows NT 10.0; Win64; x64) AppleWebKit/537.36 (KHTML, like Gecko) Chrome/117.0.5938.132 Safari/537.36" www.2by2mart.in 103.53.40.154
205.169.39.47 - - [24/Nov/2024:10:57:02 +0530] "GET /wp-content/themes/woodmart/css/parts/el-info-box.min.css?ver=7.0.4 HTTP/1.1" 200 1620 "http://2by2mart.in/" "Mozilla/5.0 (Windows NT 10.0; Win64; x64) AppleWebKit/537.36 (KHTML, like Gecko) Chrome/117.0.5938.132 Safari/537.36" www.2by2mart.in 103.53.40.154
205.169.39.47 - - [24/Nov/2024:10:57:02 +0530] "GET /wp-content/themes/woodmart/css/parts/header-el-cart.min.css?ver=7.0.4 HTTP/1.1" 200 577 "http://2by2mart.in/" "Mozilla/5.0 (Windows NT 10.0; Win64; x64) AppleWebKit/537.36 (KHTML, like Gecko) Chrome/117.0.5938.132 Safari/537.36" www.2by2mart.in 103.53.40.154
205.169.39.47 - - [24/Nov/2024:10:57:02 +0530] "GET /wp-content/themes/woodmart/css/parts/woo-widget-shopping-cart.min.css?ver=7.0.4 HTTP/1.1" 200 1436 "http://2by2mart.in/" "Mozilla/5.0 (Windows NT 10.0; Win64; x64) AppleWebKit/537.36 (KHTML, like Gecko) Chrome/117.0.5938.132 Safari/537.36" www.2by2mart.in 103.53.40.154
205.169.39.47 - - [24/Nov/2024:10:57:02 +0530] "GET /wp-content/themes/woodmart/css/parts/header-el-cart-side.min.css?ver=7.0.4 HTTP/1.1" 200 365 "http://2by2mart.in/" "Mozilla/5.0 (Windows NT 10.0; Win64; x64) AppleWebKit/537.36 (KHTML, like Gecko) Chrome/117.0.5938.132 Safari/537.36" www.2by2mart.in 103.53.40.154
205.169.39.47 - - [24/Nov/2024:10:57:02 +0530] "GET /wp-content/themes/woodmart/css/parts/woo-categories-loop-center-old.min.css?ver=7.0.4 HTTP/1.1" 200 448 "http://2by2mart.in/" "Mozilla/5.0 (Windows NT 10.0; Win64; x64) AppleWebKit/537.36 (KHTML, like Gecko) Chrome/117.0.5938.132 Safari/537.36" www.2by2mart.in 103.53.40.154
205.169.39.47 - - [24/Nov/2024:10:57:02 +0530] "GET /wp-content/themes/woodmart/css/parts/el-slider.min.css?ver=7.0.4 HTTP/1.1" 200 1999 "http://2by2mart.in/" "Mozilla/5.0 (Windows NT 10.0; Win64; x64) AppleWebKit/537.36 (KHTML, like Gecko) Chrome/117.0.5938.132 Safari/537.36" www.2by2mart.in 103.53.40.154
205.169.39.47 - - [24/Nov/2024:10:57:02 +0530] "GET /wp-content/themes/woodmart/css/parts/woo-categories-loop-layout-masonry.min.css?ver=7.0.4 HTTP/1.1" 200 297 "http://2by2mart.in/" "Mozilla/5.0 (Windows NT 10.0; Win64; x64) AppleWebKit/537.36 (KHTML, like Gecko) Chrome/117.0.5938.132 Safari/537.36" www.2by2mart.in 103.53.40.154
205.169.39.47 - - [24/Nov/2024:10:57:02 +0530] "GET /wp-content/themes/woodmart/css/parts/woo-categories-loop-old.min.css?ver=7.0.4 HTTP/1.1" 200 508 "http://2by2mart.in/" "Mozilla/5.0 (Windows NT 10.0; Win64; x64) AppleWebKit/537.36 (KHTML, like Gecko) Chrome/117.0.5938.132 Safari/537.36" www.2by2mart.in 103.53.40.154
205.169.39.47 - - [24/Nov/2024:10:57:02 +0530] "GET /wp-content/themes/woodmart/css/parts/lib-owl-carousel.min.css?ver=7.0.4 HTTP/1.1" 200 1564 "http://2by2mart.in/" "Mozilla/5.0 (Windows NT 10.0; Win64; x64) AppleWebKit/537.36 (KHTML, like Gecko) Chrome/117.0.5938.132 Safari/537.36" www.2by2mart.in 103.53.40.154
205.169.39.47 - - [24/Nov/2024:10:57:02 +0530] "GET /wp-content/themes/woodmart/css/parts/woo-product-loop.min.css?ver=7.0.4 HTTP/1.1" 200 1854 "http://2by2mart.in/" "Mozilla/5.0 (Windows NT 10.0; Win64; x64) AppleWebKit/537.36 (KHTML, like Gecko) Chrome/117.0.5938.132 Safari/537.36" www.2by2mart.in 103.53.40.154
205.169.39.47 - - [24/Nov/2024:10:57:02 +0530] "GET /wp-content/themes/woodmart/css/parts/woo-mod-add-btn-replace.min.css?ver=7.0.4 HTTP/1.1" 200 483 "http://2by2mart.in/" "Mozilla/5.0 (Windows NT 10.0; Win64; x64) AppleWebKit/537.36 (KHTML, like Gecko) Chrome/117.0.5938.132 Safari/537.36" www.2by2mart.in 103.53.40.154
205.169.39.47 - - [24/Nov/2024:10:57:02 +0530] "GET /wp-content/themes/woodmart/css/parts/woo-product-loop-base.min.css?ver=7.0.4 HTTP/1.1" 200 2245 "http://2by2mart.in/" "Mozilla/5.0 (Windows NT 10.0; Win64; x64) AppleWebKit/537.36 (KHTML, like Gecko) Chrome/117.0.5938.132 Safari/537.36" www.2by2mart.in 103.53.40.154
205.169.39.47 - - [24/Nov/2024:10:57:02 +0530] "GET /wp-content/themes/woodmart/css/parts/mod-more-description.min.css?ver=7.0.4 HTTP/1.1" 200 517 "http://2by2mart.in/" "Mozilla/5.0 (Windows NT 10.0; Win64; x64) AppleWebKit/537.36 (KHTML, like Gecko) Chrome/117.0.5938.132 Safari/537.36" www.2by2mart.in 103.53.40.154
205.169.39.47 - - [24/Nov/2024:10:57:02 +0530] "GET /wp-content/themes/woodmart/css/parts/woo-mod-product-labels.min.css?ver=7.0.4 HTTP/1.1" 200 398 "http://2by2mart.in/" "Mozilla/5.0 (Windows NT 10.0; Win64; x64) AppleWebKit/537.36 (KHTML, like Gecko) Chrome/117.0.5938.132 Safari/537.36" www.2by2mart.in 103.53.40.154
205.169.39.47 - - [24/Nov/2024:10:57:02 +0530] "GET /wp-content/themes/woodmart/css/parts/woo-mod-product-labels-round.min.css?ver=7.0.4 HTTP/1.1" 200 245 "http://2by2mart.in/" "Mozilla/5.0 (Windows NT 10.0; Win64; x64) AppleWebKit/537.36 (KHTML, like Gecko) Chrome/117.0.5938.132 Safari/537.36" www.2by2mart.in 103.53.40.154
205.169.39.47 - - [24/Nov/2024:10:57:02 +0530] "GET /wp-content/themes/woodmart/css/parts/woo-opt-add-to-cart-popup.min.css?ver=7.0.4 HTTP/1.1" 200 304 "http://2by2mart.in/" "Mozilla/5.0 (Windows NT 10.0; Win64; x64) AppleWebKit/537.36 (KHTML, like Gecko) Chrome/117.0.5938.132 Safari/537.36" www.2by2mart.in 103.53.40.154
205.169.39.47 - - [24/Nov/2024:10:57:02 +0530] "GET /wp-content/themes/woodmart/css/parts/lib-magnific-popup.min.css?ver=7.0.4 HTTP/1.1" 200 1106 "http://2by2mart.in/" "Mozilla/5.0 (Windows NT 10.0; Win64; x64) AppleWebKit/537.36 (KHTML, like Gecko) Chrome/117.0.5938.132 Safari/537.36" www.2by2mart.in 103.53.40.154
205.169.39.47 - - [24/Nov/2024:10:57:02 +0530] "GET /wp-content/themes/woodmart/css/parts/el-section-title.min.css?ver=7.0.4 HTTP/1.1" 200 1377 "http://2by2mart.in/" "Mozilla/5.0 (Windows NT 10.0; Win64; x64) AppleWebKit/537.36 (KHTML, like Gecko) Chrome/117.0.5938.132 Safari/537.36" www.2by2mart.in 103.53.40.154
205.169.39.47 - - [24/Nov/2024:10:57:03 +0530] "GET /wp-content/themes/woodmart/css/parts/mod-highlighted-text.min.css?ver=7.0.4 HTTP/1.1" 200 169 "http://2by2mart.in/" "Mozilla/5.0 (Windows NT 10.0; Win64; x64) AppleWebKit/537.36 (KHTML, like Gecko) Chrome/117.0.5938.132 Safari/537.36" www.2by2mart.in 103.53.40.154
205.169.39.47 - - [24/Nov/2024:10:57:03 +0530] "GET /wp-content/themes/woodmart/css/parts/el-tabs.min.css?ver=7.0.4 HTTP/1.1" 200 1444 "http://2by2mart.in/" "Mozilla/5.0 (Windows NT 10.0; Win64; x64) AppleWebKit/537.36 (KHTML, like Gecko) Chrome/117.0.5938.132 Safari/537.36" www.2by2mart.in 103.53.40.154
205.169.39.47 - - [24/Nov/2024:10:57:03 +0530] "GET /wp-content/themes/woodmart/css/parts/woo-product-loop-icons.min.css?ver=7.0.4 HTTP/1.1" 200 459 "http://2by2mart.in/" "Mozilla/5.0 (Windows NT 10.0; Win64; x64) AppleWebKit/537.36 (KHTML, like Gecko) Chrome/117.0.5938.132 Safari/537.36" www.2by2mart.in 103.53.40.154
205.169.39.47 - - [24/Nov/2024:10:57:03 +0530] "GET /wp-content/themes/woodmart/css/parts/el-product-tabs.min.css?ver=7.0.4 HTTP/1.1" 200 821 "http://2by2mart.in/" "Mozilla/5.0 (Windows NT 10.0; Win64; x64) AppleWebKit/537.36 (KHTML, like Gecko) Chrome/117.0.5938.132 Safari/537.36" www.2by2mart.in 103.53.40.154
205.169.39.47 - - [24/Nov/2024:10:57:03 +0530] "GET /wp-content/themes/woodmart/css/parts/el-opt-product-arrows.min.css?ver=7.0.4 HTTP/1.1" 200 506 "http://2by2mart.in/" "Mozilla/5.0 (Windows NT 10.0; Win64; x64) AppleWebKit/537.36 (KHTML, like Gecko) Chrome/117.0.5938.132 Safari/537.36" www.2by2mart.in 103.53.40.154
205.169.39.47 - - [24/Nov/2024:10:57:03 +0530] "GET /wp-content/themes/woodmart/css/parts/el-banner.min.css?ver=7.0.4 HTTP/1.1" 200 1892 "http://2by2mart.in/" "Mozilla/5.0 (Windows NT 10.0; Win64; x64) AppleWebKit/537.36 (KHTML, like Gecko) Chrome/117.0.5938.132 Safari/537.36" www.2by2mart.in 103.53.40.154
205.169.39.47 - - [24/Nov/2024:10:57:03 +0530] "GET /wp-content/themes/woodmart/css/parts/footer-base.min.css?ver=7.0.4 HTTP/1.1" 200 445 "http://2by2mart.in/" "Mozilla/5.0 (Windows NT 10.0; Win64; x64) AppleWebKit/537.36 (KHTML, like Gecko) Chrome/117.0.5938.132 Safari/537.36" www.2by2mart.in 103.53.40.154
205.169.39.47 - - [24/Nov/2024:10:57:03 +0530] "GET /wp-content/themes/woodmart/css/parts/mod-nav-menu-label.min.css?ver=7.0.4 HTTP/1.1" 200 471 "http://2by2mart.in/" "Mozilla/5.0 (Windows NT 10.0; Win64; x64) AppleWebKit/537.36 (KHTML, like Gecko) Chrome/117.0.5938.132 Safari/537.36" www.2by2mart.in 103.53.40.154
205.169.39.47 - - [24/Nov/2024:10:57:03 +0530] "GET /wp-content/themes/woodmart/css/parts/opt-bottom-toolbar.min.css?ver=7.0.4 HTTP/1.1" 200 732 "http://2by2mart.in/" "Mozilla/5.0 (Windows NT 10.0; Win64; x64) AppleWebKit/537.36 (KHTML, like Gecko) Chrome/117.0.5938.132 Safari/537.36" www.2by2mart.in 103.53.40.154
205.169.39.47 - - [24/Nov/2024:10:57:03 +0530] "GET /wp-content/plugins/ti-woocommerce-wishlist/assets/fonts/tinvwl-webfont.woff2?ver=xu2uyi HTTP/1.1" 200 4404 "http://2by2mart.in/" "Mozilla/5.0 (Windows NT 10.0; Win64; x64) AppleWebKit/537.36 (KHTML, like Gecko) Chrome/117.0.5938.132 Safari/537.36" www.2by2mart.in 103.53.40.154
205.169.39.47 - - [24/Nov/2024:10:57:03 +0530] "GET /wp-includes/js/jquery/jquery-migrate.min.js?ver=3.4.1 HTTP/1.1" 200 5422 "http://2by2mart.in/" "Mozilla/5.0 (Windows NT 10.0; Win64; x64) AppleWebKit/537.36 (KHTML, like Gecko) Chrome/117.0.5938.132 Safari/537.36" www.2by2mart.in 103.53.40.154
205.169.39.47 - - [24/Nov/2024:10:57:03 +0530] "GET /wp-includes/js/jquery/jquery.min.js?ver=3.7.1 HTTP/1.1" 200 38349 "http://2by2mart.in/" "Mozilla/5.0 (Windows NT 10.0; Win64; x64) AppleWebKit/537.36 (KHTML, like Gecko) Chrome/117.0.5938.132 Safari/537.36" www.2by2mart.in 103.53.40.154
205.169.39.47 - - [24/Nov/2024:10:57:03 +0530] "GET /wp-includes/js/dist/hooks.min.js?ver=2810c76e705dd1a53b18 HTTP/1.1" 200 1717 "http://2by2mart.in/" "Mozilla/5.0 (Windows NT 10.0; Win64; x64) AppleWebKit/537.36 (KHTML, like Gecko) Chrome/117.0.5938.132 Safari/537.36" www.2by2mart.in 103.53.40.154
205.169.39.47 - - [24/Nov/2024:10:57:03 +0530] "GET /wp-includes/js/dist/i18n.min.js?ver=5e580eb46a90c2b997e6 HTTP/1.1" 200 3937 "http://2by2mart.in/" "Mozilla/5.0 (Windows NT 10.0; Win64; x64) AppleWebKit/537.36 (KHTML, like Gecko) Chrome/117.0.5938.132 Safari/537.36" www.2by2mart.in 103.53.40.154
205.169.39.47 - - [24/Nov/2024:10:57:03 +0530] "GET /wp-content/plugins/dokan-lite/assets/vendors/izimodal/iziModal.min.js?ver=3.13.0 HTTP/1.1" 200 8886 "http://2by2mart.in/" "Mozilla/5.0 (Windows NT 10.0; Win64; x64) AppleWebKit/537.36 (KHTML, like Gecko) Chrome/117.0.5938.132 Safari/537.36" www.2by2mart.in 103.53.40.154
205.169.39.47 - - [24/Nov/2024:10:57:03 +0530] "GET /wp-content/plugins/dokan-lite/assets/vendors/sweetalert2/sweetalert2.all.min.js?ver=1730891642 HTTP/1.1" 200 24050 "http://2by2mart.in/" "Mozilla/5.0 (Windows NT 10.0; Win64; x64) AppleWebKit/537.36 (KHTML, like Gecko) Chrome/117.0.5938.132 Safari/537.36" www.2by2mart.in 103.53.40.154
205.169.39.47 - - [24/Nov/2024:10:57:03 +0530] "GET /wp-includes/js/dist/vendor/moment.min.js?ver=2.29.4 HTTP/1.1" 200 22554 "http://2by2mart.in/" "Mozilla/5.0 (Windows NT 10.0; Win64; x64) AppleWebKit/537.36 (KHTML, like Gecko) Chrome/117.0.5938.132 Safari/537.36" www.2by2mart.in 103.53.40.154
205.169.39.47 - - [24/Nov/2024:10:57:04 +0530] "GET /wp-content/plugins/dokan-lite/assets/js/helper.js?ver=1730891642 HTTP/1.1" 200 2197 "http://2by2mart.in/" "Mozilla/5.0 (Windows NT 10.0; Win64; x64) AppleWebKit/537.36 (KHTML, like Gecko) Chrome/117.0.5938.132 Safari/537.36" www.2by2mart.in 103.53.40.154
205.169.39.47 - - [24/Nov/2024:10:57:04 +0530] "GET /wp-content/plugins/woocommerce/assets/js/jquery-blockui/jquery.blockUI.min.js?ver=2.7.0-wc.9.3.3 HTTP/1.1" 200 4014 "http://2by2mart.in/" "Mozilla/5.0 (Windows NT 10.0; Win64; x64) AppleWebKit/537.36 (KHTML, like Gecko) Chrome/117.0.5938.132 Safari/537.36" www.2by2mart.in 103.53.40.154
205.169.39.222 - - [24/Nov/2024:10:57:04 +0530] "GET /wp-content/themes/woodmart/js/scripts/global/ajaxSearch.min.js?ver=7.0.4 HTTP/1.1" 200 1596 "http://2by2mart.in/" "Mozilla/5.0 (Windows NT 6.1; Win64; x64) AppleWebKit/537.36 (KHTML, like Gecko) Chrome/83.0.4103.61 Safari/537.36" www.2by2mart.in 103.53.40.154
205.169.39.47 - - [24/Nov/2024:10:57:04 +0530] "GET /wp-content/plugins/woocommerce/assets/js/js-cookie/js.cookie.min.js?ver=2.1.4-wc.9.3.3 HTTP/1.1" 200 850 "http://2by2mart.in/" "Mozilla/5.0 (Windows NT 10.0; Win64; x64) AppleWebKit/537.36 (KHTML, like Gecko) Chrome/117.0.5938.132 Safari/537.36" www.2by2mart.in 103.53.40.154
205.169.39.47 - - [24/Nov/2024:10:57:04 +0530] "GET /wp-content/themes/woodmart/js/libs/device.min.js?ver=7.0.4 HTTP/1.1" 200 1274 "http://2by2mart.in/" "Mozilla/5.0 (Windows NT 10.0; Win64; x64) AppleWebKit/537.36 (KHTML, like Gecko) Chrome/117.0.5938.132 Safari/537.36" www.2by2mart.in 103.53.40.154
205.169.39.47 - - [24/Nov/2024:10:57:04 +0530] "GET /wp-content/uploads/2023/09/2by2_logo_final-removebg-preview.png HTTP/1.1" 200 84113 "http://2by2mart.in/" "Mozilla/5.0 (Windows NT 10.0; Win64; x64) AppleWebKit/537.36 (KHTML, like Gecko) Chrome/117.0.5938.132 Safari/537.36" www.2by2mart.in 103.53.40.154
205.169.39.222 - - [24/Nov/2024:10:57:04 +0530] "GET /wp-content/themes/woodmart/js/scripts/wc/loginDropdown.min.js?ver=7.0.4 HTTP/1.1" 200 374 "http://2by2mart.in/" "Mozilla/5.0 (Windows NT 6.1; Win64; x64) AppleWebKit/537.36 (KHTML, like Gecko) Chrome/83.0.4103.61 Safari/537.36" www.2by2mart.in 103.53.40.154
205.169.39.47 - - [24/Nov/2024:10:57:04 +0530] "GET /wp-content/uploads/elementor/css/post-6307.css?ver=1711773817 HTTP/1.1" 200 1143 "http://2by2mart.in/" "Mozilla/5.0 (Windows NT 10.0; Win64; x64) AppleWebKit/537.36 (KHTML, like Gecko) Chrome/117.0.5938.132 Safari/537.36" www.2by2mart.in 103.53.40.154
205.169.39.47 - - [24/Nov/2024:10:57:04 +0530] "GET /wp-content/plugins/woocommerce/assets/client/blocks/wc-blocks.css?ver=wc-9.3.3 HTTP/1.1" 200 3285 "http://2by2mart.in/" "Mozilla/5.0 (Windows NT 10.0; Win64; x64) AppleWebKit/537.36 (KHTML, like Gecko) Chrome/117.0.5938.132 Safari/537.36" www.2by2mart.in 103.53.40.154
205.169.39.47 - - [24/Nov/2024:10:57:04 +0530] "GET /wp-content/plugins/elementor/assets/css/widget-heading.min.css?ver=3.25.4 HTTP/1.1" 200 188 "http://2by2mart.in/" "Mozilla/5.0 (Windows NT 10.0; Win64; x64) AppleWebKit/537.36 (KHTML, like Gecko) Chrome/117.0.5938.132 Safari/537.36" www.2by2mart.in 103.53.40.154
205.169.39.47 - - [24/Nov/2024:10:57:04 +0530] "GET /wp-content/uploads/elementor/css/custom-widget-icon-list.min.css?ver=1706940000 HTTP/1.1" 200 1435 "http://2by2mart.in/" "Mozilla/5.0 (Windows NT 10.0; Win64; x64) AppleWebKit/537.36 (KHTML, like Gecko) Chrome/117.0.5938.132 Safari/537.36" www.2by2mart.in 103.53.40.154
205.169.39.47 - - [24/Nov/2024:10:57:04 +0530] "GET /wp-content/plugins/elementor/assets/css/widget-image.min.css?ver=3.25.4 HTTP/1.1" 200 164 "http://2by2mart.in/" "Mozilla/5.0 (Windows NT 10.0; Win64; x64) AppleWebKit/537.36 (KHTML, like Gecko) Chrome/117.0.5938.132 Safari/537.36" www.2by2mart.in 103.53.40.154
205.169.39.222 - - [24/Nov/2024:10:57:04 +0530] "GET /wp-content/themes/woodmart/js/scripts/wc/onRemoveFromCart.min.js?ver=7.0.4 HTTP/1.1" 200 231 "http://2by2mart.in/" "Mozilla/5.0 (Windows NT 6.1; Win64; x64) AppleWebKit/537.36 (KHTML, like Gecko) Chrome/83.0.4103.61 Safari/537.36" www.2by2mart.in 103.53.40.154
205.169.39.47 - - [24/Nov/2024:10:57:04 +0530] "GET /wp-content/themes/woodmart/fonts/woodmart-font.woff2?v=7.0.4 HTTP/1.1" 200 11532 "http://2by2mart.in/" "Mozilla/5.0 (Windows NT 10.0; Win64; x64) AppleWebKit/537.36 (KHTML, like Gecko) Chrome/117.0.5938.132 Safari/537.36" www.2by2mart.in 103.53.40.154
205.169.39.47 - - [24/Nov/2024:10:57:04 +0530] "GET /wp-content/plugins/elementor/assets/lib/font-awesome/webfonts/fa-solid-900.woff2 HTTP/1.1" 200 78196 "http://www.2by2mart.in/wp-content/plugins/elementor/assets/lib/font-awesome/css/all.min.css?ver=1.7.1001" "Mozilla/5.0 (Windows NT 10.0; Win64; x64) AppleWebKit/537.36 (KHTML, like Gecko) Chrome/117.0.5938.132 Safari/537.36" www.2by2mart.in 103.53.40.154
205.169.39.47 - - [24/Nov/2024:10:57:04 +0530] "GET /wp-content/uploads/2024/02/watches-best-sellers.svg HTTP/1.1" 200 8223 "http://www.2by2mart.in/wp-content/uploads/elementor/css/post-6282.css?ver=1720008793" "Mozilla/5.0 (Windows NT 10.0; Win64; x64) AppleWebKit/537.36 (KHTML, like Gecko) Chrome/117.0.5938.132 Safari/537.36" www.2by2mart.in 103.53.40.154
205.169.39.47 - - [24/Nov/2024:10:57:04 +0530] "GET /wp-content/uploads/2024/02/purse.png HTTP/1.1" 200 110262 "http://2by2mart.in/" "Mozilla/5.0 (Windows NT 10.0; Win64; x64) AppleWebKit/537.36 (KHTML, like Gecko) Chrome/117.0.5938.132 Safari/537.36" www.2by2mart.in 103.53.40.154
205.169.39.222 - - [24/Nov/2024:10:57:05 +0530] "GET /wp-content/themes/woodmart/js/libs/flickity-all.min.js?ver=7.0.4 HTTP/1.1" 200 19152 "http://2by2mart.in/" "Mozilla/5.0 (Windows NT 6.1; Win64; x64) AppleWebKit/537.36 (KHTML, like Gecko) Chrome/83.0.4103.61 Safari/537.36" www.2by2mart.in 103.53.40.154
205.169.39.47 - - [24/Nov/2024:10:57:04 +0530] "GET /wp-content/uploads/2021/10/2by2-slide-4.png HTTP/1.1" 200 313457 "http://2by2mart.in/" "Mozilla/5.0 (Windows NT 10.0; Win64; x64) AppleWebKit/537.36 (KHTML, like Gecko) Chrome/117.0.5938.132 Safari/537.36" www.2by2mart.in 103.53.40.154
205.169.39.47 - - [24/Nov/2024:10:57:05 +0530] "GET /wp-content/uploads/2024/01/Untitled-design-23.png HTTP/1.1" 200 31613 "http://2by2mart.in/" "Mozilla/5.0 (Windows NT 10.0; Win64; x64) AppleWebKit/537.36 (KHTML, like Gecko) Chrome/117.0.5938.132 Safari/537.36" www.2by2mart.in 103.53.40.154
205.169.39.47 - - [24/Nov/2024:10:57:04 +0530] "GET /wp-content/uploads/2024/02/Samsung-Galaxy-Watch.png HTTP/1.1" 200 129236 "http://2by2mart.in/" "Mozilla/5.0 (Windows NT 10.0; Win64; x64) AppleWebKit/537.36 (KHTML, like Gecko) Chrome/117.0.5938.132 Safari/537.36" www.2by2mart.in 103.53.40.154
205.169.39.47 - - [24/Nov/2024:10:57:05 +0530] "GET /wp-content/uploads/2024/02/toy.png HTTP/1.1" 200 58293 "http://2by2mart.in/" "Mozilla/5.0 (Windows NT 10.0; Win64; x64) AppleWebKit/537.36 (KHTML, like Gecko) Chrome/117.0.5938.132 Safari/537.36" www.2by2mart.in 103.53.40.154
205.169.39.47 - - [24/Nov/2024:10:57:05 +0530] "GET /wp-content/uploads/2024/01/Untitled-design.png HTTP/1.1" 200 92531 "http://2by2mart.in/" "Mozilla/5.0 (Windows NT 10.0; Win64; x64) AppleWebKit/537.36 (KHTML, like Gecko) Chrome/117.0.5938.132 Safari/537.36" www.2by2mart.in 103.53.40.154
205.169.39.47 - - [24/Nov/2024:10:57:05 +0530] "GET /wp-content/uploads/2024/01/Pathani-suit-1-removebg-preview.png HTTP/1.1" 200 166105 "http://2by2mart.in/" "Mozilla/5.0 (Windows NT 10.0; Win64; x64) AppleWebKit/537.36 (KHTML, like Gecko) Chrome/117.0.5938.132 Safari/537.36" www.2by2mart.in 103.53.40.154
205.169.39.47 - - [24/Nov/2024:10:57:05 +0530] "GET /wp-content/uploads/2024/01/Untitled-design-6-removebg-preview.png HTTP/1.1" 200 180946 "http://2by2mart.in/" "Mozilla/5.0 (Windows NT 10.0; Win64; x64) AppleWebKit/537.36 (KHTML, like Gecko) Chrome/117.0.5938.132 Safari/537.36" www.2by2mart.in 103.53.40.154
205.169.39.47 - - [24/Nov/2024:10:57:05 +0530] "GET /wp-content/uploads/2024/01/Untitled-design-5-1-removebg-preview.png HTTP/1.1" 200 61112 "http://2by2mart.in/" "Mozilla/5.0 (Windows NT 10.0; Win64; x64) AppleWebKit/537.36 (KHTML, like Gecko) Chrome/117.0.5938.132 Safari/537.36" www.2by2mart.in 103.53.40.154
205.169.39.222 - - [24/Nov/2024:10:57:05 +0530] "GET /wp-content/themes/woodmart/js/scripts/elements/slider.min.js?ver=7.0.4 HTTP/1.1" 200 1646 "http://2by2mart.in/" "Mozilla/5.0 (Windows NT 6.1; Win64; x64) AppleWebKit/537.36 (KHTML, like Gecko) Chrome/83.0.4103.61 Safari/537.36" www.2by2mart.in 103.53.40.154
205.169.39.47 - - [24/Nov/2024:10:57:05 +0530] "GET /wp-content/uploads/2024/02/sport.png HTTP/1.1" 200 72630 "http://2by2mart.in/" "Mozilla/5.0 (Windows NT 10.0; Win64; x64) AppleWebKit/537.36 (KHTML, like Gecko) Chrome/117.0.5938.132 Safari/537.36" www.2by2mart.in 103.53.40.154
205.169.39.47 - - [24/Nov/2024:10:57:05 +0530] "GET /wp-content/uploads/2023/11/shirt-removebg-preview.png HTTP/1.1" 200 180037 "http://2by2mart.in/" "Mozilla/5.0 (Windows NT 10.0; Win64; x64) AppleWebKit/537.36 (KHTML, like Gecko) Chrome/117.0.5938.132 Safari/537.36" www.2by2mart.in 103.53.40.154
205.169.39.47 - - [24/Nov/2024:10:57:05 +0530] "GET /wp-content/uploads/2024/02/women.png HTTP/1.1" 200 119581 "http://2by2mart.in/" "Mozilla/5.0 (Windows NT 10.0; Win64; x64) AppleWebKit/537.36 (KHTML, like Gecko) Chrome/117.0.5938.132 Safari/537.36" www.2by2mart.in 103.53.40.154
205.169.39.47 - - [24/Nov/2024:10:57:05 +0530] "GET /wp-content/uploads/2024/02/men.png HTTP/1.1" 200 69446 "http://2by2mart.in/" "Mozilla/5.0 (Windows NT 10.0; Win64; x64) AppleWebKit/537.36 (KHTML, like Gecko) Chrome/117.0.5938.132 Safari/537.36" www.2by2mart.in 103.53.40.154
205.169.39.47 - - [24/Nov/2024:10:57:06 +0530] "GET /wp-content/uploads/2024/02/auto-motive.png HTTP/1.1" 200 118473 "http://2by2mart.in/" "Mozilla/5.0 (Windows NT 10.0; Win64; x64) AppleWebKit/537.36 (KHTML, like Gecko) Chrome/117.0.5938.132 Safari/537.36" www.2by2mart.in 103.53.40.154
205.169.39.222 - - [24/Nov/2024:10:57:06 +0530] "GET /wp-content/themes/woodmart/js/libs/flickity-fade.min.js?ver=7.0.4 HTTP/1.1" 200 1229 "http://2by2mart.in/" "Mozilla/5.0 (Windows NT 6.1; Win64; x64) AppleWebKit/537.36 (KHTML, like Gecko) Chrome/83.0.4103.61 Safari/537.36" www.2by2mart.in 103.53.40.154
